{"id":230013,"date":"2023-03-19T17:28:09","date_gmt":"2023-03-19T17:28:09","guid":{"rendered":"https:\/\/lacasitaeducativa.shop\/?page_id=230013"},"modified":"2025-08-09T10:04:01","modified_gmt":"2025-08-09T10:04:01","slug":"materiales-para-centros-educativos","status":"publish","type":"page","link":"https:\/\/lacasitaeducativa.shop\/index.php\/materiales-para-centros-educativos\/","title":{"rendered":"Materiales F\u00edsicos"},"content":{"rendered":"\t\t<div data-elementor-type=\"wp-page\" data-elementor-id=\"230013\" class=\"elementor elementor-230013\">\n\t\t\t\t\t\t<section class=\"elementor-section elementor-top-section elementor-element elementor-element-07f251c elementor-section-boxed elementor-section-height-default elementor-section-height-default\" data-id=\"07f251c\" data-element_type=\"section\">\n\t\t\t\t\t\t<div class=\"elementor-container elementor-column-gap-default\">\n\t\t\t\t\t<div class=\"elementor-column elementor-col-100 elementor-top-column elementor-element elementor-element-d31726b\" data-id=\"d31726b\" data-element_type=\"column\">\n\t\t\t<div class=\"elementor-widget-wrap elementor-element-populated\">\n\t\t\t\t\t\t<div class=\"elementor-element elementor-element-21322af elementor-widget elementor-widget-text-editor\" data-id=\"21322af\" data-element_type=\"widget\" data-widget_type=\"text-editor.default\">\n\t\t\t\t<div class=\"elementor-widget-container\">\n\t\t\t\t\t\t\t\t\t<h6 style=\"box-sizing: inherit; font-size: 1.73333rem; font-style: normal; font-weight: 400; margin-bottom: 0.5em; clear: none; color: #3a3a3a; font-family: -apple-system, BlinkMacSystemFont, 'Segoe UI', Roboto, Oxygen-Sans, Ubuntu, Cantarell, 'Helvetica Neue', sans-serif;\">LIBRO DE LECTURA EN FORMA DE PIR\u00c1MIDE<\/h6>\t\t\t\t\t\t\t\t<\/div>\n\t\t\t\t<\/div>\n\t\t\t\t<div class=\"elementor-element elementor-element-bf382e9 elementor-arrows-position-inside elementor-pagination-position-outside elementor-widget elementor-widget-image-carousel\" data-id=\"bf382e9\" data-element_type=\"widget\" data-settings=\"{&quot;navigation&quot;:&quot;both&quot;,&quot;autoplay&quot;:&quot;yes&quot;,&quot;pause_on_hover&quot;:&quot;yes&quot;,&quot;pause_on_interaction&quot;:&quot;yes&quot;,&quot;autoplay_speed&quot;:5000,&quot;infinite&quot;:&quot;yes&quot;,&quot;speed&quot;:500}\" data-widget_type=\"image-carousel.default\">\n\t\t\t\t<div class=\"elementor-widget-container\">\n\t\t\t\t\t\t\t<div class=\"elementor-image-carousel-wrapper swiper\" role=\"region\" aria-roledescription=\"carousel\" aria-label=\"Carrusel de im\u00e1genes\" dir=\"ltr\">\n\t\t\t<div class=\"elementor-image-carousel swiper-wrapper\" aria-live=\"off\">\n\t\t\t\t\t\t\t\t<div class=\"swiper-slide\" role=\"group\" aria-roledescription=\"slide\" aria-label=\"1 de 3\"><a data-elementor-open-lightbox=\"yes\" data-elementor-lightbox-slideshow=\"bf382e9\" data-elementor-lightbox-title=\"Libro de lectura\" data-elementor-lightbox-description=\"libro de lectura en forma de pir\u00e1mide\" data-e-action-hash=\"#elementor-action%3Aaction%3Dlightbox%26settings%3DeyJpZCI6NDU5NTk2LCJ1cmwiOiJodHRwczpcL1wvbGFjYXNpdGFlZHVjYXRpdmEuc2hvcFwvd3AtY29udGVudFwvdXBsb2Fkc1wvMjAyNVwvMDhcL0xlY3R1cmEtcGlyYW1pZGFsLmpwZyIsInNsaWRlc2hvdyI6ImJmMzgyZTkifQ%3D%3D\" href=\"https:\/\/amzn.to\/4570mNa\"><figure class=\"swiper-slide-inner\"><img decoding=\"async\" class=\"swiper-slide-image\" src=\"https:\/\/lacasitaeducativa.shop\/wp-content\/uploads\/2025\/08\/Lectura-piramidal-150x150.jpg\" alt=\"libro de lectura en forma de pir\u00e1mide\" \/><\/figure><\/a><\/div><div class=\"swiper-slide\" role=\"group\" aria-roledescription=\"slide\" aria-label=\"2 de 3\"><a data-elementor-open-lightbox=\"yes\" data-elementor-lightbox-slideshow=\"bf382e9\" data-elementor-lightbox-title=\"Leer en forma de piramide\" data-elementor-lightbox-description=\"Leer en forma de piramide\" data-e-action-hash=\"#elementor-action%3Aaction%3Dlightbox%26settings%3DeyJpZCI6NDU5NTk3LCJ1cmwiOiJodHRwczpcL1wvbGFjYXNpdGFlZHVjYXRpdmEuc2hvcFwvd3AtY29udGVudFwvdXBsb2Fkc1wvMjAyNVwvMDhcL0xlZXItZW4tZm9ybWEtZGUtcGlyYW1pZGUuanBnIiwic2xpZGVzaG93IjoiYmYzODJlOSJ9\" href=\"https:\/\/amzn.to\/4570mNa\"><figure class=\"swiper-slide-inner\"><img decoding=\"async\" class=\"swiper-slide-image\" src=\"https:\/\/lacasitaeducativa.shop\/wp-content\/uploads\/2025\/08\/Leer-en-forma-de-piramide-150x150.jpg\" alt=\"Leer en forma de piramide\" \/><\/figure><\/a><\/div><div class=\"swiper-slide\" role=\"group\" aria-roledescription=\"slide\" aria-label=\"3 de 3\"><a data-elementor-open-lightbox=\"yes\" data-elementor-lightbox-slideshow=\"bf382e9\" data-elementor-lightbox-title=\"Libro de lectura\" data-e-action-hash=\"#elementor-action%3Aaction%3Dlightbox%26settings%3DeyJpZCI6NDU5NTk4LCJ1cmwiOiJodHRwczpcL1wvbGFjYXNpdGFlZHVjYXRpdmEuc2hvcFwvd3AtY29udGVudFwvdXBsb2Fkc1wvMjAyNVwvMDhcL0xpYnJvLWRlLWxlY3R1cmEuanBnIiwic2xpZGVzaG93IjoiYmYzODJlOSJ9\" href=\"https:\/\/amzn.to\/4570mNa\"><figure class=\"swiper-slide-inner\"><img decoding=\"async\" class=\"swiper-slide-image\" src=\"https:\/\/lacasitaeducativa.shop\/wp-content\/uploads\/2025\/08\/Libro-de-lectura-150x150.jpg\" alt=\"Libro de lectura\" \/><\/figure><\/a><\/div>\t\t\t<\/div>\n\t\t\t\t\t\t\t\t\t\t\t\t<div class=\"elementor-swiper-button elementor-swiper-button-prev\" role=\"button\" tabindex=\"0\">\n\t\t\t\t\t\t<i aria-hidden=\"true\" class=\"eicon-chevron-left\"><\/i>\t\t\t\t\t<\/div>\n\t\t\t\t\t<div class=\"elementor-swiper-button elementor-swiper-button-next\" role=\"button\" tabindex=\"0\">\n\t\t\t\t\t\t<i aria-hidden=\"true\" class=\"eicon-chevron-right\"><\/i>\t\t\t\t\t<\/div>\n\t\t\t\t\n\t\t\t\t\t\t\t\t\t<div class=\"swiper-pagination\"><\/div>\n\t\t\t\t\t\t\t\t\t<\/div>\n\t\t\t\t\t\t<\/div>\n\t\t\t\t<\/div>\n\t\t\t\t<div class=\"elementor-element elementor-element-5487ab8 elementor-button-info elementor-align-center elementor-widget elementor-widget-button\" data-id=\"5487ab8\" data-element_type=\"widget\" data-widget_type=\"button.default\">\n\t\t\t\t<div class=\"elementor-widget-container\">\n\t\t\t\t\t\t\t\t\t<div class=\"elementor-button-wrapper\">\n\t\t\t\t\t<a class=\"elementor-button elementor-button-link elementor-size-sm\" href=\"https:\/\/amzn.to\/47ojGqx\" target=\"_blank\">\n\t\t\t\t\t\t<span class=\"elementor-button-content-wrapper\">\n\t\t\t\t\t\t<span class=\"elementor-button-icon\">\n\t\t\t\t<i aria-hidden=\"true\" class=\"far fa-hand-point-right\"><\/i>\t\t\t<\/span>\n\t\t\t\t\t\t\t\t\t<span class=\"elementor-button-text\">Cons\u00edguelo AQU\u00cd<\/span>\n\t\t\t\t\t<\/span>\n\t\t\t\t\t<\/a>\n\t\t\t\t<\/div>\n\t\t\t\t\t\t\t\t<\/div>\n\t\t\t\t<\/div>\n\t\t\t\t<div class=\"elementor-element elementor-element-cf3b901 elementor-widget elementor-widget-text-editor\" data-id=\"cf3b901\" data-element_type=\"widget\" data-widget_type=\"text-editor.default\">\n\t\t\t\t<div class=\"elementor-widget-container\">\n\t\t\t\t\t\t\t\t\t<p class=\"price\" style=\"box-sizing: inherit; font-size: 1.5rem; font-style: normal; font-weight: bold; margin-bottom: 0.2em; color: #4b4f58; font-family: -apple-system, BlinkMacSystemFont, 'Segoe UI', Roboto, Oxygen-Sans, Ubuntu, Cantarell, 'Helvetica Neue', sans-serif;\"><span style=\"box-sizing: inherit; font-size: 16px; font-weight: bold; margin-bottom: 1em;\" data-start=\"83\" data-end=\"144\">\u00a1Aprender a leer nunca hab\u00eda sido tan divertido y eficaz!<\/span><\/p><div class=\"woocommerce-product-details__short-description\" style=\"box-sizing: inherit; font-size: 15px; font-style: normal; font-weight: 400; margin-bottom: 1em; color: #4b4f58; font-family: -apple-system, BlinkMacSystemFont, 'Segoe UI', Roboto, Oxygen-Sans, Ubuntu, Cantarell, 'Helvetica Neue', sans-serif;\"><p class=\"\" style=\"box-sizing: inherit; font-size: 15px; margin-bottom: 1.75em;\" data-start=\"146\" data-end=\"484\"><span style=\"box-sizing: inherit; font-size: 15px;\" data-start=\"166\" data-end=\"208\">Nuestro\u00a0<span style=\"box-sizing: inherit; font-size: 15px; font-weight: bold; margin-bottom: 1em;\">l<\/span><\/span><span style=\"box-sizing: inherit; font-size: 15px; font-weight: bold;\" data-start=\"166\" data-end=\"208\">ibro\u00a0<\/span>en formato f\u00edsico de<span style=\"box-sizing: inherit; font-size: 15px; font-weight: bold;\" data-start=\"166\" data-end=\"208\">\u00a0lectura piramidal\u00a0<\/span>es un recurso innovador dise\u00f1ado para que los ni\u00f1os y ni\u00f1as adquieran fluidez lectora de manera progresiva y natural.<br style=\"box-sizing: inherit; margin-bottom: 1em;\" data-start=\"324\" data-end=\"327\" \/>A trav\u00e9s de frases en formato piramidal, el peque\u00f1o lector va incorporando palabras paso a paso, ganando confianza, comprensi\u00f3n y velocidad sin darse cuenta.<\/p><p style=\"box-sizing: inherit; font-size: 15px; margin-bottom: 1em;\" data-start=\"146\" data-end=\"484\">Se recomienda a partir de 5-6 a\u00f1os.<\/p><p style=\"box-sizing: inherit; font-size: 15px; font-style: normal; font-weight: 400;\"><span style=\"box-sizing: inherit; font-size: 15px; font-weight: bold;\">CONTENIDO<\/span><\/p><p style=\"box-sizing: inherit; font-size: 15px; font-style: normal; font-weight: 400;\">El material contiene:<\/p><ul style=\"font-size: 15px; font-style: normal; font-weight: 400;\"><li style=\"box-sizing: inherit; font-size: 15px;\">Portada<\/li><li style=\"box-sizing: inherit; font-size: 15px;\">72 p\u00e1ginas DINA4 con diferentes textos escritos de forma piramidal en letra may\u00fascula.<\/li><\/ul><p style=\"box-sizing: inherit; font-size: 15px; font-style: normal; font-weight: 400;\"><span style=\"box-sizing: inherit; font-size: 15px; font-weight: bold;\">FUNCIONAMIENTO<\/span><\/p><p class=\"\" style=\"box-sizing: inherit; font-size: 15px; font-style: normal; font-weight: 400;\" data-start=\"155\" data-end=\"284\">Este libro est\u00e1 dise\u00f1ado para acompa\u00f1ar a los ni\u00f1os en el aprendizaje de la lectura de una manera visual, progresiva y divertida.<\/p><p class=\"\" style=\"box-sizing: inherit; font-size: 15px; font-style: normal; font-weight: 400;\" data-start=\"155\" data-end=\"284\"><span style=\"font-size: 15px; font-style: normal; font-weight: 400;\">Cada frase comienza con una sola palabra y, en cada l\u00ednea siguiente, se a\u00f1ade una nueva palabra, formando una \u00abpir\u00e1mide\u00bb que permite al ni\u00f1o leer de forma gradual, ganando seguridad, comprensi\u00f3n y fluidez a medida que avanza.<\/span><\/p><p class=\"\" style=\"box-sizing: inherit; font-size: 15px; font-style: normal; font-weight: 400;\" data-start=\"286\" data-end=\"639\">Este formato facilita la anticipaci\u00f3n lectora, reduce la frustraci\u00f3n y refuerza la estructura de las frases de forma natural.<\/p><p style=\"box-sizing: inherit; font-size: 15px; font-style: normal; font-weight: 400;\" data-start=\"286\" data-end=\"639\">Adem\u00e1s contiene dos preguntas al final para verificar que haya comprendido el texto le\u00eddo. Y tambi\u00e9n tienen im\u00e1genes para colorear para que se les haga m\u00e1s ameno.<\/p><p style=\"box-sizing: inherit; font-size: 15px; font-style: normal; font-weight: 400;\"><span style=\"box-sizing: inherit; font-size: 15px; font-weight: bold;\">IDIOMA<\/span><\/p><p style=\"box-sizing: inherit; font-size: 15px; font-style: normal; font-weight: 400;\">Castellano<\/p><p style=\"box-sizing: inherit; font-size: 15px; font-style: normal; font-weight: 400;\"><span style=\"box-sizing: inherit; font-size: 15px; font-weight: bold;\">EDAD RECOMENDADA<\/span><\/p><p style=\"box-sizing: inherit; font-size: 15px; font-style: normal; font-weight: 400;\">A partir de 5-6 a\u00f1os (\u00faltimo curso de Infantil y primeros cursos de Primaria), ideal para ni\u00f1os que est\u00e1n inici\u00e1ndose en la lectura o que necesitan reforzar su fluidez y comprensi\u00f3n lectora.<\/p><\/div>\t\t\t\t\t\t\t\t<\/div>\n\t\t\t\t<\/div>\n\t\t\t\t\t<\/div>\n\t\t<\/div>\n\t\t\t\t\t<\/div>\n\t\t<\/section>\n\t\t\t\t<\/div>\n\t\t","protected":false},"excerpt":{"rendered":"<p>LIBRO DE LECTURA EN FORMA DE PIR\u00c1MIDE Cons\u00edguelo AQU\u00cd \u00a1Aprender a leer nunca hab\u00eda sido tan divertido y eficaz! Nuestro\u00a0libro\u00a0en formato f\u00edsico de\u00a0lectura piramidal\u00a0es un recurso innovador dise\u00f1ado para que los ni\u00f1os y ni\u00f1as adquieran fluidez lectora de manera progresiva y natural.A trav\u00e9s de frases en formato piramidal, el peque\u00f1o lector va incorporando palabras paso [&hellip;]<\/p>\n","protected":false},"author":19745,"featured_media":0,"parent":0,"menu_order":0,"comment_status":"closed","ping_status":"closed","template":"","meta":{"site-sidebar-layout":"default","site-content-layout":"","ast-site-content-layout":"default","site-content-style":"default","site-sidebar-style":"default","ast-global-header-display":"","ast-banner-title-visibility":"","ast-main-header-display":"","ast-hfb-above-header-display":"","ast-hfb-below-header-display":"","ast-hfb-mobile-header-display":"","site-post-title":"","ast-breadcrumbs-content":"","ast-featured-img":"","footer-sml-layout":"","ast-disable-related-posts":"","theme-transparent-header-meta":"","adv-header-id-meta":"","stick-header-meta":"","header-above-stick-meta":"","header-main-stick-meta":"","header-below-stick-meta":"","astra-migrate-meta-layouts":"set","ast-page-background-enabled":"default","ast-page-background-meta":{"desktop":{"background-color":"","background-image":"","background-repeat":"repeat","background-position":"center center","background-size":"auto","background-attachment":"scroll","background-type":"","background-media":"","overlay-type":"","overlay-color":"","overlay-opacity":"","overlay-gradient":""},"tablet":{"background-color":"","background-image":"","background-repeat":"repeat","background-position":"center center","background-size":"auto","background-attachment":"scroll","background-type":"","background-media":"","overlay-type":"","overlay-color":"","overlay-opacity":"","overlay-gradient":""},"mobile":{"background-color":"","background-image":"","background-repeat":"repeat","background-position":"center center","background-size":"auto","background-attachment":"scroll","background-type":"","background-media":"","overlay-type":"","overlay-color":"","overlay-opacity":"","overlay-gradient":""}},"ast-content-background-meta":{"desktop":{"background-color":"var(--ast-global-color-5)","background-image":"","background-repeat":"repeat","background-position":"center center","background-size":"auto","background-attachment":"scroll","background-type":"","background-media":"","overlay-type":"","overlay-color":"","overlay-opacity":"","overlay-gradient":""},"tablet":{"background-color":"var(--ast-global-color-5)","background-image":"","background-repeat":"repeat","background-position":"center center","background-size":"auto","background-attachment":"scroll","background-type":"","background-media":"","overlay-type":"","overlay-color":"","overlay-opacity":"","overlay-gradient":""},"mobile":{"background-color":"var(--ast-global-color-5)","background-image":"","background-repeat":"repeat","background-position":"center center","background-size":"auto","background-attachment":"scroll","background-type":"","background-media":"","overlay-type":"","overlay-color":"","overlay-opacity":"","overlay-gradient":""}},"footnotes":""},"class_list":["post-230013","page","type-page","status-publish","hentry"],"yoast_head":"<!-- This site is optimized with the Yoast SEO plugin v26.8 - https:\/\/yoast.com\/product\/yoast-seo-wordpress\/ -->\n<title>Materiales F\u00edsicos - La Casita Educativa<\/title>\n<meta name=\"description\" content=\"\u00bfTienes un Centro educativo y necesitas recursos did\u00e1cticos? \u00bfTe interesan nuestros productos, pero no tienes tiempo para prepararlos f\u00edsicamente? \u00a1No te preocupes! Nosotras lo hacemos por ti.\" \/>\n<meta name=\"robots\" content=\"index, follow, max-snippet:-1, max-image-preview:large, max-video-preview:-1\" \/>\n<link rel=\"canonical\" href=\"https:\/\/lacasitaeducativa.shop\/index.php\/materiales-para-centros-educativos\/\" \/>\n<meta property=\"og:locale\" content=\"es_ES\" \/>\n<meta property=\"og:type\" content=\"article\" \/>\n<meta property=\"og:title\" content=\"Materiales F\u00edsicos - La Casita Educativa\" \/>\n<meta property=\"og:description\" content=\"\u00bfTienes un Centro educativo y necesitas recursos did\u00e1cticos? \u00bfTe interesan nuestros productos, pero no tienes tiempo para prepararlos f\u00edsicamente? \u00a1No te preocupes! Nosotras lo hacemos por ti.\" \/>\n<meta property=\"og:url\" content=\"https:\/\/lacasitaeducativa.shop\/index.php\/materiales-para-centros-educativos\/\" \/>\n<meta property=\"og:site_name\" content=\"La Casita Educativa\" \/>\n<meta property=\"article:modified_time\" content=\"2025-08-09T10:04:01+00:00\" \/>\n<meta property=\"og:image\" content=\"https:\/\/lacasitaeducativa.shop\/wp-content\/uploads\/2025\/08\/Lectura-piramidal-150x150.jpg\" \/>\n<meta name=\"twitter:card\" content=\"summary_large_image\" \/>\n<meta name=\"twitter:label1\" content=\"Tiempo de lectura\" \/>\n\t<meta name=\"twitter:data1\" content=\"3 minutos\" \/>\n<script type=\"application\/ld+json\" class=\"yoast-schema-graph\">{\"@context\":\"https:\/\/schema.org\",\"@graph\":[{\"@type\":\"WebPage\",\"@id\":\"https:\/\/lacasitaeducativa.shop\/index.php\/materiales-para-centros-educativos\/\",\"url\":\"https:\/\/lacasitaeducativa.shop\/index.php\/materiales-para-centros-educativos\/\",\"name\":\"Materiales F\u00edsicos - La Casita Educativa\",\"isPartOf\":{\"@id\":\"https:\/\/lacasitaeducativa.shop\/#website\"},\"primaryImageOfPage\":{\"@id\":\"https:\/\/lacasitaeducativa.shop\/index.php\/materiales-para-centros-educativos\/#primaryimage\"},\"image\":{\"@id\":\"https:\/\/lacasitaeducativa.shop\/index.php\/materiales-para-centros-educativos\/#primaryimage\"},\"thumbnailUrl\":\"https:\/\/lacasitaeducativa.shop\/wp-content\/uploads\/2025\/08\/Lectura-piramidal-150x150.jpg\",\"datePublished\":\"2023-03-19T17:28:09+00:00\",\"dateModified\":\"2025-08-09T10:04:01+00:00\",\"description\":\"\u00bfTienes un Centro educativo y necesitas recursos did\u00e1cticos? \u00bfTe interesan nuestros productos, pero no tienes tiempo para prepararlos f\u00edsicamente? \u00a1No te preocupes! Nosotras lo hacemos por ti.\",\"breadcrumb\":{\"@id\":\"https:\/\/lacasitaeducativa.shop\/index.php\/materiales-para-centros-educativos\/#breadcrumb\"},\"inLanguage\":\"es\",\"potentialAction\":[{\"@type\":\"ReadAction\",\"target\":[\"https:\/\/lacasitaeducativa.shop\/index.php\/materiales-para-centros-educativos\/\"]}]},{\"@type\":\"ImageObject\",\"inLanguage\":\"es\",\"@id\":\"https:\/\/lacasitaeducativa.shop\/index.php\/materiales-para-centros-educativos\/#primaryimage\",\"url\":\"https:\/\/lacasitaeducativa.shop\/wp-content\/uploads\/2025\/08\/Lectura-piramidal.jpg\",\"contentUrl\":\"https:\/\/lacasitaeducativa.shop\/wp-content\/uploads\/2025\/08\/Lectura-piramidal.jpg\",\"width\":1080,\"height\":1080,\"caption\":\"libro de lectura en forma de pir\u00e1mide\"},{\"@type\":\"BreadcrumbList\",\"@id\":\"https:\/\/lacasitaeducativa.shop\/index.php\/materiales-para-centros-educativos\/#breadcrumb\",\"itemListElement\":[{\"@type\":\"ListItem\",\"position\":1,\"name\":\"Portada\",\"item\":\"https:\/\/lacasitaeducativa.shop\/\"},{\"@type\":\"ListItem\",\"position\":2,\"name\":\"Materiales F\u00edsicos\"}]},{\"@type\":\"WebSite\",\"@id\":\"https:\/\/lacasitaeducativa.shop\/#website\",\"url\":\"https:\/\/lacasitaeducativa.shop\/\",\"name\":\"La Casita Educativa\",\"description\":\"En esta casita encontrar\u00e9is todo tipo de recursos educativos infantiles, desde manualidades hasta actividades, juegos, cuentos, idiomas, adivinanzas y otros.\",\"publisher\":{\"@id\":\"https:\/\/lacasitaeducativa.shop\/#organization\"},\"potentialAction\":[{\"@type\":\"SearchAction\",\"target\":{\"@type\":\"EntryPoint\",\"urlTemplate\":\"https:\/\/lacasitaeducativa.shop\/?s={search_term_string}\"},\"query-input\":{\"@type\":\"PropertyValueSpecification\",\"valueRequired\":true,\"valueName\":\"search_term_string\"}}],\"inLanguage\":\"es\"},{\"@type\":\"Organization\",\"@id\":\"https:\/\/lacasitaeducativa.shop\/#organization\",\"name\":\"La Casita Educativa - LACASITAEDUCATIVA.SHOP\",\"url\":\"https:\/\/lacasitaeducativa.shop\/\",\"logo\":{\"@type\":\"ImageObject\",\"inLanguage\":\"es\",\"@id\":\"https:\/\/lacasitaeducativa.shop\/#\/schema\/logo\/image\/\",\"url\":\"https:\/\/lacasitaeducativa.shop\/wp-content\/uploads\/2020\/08\/Logos-la-casita-educativa-2-1.png\",\"contentUrl\":\"https:\/\/lacasitaeducativa.shop\/wp-content\/uploads\/2020\/08\/Logos-la-casita-educativa-2-1.png\",\"width\":500,\"height\":500,\"caption\":\"La Casita Educativa - LACASITAEDUCATIVA.SHOP\"},\"image\":{\"@id\":\"https:\/\/lacasitaeducativa.shop\/#\/schema\/logo\/image\/\"}}]}<\/script>\n<!-- \/ Yoast SEO plugin. -->","yoast_head_json":{"title":"Materiales F\u00edsicos - La Casita Educativa","description":"\u00bfTienes un Centro educativo y necesitas recursos did\u00e1cticos? \u00bfTe interesan nuestros productos, pero no tienes tiempo para prepararlos f\u00edsicamente? \u00a1No te preocupes! Nosotras lo hacemos por ti.","robots":{"index":"index","follow":"follow","max-snippet":"max-snippet:-1","max-image-preview":"max-image-preview:large","max-video-preview":"max-video-preview:-1"},"canonical":"https:\/\/lacasitaeducativa.shop\/index.php\/materiales-para-centros-educativos\/","og_locale":"es_ES","og_type":"article","og_title":"Materiales F\u00edsicos - La Casita Educativa","og_description":"\u00bfTienes un Centro educativo y necesitas recursos did\u00e1cticos? \u00bfTe interesan nuestros productos, pero no tienes tiempo para prepararlos f\u00edsicamente? \u00a1No te preocupes! Nosotras lo hacemos por ti.","og_url":"https:\/\/lacasitaeducativa.shop\/index.php\/materiales-para-centros-educativos\/","og_site_name":"La Casita Educativa","article_modified_time":"2025-08-09T10:04:01+00:00","og_image":[{"url":"https:\/\/lacasitaeducativa.shop\/wp-content\/uploads\/2025\/08\/Lectura-piramidal-150x150.jpg","type":"","width":"","height":""}],"twitter_card":"summary_large_image","twitter_misc":{"Tiempo de lectura":"3 minutos"},"schema":{"@context":"https:\/\/schema.org","@graph":[{"@type":"WebPage","@id":"https:\/\/lacasitaeducativa.shop\/index.php\/materiales-para-centros-educativos\/","url":"https:\/\/lacasitaeducativa.shop\/index.php\/materiales-para-centros-educativos\/","name":"Materiales F\u00edsicos - La Casita Educativa","isPartOf":{"@id":"https:\/\/lacasitaeducativa.shop\/#website"},"primaryImageOfPage":{"@id":"https:\/\/lacasitaeducativa.shop\/index.php\/materiales-para-centros-educativos\/#primaryimage"},"image":{"@id":"https:\/\/lacasitaeducativa.shop\/index.php\/materiales-para-centros-educativos\/#primaryimage"},"thumbnailUrl":"https:\/\/lacasitaeducativa.shop\/wp-content\/uploads\/2025\/08\/Lectura-piramidal-150x150.jpg","datePublished":"2023-03-19T17:28:09+00:00","dateModified":"2025-08-09T10:04:01+00:00","description":"\u00bfTienes un Centro educativo y necesitas recursos did\u00e1cticos? \u00bfTe interesan nuestros productos, pero no tienes tiempo para prepararlos f\u00edsicamente? \u00a1No te preocupes! Nosotras lo hacemos por ti.","breadcrumb":{"@id":"https:\/\/lacasitaeducativa.shop\/index.php\/materiales-para-centros-educativos\/#breadcrumb"},"inLanguage":"es","potentialAction":[{"@type":"ReadAction","target":["https:\/\/lacasitaeducativa.shop\/index.php\/materiales-para-centros-educativos\/"]}]},{"@type":"ImageObject","inLanguage":"es","@id":"https:\/\/lacasitaeducativa.shop\/index.php\/materiales-para-centros-educativos\/#primaryimage","url":"https:\/\/lacasitaeducativa.shop\/wp-content\/uploads\/2025\/08\/Lectura-piramidal.jpg","contentUrl":"https:\/\/lacasitaeducativa.shop\/wp-content\/uploads\/2025\/08\/Lectura-piramidal.jpg","width":1080,"height":1080,"caption":"libro de lectura en forma de pir\u00e1mide"},{"@type":"BreadcrumbList","@id":"https:\/\/lacasitaeducativa.shop\/index.php\/materiales-para-centros-educativos\/#breadcrumb","itemListElement":[{"@type":"ListItem","position":1,"name":"Portada","item":"https:\/\/lacasitaeducativa.shop\/"},{"@type":"ListItem","position":2,"name":"Materiales F\u00edsicos"}]},{"@type":"WebSite","@id":"https:\/\/lacasitaeducativa.shop\/#website","url":"https:\/\/lacasitaeducativa.shop\/","name":"La Casita Educativa","description":"En esta casita encontrar\u00e9is todo tipo de recursos educativos infantiles, desde manualidades hasta actividades, juegos, cuentos, idiomas, adivinanzas y otros.","publisher":{"@id":"https:\/\/lacasitaeducativa.shop\/#organization"},"potentialAction":[{"@type":"SearchAction","target":{"@type":"EntryPoint","urlTemplate":"https:\/\/lacasitaeducativa.shop\/?s={search_term_string}"},"query-input":{"@type":"PropertyValueSpecification","valueRequired":true,"valueName":"search_term_string"}}],"inLanguage":"es"},{"@type":"Organization","@id":"https:\/\/lacasitaeducativa.shop\/#organization","name":"La Casita Educativa - LACASITAEDUCATIVA.SHOP","url":"https:\/\/lacasitaeducativa.shop\/","logo":{"@type":"ImageObject","inLanguage":"es","@id":"https:\/\/lacasitaeducativa.shop\/#\/schema\/logo\/image\/","url":"https:\/\/lacasitaeducativa.shop\/wp-content\/uploads\/2020\/08\/Logos-la-casita-educativa-2-1.png","contentUrl":"https:\/\/lacasitaeducativa.shop\/wp-content\/uploads\/2020\/08\/Logos-la-casita-educativa-2-1.png","width":500,"height":500,"caption":"La Casita Educativa - LACASITAEDUCATIVA.SHOP"},"image":{"@id":"https:\/\/lacasitaeducativa.shop\/#\/schema\/logo\/image\/"}}]}},"_links":{"self":[{"href":"https:\/\/lacasitaeducativa.shop\/index.php\/wp-json\/wp\/v2\/pages\/230013","targetHints":{"allow":["GET"]}}],"collection":[{"href":"https:\/\/lacasitaeducativa.shop\/index.php\/wp-json\/wp\/v2\/pages"}],"about":[{"href":"https:\/\/lacasitaeducativa.shop\/index.php\/wp-json\/wp\/v2\/types\/page"}],"author":[{"embeddable":true,"href":"https:\/\/lacasitaeducativa.shop\/index.php\/wp-json\/wp\/v2\/users\/19745"}],"replies":[{"embeddable":true,"href":"https:\/\/lacasitaeducativa.shop\/index.php\/wp-json\/wp\/v2\/comments?post=230013"}],"version-history":[{"count":45,"href":"https:\/\/lacasitaeducativa.shop\/index.php\/wp-json\/wp\/v2\/pages\/230013\/revisions"}],"predecessor-version":[{"id":460169,"href":"https:\/\/lacasitaeducativa.shop\/index.php\/wp-json\/wp\/v2\/pages\/230013\/revisions\/460169"}],"wp:attachment":[{"href":"https:\/\/lacasitaeducativa.shop\/index.php\/wp-json\/wp\/v2\/media?parent=230013"}],"curies":[{"name":"wp","href":"https:\/\/api.w.org\/{rel}","templated":true}]}}