{"id":10636,"date":"2020-11-04T10:23:27","date_gmt":"2020-11-04T10:23:27","guid":{"rendered":"https:\/\/lacasitaeducativa.shop\/?post_type=product&#038;p=10636"},"modified":"2025-01-19T12:21:31","modified_gmt":"2025-01-19T12:21:31","slug":"aprender-ingles-vocabulario-de-material-escolar","status":"publish","type":"product","link":"https:\/\/lacasitaeducativa.shop\/index.php\/producto\/aprender-ingles-vocabulario-de-material-escolar\/","title":{"rendered":"Aprender ingl\u00e9s &#8211; Vocabulario de material escolar"},"content":{"rendered":"<h2><strong>Aprender ingl\u00e9s desde la infancia<\/strong><\/h2>\n<p>&nbsp;<\/p>\n<p>Es un material educativo ideal para aprender ingl\u00e9s, en concreto vocabulario del material escolar, como pencil, pen, schoolbag, entre muchos otros.<\/p>\n<p>Aprender ingl\u00e9s desde peque\u00f1os es muy importante ya que es cuando tienen m\u00e1s facilidad de captaci\u00f3n y son como esponjas, se quedan con todo r\u00e1pidamente.<\/p>\n<p>Es importante, incluso, que vayan escuchando el habla inglesa antes de empezar la escuela. Adem\u00e1s, hay estudios que demuestran que el aprendizaje temprano de los idiomas de forma natural implica un dominio total de ellos.<\/p>\n<p>Tienes much\u00edsimos beneficios aprender ingl\u00e9s desde la infancia, como por ejemplo:<\/p>\n<ol>\n<li>Como dec\u00edamos anteriormente, tienen mucha m\u00e1s facilidad de memorizar y captar las cosas.<\/li>\n<li>Desarrollan mucho m\u00e1s el cerebro, adquieren mayor capacidad de concentraci\u00f3n y ser\u00e1n muchos m\u00e1s \u00e1giles a la hora de resolver incidencias.<\/li>\n<li>Desarrollo intelectual: tendr\u00e1 la capacidad de comunicarse con personas de todo el mundo.<\/li>\n<li>Los ni\u00f1os no tienen verg\u00fcenza, por ello, en una edad temprana es m\u00e1s sencillo de aprender y equivocarse a la vez sin tener ning\u00fan tipo de timidez. En cambio, cuando somo m\u00e1s mayores, la verg\u00fcenza a veces nos impide el poder aprender como desear\u00edamos.<\/li>\n<li>A la larga, los ni\u00f1os que hayan aprendido ingl\u00e9s tendr\u00e1n m\u00e1s posibilidades de encontrar un empleo en el futuro.<\/li>\n<\/ol>\n<p>Sin duda, empezar cuanto antes con la ense\u00f1anza de idiomas a vuestros hijos, todo son ventajas. Para ello, nosotros tenemos algunos recursos con los que podr\u00e9is empezar.<\/p>\n<h3>Aprender ingl\u00e9s con los recursos de la Casita Educativa:<\/h3>\n<p>&nbsp;<\/p>\n<ul>\n<li>Aprender los colores en ingl\u00e9s: <a href=\"https:\/\/lacasitaeducativa.shop\/index.php\/producto\/lapices-de-colores\/\">https:\/\/lacasitaeducativa.shop\/index.php\/producto\/lapices-de-colores\/<\/a><\/li>\n<li>Aprender frases cortas y conceptos de los colores, animales y alg\u00fan otro elemento: <a href=\"https:\/\/lacasitaeducativa.shop\/index.php\/producto\/basic-english\/\">https:\/\/lacasitaeducativa.shop\/index.php\/producto\/basic-english\/<\/a><\/li>\n<li>Flashcards\u00a0 para aprender el nombre de los alimentos en ingl\u00e9s:\u00a0<a href=\"https:\/\/lacasitaeducativa.shop\/index.php\/producto\/flashcards-alimentos\/\">https:\/\/lacasitaeducativa.shop\/index.php\/producto\/flashcards-alimentos\/<\/a><\/li>\n<li>Otro material muy llamativo con monstruitos para aprender los colores en ingl\u00e9s: <a href=\"https:\/\/lacasitaeducativa.shop\/index.php\/producto\/color-monsters\/\">https:\/\/lacasitaeducativa.shop\/index.php\/producto\/color-monsters\/<\/a><\/li>\n<li>Aprender la familia en ingl\u00e9s y las partes de la casa: <a href=\"https:\/\/lacasitaeducativa.shop\/index.php\/producto\/home-partes-de-la-casa\/\">https:\/\/lacasitaeducativa.shop\/index.php\/producto\/home-partes-de-la-casa\/<\/a><\/li>\n<\/ul>\n<p>Adem\u00e1s, tambi\u00e9n tenemos un juego educativo para aprender las frutas y las verduras en ingl\u00e9s. Se trata de un juego de memoria con frutas y verduras y sus nombres en ingl\u00e9s. Es un juego muy sencillo pero con el que conseguireis r\u00e1pidos resultados muy positivos.\u00a0<a href=\"https:\/\/lacasitaeducativa.shop\/index.php\/producto\/memory-fruits\/\">https:\/\/lacasitaeducativa.shop\/index.php\/producto\/memory-fruits\/<\/a><\/p>\n<p>\u00a1No os los pod\u00e9is perder!<\/p>\n<p>Todos ellos son materiales descargables imprimibles.<\/p>\n<p>&nbsp;<\/p>\n<p>&nbsp;<\/p>\n<p>&nbsp;<\/p>\n<p>&nbsp;<\/p>\n<p>&nbsp;<\/p>\n","protected":false},"excerpt":{"rendered":"<p>Material educativo ideal para aprender ingl\u00e9s &#8211; vocabulario de material escolar, como pencil, pen, schoolbag, entre muchos otros.<\/p>\n<p>&nbsp;<\/p>\n<p><script async src=\"https:\/\/pagead2.googlesyndication.com\/pagead\/js\/adsbygoogle.js\"><\/script><br \/>\n<!-- Horizontal-Adaptable --><br \/>\n<ins class=\"adsbygoogle\" style=\"display: block;\" data-ad-client=\"ca-pub-1103545772104863\" data-ad-slot=\"5194289265\" data-ad-format=\"auto\" data-full-width-responsive=\"true\"><\/ins><br \/>\n<script>\n     (adsbygoogle = window.adsbygoogle || []).push({});\n<\/script><\/p>\n","protected":false},"featured_media":10669,"comment_status":"open","ping_status":"closed","template":"","meta":{"site-sidebar-layout":"default","site-content-layout":"default","ast-site-content-layout":"default","site-content-style":"default","site-sidebar-style":"default","ast-global-header-display":"","ast-banner-title-visibility":"","ast-main-header-display":"","ast-hfb-above-header-display":"","ast-hfb-below-header-display":"","ast-hfb-mobile-header-display":"","site-post-title":"","ast-breadcrumbs-content":"","ast-featured-img":"","footer-sml-layout":"","ast-disable-related-posts":"","theme-transparent-header-meta":"default","adv-header-id-meta":"","stick-header-meta":"","header-above-stick-meta":"","header-main-stick-meta":"","header-below-stick-meta":"","astra-migrate-meta-layouts":"set","ast-page-background-enabled":"default","ast-page-background-meta":{"desktop":{"background-color":"","background-image":"","background-repeat":"repeat","background-position":"center center","background-size":"auto","background-attachment":"scroll","background-type":"","background-media":"","overlay-type":"","overlay-color":"","overlay-opacity":"","overlay-gradient":""},"tablet":{"background-color":"","background-image":"","background-repeat":"repeat","background-position":"center center","background-size":"auto","background-attachment":"scroll","background-type":"","background-media":"","overlay-type":"","overlay-color":"","overlay-opacity":"","overlay-gradient":""},"mobile":{"background-color":"","background-image":"","background-repeat":"repeat","background-position":"center center","background-size":"auto","background-attachment":"scroll","background-type":"","background-media":"","overlay-type":"","overlay-color":"","overlay-opacity":"","overlay-gradient":""}},"ast-content-background-meta":{"desktop":{"background-color":"var(--ast-global-color-5)","background-image":"","background-repeat":"repeat","background-position":"center center","background-size":"auto","background-attachment":"scroll","background-type":"","background-media":"","overlay-type":"","overlay-color":"","overlay-opacity":"","overlay-gradient":""},"tablet":{"background-color":"var(--ast-global-color-5)","background-image":"","background-repeat":"repeat","background-position":"center center","background-size":"auto","background-attachment":"scroll","background-type":"","background-media":"","overlay-type":"","overlay-color":"","overlay-opacity":"","overlay-gradient":""},"mobile":{"background-color":"var(--ast-global-color-5)","background-image":"","background-repeat":"repeat","background-position":"center center","background-size":"auto","background-attachment":"scroll","background-type":"","background-media":"","overlay-type":"","overlay-color":"","overlay-opacity":"","overlay-gradient":""}}},"product_brand":[],"product_cat":[79],"product_tag":[],"class_list":{"0":"post-10636","1":"product","2":"type-product","3":"status-publish","4":"has-post-thumbnail","6":"product_cat-ingles","7":"desktop-align-left","8":"tablet-align-left","9":"mobile-align-left","11":"first","12":"instock","13":"downloadable","14":"virtual","15":"taxable","16":"purchasable","17":"product-type-simple"},"yoast_head":"<!-- This site is optimized with the Yoast SEO plugin v26.8 - https:\/\/yoast.com\/product\/yoast-seo-wordpress\/ -->\n<title>Aprender ingl\u00e9s - Vocabulario de material escolar La Casita Educativa<\/title>\n<meta name=\"description\" content=\"Aprender ingl\u00e9s con estas plantillas tan llamativas con vocabulario de material escolar es ideal, como por ejemplo pencil, pen, schoolbag, entre muchos otros. Aprender ingl\u00e9s desde peque\u00f1os es muy importante ya que es cuando los ni\u00f1os tienen m\u00e1s facilidad de captaci\u00f3n y son como esponjas, se quedan con todo r\u00e1pidamente.\" \/>\n<meta name=\"robots\" content=\"index, follow, max-snippet:-1, max-image-preview:large, max-video-preview:-1\" \/>\n<link rel=\"canonical\" href=\"https:\/\/lacasitaeducativa.shop\/index.php\/producto\/aprender-ingles-vocabulario-de-material-escolar\/\" \/>\n<meta property=\"og:locale\" content=\"es_ES\" \/>\n<meta property=\"og:type\" content=\"article\" \/>\n<meta property=\"og:title\" content=\"Aprender ingl\u00e9s - Vocabulario de material escolar La Casita Educativa\" \/>\n<meta property=\"og:description\" content=\"Aprender ingl\u00e9s con estas plantillas tan llamativas con vocabulario de material escolar es ideal, como por ejemplo pencil, pen, schoolbag, entre muchos otros. Aprender ingl\u00e9s desde peque\u00f1os es muy importante ya que es cuando los ni\u00f1os tienen m\u00e1s facilidad de captaci\u00f3n y son como esponjas, se quedan con todo r\u00e1pidamente.\" \/>\n<meta property=\"og:url\" content=\"https:\/\/lacasitaeducativa.shop\/index.php\/producto\/aprender-ingles-vocabulario-de-material-escolar\/\" \/>\n<meta property=\"og:site_name\" content=\"La Casita Educativa\" \/>\n<meta property=\"article:modified_time\" content=\"2025-01-19T12:21:31+00:00\" \/>\n<meta property=\"og:image\" content=\"https:\/\/lacasitaeducativa.shop\/wp-content\/uploads\/2020\/11\/VOCABULARIO-MATERIAL-ESCOLAR-2.jpg\" \/>\n\t<meta property=\"og:image:width\" content=\"1080\" \/>\n\t<meta property=\"og:image:height\" content=\"1080\" \/>\n\t<meta property=\"og:image:type\" content=\"image\/jpeg\" \/>\n<meta name=\"twitter:card\" content=\"summary_large_image\" \/>\n<meta name=\"twitter:label1\" content=\"Tiempo de lectura\" \/>\n\t<meta name=\"twitter:data1\" content=\"2 minutos\" \/>\n<script type=\"application\/ld+json\" class=\"yoast-schema-graph\">{\"@context\":\"https:\/\/schema.org\",\"@graph\":[{\"@type\":\"WebPage\",\"@id\":\"https:\/\/lacasitaeducativa.shop\/index.php\/producto\/aprender-ingles-vocabulario-de-material-escolar\/\",\"url\":\"https:\/\/lacasitaeducativa.shop\/index.php\/producto\/aprender-ingles-vocabulario-de-material-escolar\/\",\"name\":\"Aprender ingl\u00e9s - Vocabulario de material escolar La Casita Educativa\",\"isPartOf\":{\"@id\":\"https:\/\/lacasitaeducativa.shop\/#website\"},\"primaryImageOfPage\":{\"@id\":\"https:\/\/lacasitaeducativa.shop\/index.php\/producto\/aprender-ingles-vocabulario-de-material-escolar\/#primaryimage\"},\"image\":{\"@id\":\"https:\/\/lacasitaeducativa.shop\/index.php\/producto\/aprender-ingles-vocabulario-de-material-escolar\/#primaryimage\"},\"thumbnailUrl\":\"https:\/\/lacasitaeducativa.shop\/wp-content\/uploads\/2020\/11\/VOCABULARIO-MATERIAL-ESCOLAR-2.jpg\",\"datePublished\":\"2020-11-04T10:23:27+00:00\",\"dateModified\":\"2025-01-19T12:21:31+00:00\",\"description\":\"Aprender ingl\u00e9s con estas plantillas tan llamativas con vocabulario de material escolar es ideal, como por ejemplo pencil, pen, schoolbag, entre muchos otros. Aprender ingl\u00e9s desde peque\u00f1os es muy importante ya que es cuando los ni\u00f1os tienen m\u00e1s facilidad de captaci\u00f3n y son como esponjas, se quedan con todo r\u00e1pidamente.\",\"breadcrumb\":{\"@id\":\"https:\/\/lacasitaeducativa.shop\/index.php\/producto\/aprender-ingles-vocabulario-de-material-escolar\/#breadcrumb\"},\"inLanguage\":\"es\",\"potentialAction\":[{\"@type\":\"ReadAction\",\"target\":[\"https:\/\/lacasitaeducativa.shop\/index.php\/producto\/aprender-ingles-vocabulario-de-material-escolar\/\"]}]},{\"@type\":\"ImageObject\",\"inLanguage\":\"es\",\"@id\":\"https:\/\/lacasitaeducativa.shop\/index.php\/producto\/aprender-ingles-vocabulario-de-material-escolar\/#primaryimage\",\"url\":\"https:\/\/lacasitaeducativa.shop\/wp-content\/uploads\/2020\/11\/VOCABULARIO-MATERIAL-ESCOLAR-2.jpg\",\"contentUrl\":\"https:\/\/lacasitaeducativa.shop\/wp-content\/uploads\/2020\/11\/VOCABULARIO-MATERIAL-ESCOLAR-2.jpg\",\"width\":1080,\"height\":1080,\"caption\":\"VOCABULARIO MATERIAL ESCOLAR\"},{\"@type\":\"BreadcrumbList\",\"@id\":\"https:\/\/lacasitaeducativa.shop\/index.php\/producto\/aprender-ingles-vocabulario-de-material-escolar\/#breadcrumb\",\"itemListElement\":[{\"@type\":\"ListItem\",\"position\":1,\"name\":\"Portada\",\"item\":\"https:\/\/lacasitaeducativa.shop\/\"},{\"@type\":\"ListItem\",\"position\":2,\"name\":\"Recursos\",\"item\":\"https:\/\/lacasitaeducativa.shop\/index.php\/tienda\/\"},{\"@type\":\"ListItem\",\"position\":3,\"name\":\"Aprender ingl\u00e9s &#8211; Vocabulario de material escolar\"}]},{\"@type\":\"WebSite\",\"@id\":\"https:\/\/lacasitaeducativa.shop\/#website\",\"url\":\"https:\/\/lacasitaeducativa.shop\/\",\"name\":\"La Casita Educativa\",\"description\":\"En esta casita encontrar\u00e9is todo tipo de recursos educativos infantiles, desde manualidades hasta actividades, juegos, cuentos, idiomas, adivinanzas y otros.\",\"publisher\":{\"@id\":\"https:\/\/lacasitaeducativa.shop\/#organization\"},\"potentialAction\":[{\"@type\":\"SearchAction\",\"target\":{\"@type\":\"EntryPoint\",\"urlTemplate\":\"https:\/\/lacasitaeducativa.shop\/?s={search_term_string}\"},\"query-input\":{\"@type\":\"PropertyValueSpecification\",\"valueRequired\":true,\"valueName\":\"search_term_string\"}}],\"inLanguage\":\"es\"},{\"@type\":\"Organization\",\"@id\":\"https:\/\/lacasitaeducativa.shop\/#organization\",\"name\":\"La Casita Educativa - LACASITAEDUCATIVA.SHOP\",\"url\":\"https:\/\/lacasitaeducativa.shop\/\",\"logo\":{\"@type\":\"ImageObject\",\"inLanguage\":\"es\",\"@id\":\"https:\/\/lacasitaeducativa.shop\/#\/schema\/logo\/image\/\",\"url\":\"https:\/\/lacasitaeducativa.shop\/wp-content\/uploads\/2020\/08\/Logos-la-casita-educativa-2-1.png\",\"contentUrl\":\"https:\/\/lacasitaeducativa.shop\/wp-content\/uploads\/2020\/08\/Logos-la-casita-educativa-2-1.png\",\"width\":500,\"height\":500,\"caption\":\"La Casita Educativa - LACASITAEDUCATIVA.SHOP\"},\"image\":{\"@id\":\"https:\/\/lacasitaeducativa.shop\/#\/schema\/logo\/image\/\"}}]}<\/script>\n<!-- \/ Yoast SEO plugin. -->","yoast_head_json":{"title":"Aprender ingl\u00e9s - Vocabulario de material escolar La Casita Educativa","description":"Aprender ingl\u00e9s con estas plantillas tan llamativas con vocabulario de material escolar es ideal, como por ejemplo pencil, pen, schoolbag, entre muchos otros. Aprender ingl\u00e9s desde peque\u00f1os es muy importante ya que es cuando los ni\u00f1os tienen m\u00e1s facilidad de captaci\u00f3n y son como esponjas, se quedan con todo r\u00e1pidamente.","robots":{"index":"index","follow":"follow","max-snippet":"max-snippet:-1","max-image-preview":"max-image-preview:large","max-video-preview":"max-video-preview:-1"},"canonical":"https:\/\/lacasitaeducativa.shop\/index.php\/producto\/aprender-ingles-vocabulario-de-material-escolar\/","og_locale":"es_ES","og_type":"article","og_title":"Aprender ingl\u00e9s - Vocabulario de material escolar La Casita Educativa","og_description":"Aprender ingl\u00e9s con estas plantillas tan llamativas con vocabulario de material escolar es ideal, como por ejemplo pencil, pen, schoolbag, entre muchos otros. Aprender ingl\u00e9s desde peque\u00f1os es muy importante ya que es cuando los ni\u00f1os tienen m\u00e1s facilidad de captaci\u00f3n y son como esponjas, se quedan con todo r\u00e1pidamente.","og_url":"https:\/\/lacasitaeducativa.shop\/index.php\/producto\/aprender-ingles-vocabulario-de-material-escolar\/","og_site_name":"La Casita Educativa","article_modified_time":"2025-01-19T12:21:31+00:00","og_image":[{"width":1080,"height":1080,"url":"https:\/\/lacasitaeducativa.shop\/wp-content\/uploads\/2020\/11\/VOCABULARIO-MATERIAL-ESCOLAR-2.jpg","type":"image\/jpeg"}],"twitter_card":"summary_large_image","twitter_misc":{"Tiempo de lectura":"2 minutos"},"schema":{"@context":"https:\/\/schema.org","@graph":[{"@type":"WebPage","@id":"https:\/\/lacasitaeducativa.shop\/index.php\/producto\/aprender-ingles-vocabulario-de-material-escolar\/","url":"https:\/\/lacasitaeducativa.shop\/index.php\/producto\/aprender-ingles-vocabulario-de-material-escolar\/","name":"Aprender ingl\u00e9s - Vocabulario de material escolar La Casita Educativa","isPartOf":{"@id":"https:\/\/lacasitaeducativa.shop\/#website"},"primaryImageOfPage":{"@id":"https:\/\/lacasitaeducativa.shop\/index.php\/producto\/aprender-ingles-vocabulario-de-material-escolar\/#primaryimage"},"image":{"@id":"https:\/\/lacasitaeducativa.shop\/index.php\/producto\/aprender-ingles-vocabulario-de-material-escolar\/#primaryimage"},"thumbnailUrl":"https:\/\/lacasitaeducativa.shop\/wp-content\/uploads\/2020\/11\/VOCABULARIO-MATERIAL-ESCOLAR-2.jpg","datePublished":"2020-11-04T10:23:27+00:00","dateModified":"2025-01-19T12:21:31+00:00","description":"Aprender ingl\u00e9s con estas plantillas tan llamativas con vocabulario de material escolar es ideal, como por ejemplo pencil, pen, schoolbag, entre muchos otros. Aprender ingl\u00e9s desde peque\u00f1os es muy importante ya que es cuando los ni\u00f1os tienen m\u00e1s facilidad de captaci\u00f3n y son como esponjas, se quedan con todo r\u00e1pidamente.","breadcrumb":{"@id":"https:\/\/lacasitaeducativa.shop\/index.php\/producto\/aprender-ingles-vocabulario-de-material-escolar\/#breadcrumb"},"inLanguage":"es","potentialAction":[{"@type":"ReadAction","target":["https:\/\/lacasitaeducativa.shop\/index.php\/producto\/aprender-ingles-vocabulario-de-material-escolar\/"]}]},{"@type":"ImageObject","inLanguage":"es","@id":"https:\/\/lacasitaeducativa.shop\/index.php\/producto\/aprender-ingles-vocabulario-de-material-escolar\/#primaryimage","url":"https:\/\/lacasitaeducativa.shop\/wp-content\/uploads\/2020\/11\/VOCABULARIO-MATERIAL-ESCOLAR-2.jpg","contentUrl":"https:\/\/lacasitaeducativa.shop\/wp-content\/uploads\/2020\/11\/VOCABULARIO-MATERIAL-ESCOLAR-2.jpg","width":1080,"height":1080,"caption":"VOCABULARIO MATERIAL ESCOLAR"},{"@type":"BreadcrumbList","@id":"https:\/\/lacasitaeducativa.shop\/index.php\/producto\/aprender-ingles-vocabulario-de-material-escolar\/#breadcrumb","itemListElement":[{"@type":"ListItem","position":1,"name":"Portada","item":"https:\/\/lacasitaeducativa.shop\/"},{"@type":"ListItem","position":2,"name":"Recursos","item":"https:\/\/lacasitaeducativa.shop\/index.php\/tienda\/"},{"@type":"ListItem","position":3,"name":"Aprender ingl\u00e9s &#8211; Vocabulario de material escolar"}]},{"@type":"WebSite","@id":"https:\/\/lacasitaeducativa.shop\/#website","url":"https:\/\/lacasitaeducativa.shop\/","name":"La Casita Educativa","description":"En esta casita encontrar\u00e9is todo tipo de recursos educativos infantiles, desde manualidades hasta actividades, juegos, cuentos, idiomas, adivinanzas y otros.","publisher":{"@id":"https:\/\/lacasitaeducativa.shop\/#organization"},"potentialAction":[{"@type":"SearchAction","target":{"@type":"EntryPoint","urlTemplate":"https:\/\/lacasitaeducativa.shop\/?s={search_term_string}"},"query-input":{"@type":"PropertyValueSpecification","valueRequired":true,"valueName":"search_term_string"}}],"inLanguage":"es"},{"@type":"Organization","@id":"https:\/\/lacasitaeducativa.shop\/#organization","name":"La Casita Educativa - LACASITAEDUCATIVA.SHOP","url":"https:\/\/lacasitaeducativa.shop\/","logo":{"@type":"ImageObject","inLanguage":"es","@id":"https:\/\/lacasitaeducativa.shop\/#\/schema\/logo\/image\/","url":"https:\/\/lacasitaeducativa.shop\/wp-content\/uploads\/2020\/08\/Logos-la-casita-educativa-2-1.png","contentUrl":"https:\/\/lacasitaeducativa.shop\/wp-content\/uploads\/2020\/08\/Logos-la-casita-educativa-2-1.png","width":500,"height":500,"caption":"La Casita Educativa - LACASITAEDUCATIVA.SHOP"},"image":{"@id":"https:\/\/lacasitaeducativa.shop\/#\/schema\/logo\/image\/"}}]}},"_links":{"self":[{"href":"https:\/\/lacasitaeducativa.shop\/index.php\/wp-json\/wp\/v2\/product\/10636","targetHints":{"allow":["GET"]}}],"collection":[{"href":"https:\/\/lacasitaeducativa.shop\/index.php\/wp-json\/wp\/v2\/product"}],"about":[{"href":"https:\/\/lacasitaeducativa.shop\/index.php\/wp-json\/wp\/v2\/types\/product"}],"replies":[{"embeddable":true,"href":"https:\/\/lacasitaeducativa.shop\/index.php\/wp-json\/wp\/v2\/comments?post=10636"}],"wp:featuredmedia":[{"embeddable":true,"href":"https:\/\/lacasitaeducativa.shop\/index.php\/wp-json\/wp\/v2\/media\/10669"}],"wp:attachment":[{"href":"https:\/\/lacasitaeducativa.shop\/index.php\/wp-json\/wp\/v2\/media?parent=10636"}],"wp:term":[{"taxonomy":"product_brand","embeddable":true,"href":"https:\/\/lacasitaeducativa.shop\/index.php\/wp-json\/wp\/v2\/product_brand?post=10636"},{"taxonomy":"product_cat","embeddable":true,"href":"https:\/\/lacasitaeducativa.shop\/index.php\/wp-json\/wp\/v2\/product_cat?post=10636"},{"taxonomy":"product_tag","embeddable":true,"href":"https:\/\/lacasitaeducativa.shop\/index.php\/wp-json\/wp\/v2\/product_tag?post=10636"}],"curies":[{"name":"wp","href":"https:\/\/api.w.org\/{rel}","templated":true}]}}