{"id":1450,"date":"2020-09-15T12:03:20","date_gmt":"2020-09-15T12:03:20","guid":{"rendered":"https:\/\/lacasitaeducativa.shop\/?post_type=product&#038;p=1450"},"modified":"2026-04-18T19:20:47","modified_gmt":"2026-04-18T19:20:47","slug":"material-educativo-habitats-infantil","status":"publish","type":"product","link":"https:\/\/lacasitaeducativa.shop\/index.php\/producto\/material-educativo-habitats-infantil\/","title":{"rendered":"H\u00e1bitats de los animales para ni\u00f1os"},"content":{"rendered":"<p data-section-id=\"1rm643x\" data-start=\"902\" data-end=\"934\">Con este juego de h\u00e1bitats infantil, los ni\u00f1os podr\u00e1n relacionar cada animal con su vivienda, favoreciendo el aprendizaje significativo. Es un material manipulativo infantil perfecto tanto para el aula como para casa, adaptable a diferentes edades y ritmos de aprendizaje.<\/p>\n<h2 data-section-id=\"1rm643x\" data-start=\"902\" data-end=\"934\">\u2728 \u00bfQu\u00e9 incluye este material de los \u00abH\u00e1bitats de los animales para ni\u00f1os\u00bb?<\/h2>\n<ul data-start=\"936\" data-end=\"1178\">\n<li data-section-id=\"8guzyk\" data-start=\"936\" data-end=\"990\">12 tarjetas con la pregunta <strong data-start=\"966\" data-end=\"988\">\u201c\u00bfT\u00fa d\u00f3nde vives?\u201d<\/strong><\/li>\n<li data-section-id=\"1hs3wwr\" data-start=\"991\" data-end=\"1036\">12 elementos para clasificar y relacionar<\/li>\n<li data-section-id=\"pozc1c\" data-start=\"1037\" data-end=\"1088\">Actividad manipulativa tipo juego de asociaci\u00f3n<\/li>\n<li data-section-id=\"gwkmbe\" data-start=\"1089\" data-end=\"1178\">Formato digital descargable listo para imprimir<\/li>\n<\/ul>\n<h2 data-section-id=\"sztqwy\" data-start=\"1185\" data-end=\"1212\">\ud83c\udfaf Beneficios de aprender d\u00f3nde viven los animales<\/h2>\n<p data-start=\"1214\" data-end=\"1254\">Este material es perfecto para trabajar:<\/p>\n<ul data-start=\"1256\" data-end=\"1500\">\n<li data-section-id=\"ziifnb\" data-start=\"1256\" data-end=\"1322\">\ud83e\udde0 <strong data-start=\"1261\" data-end=\"1284\">Asociaci\u00f3n y l\u00f3gica<\/strong> (animal\/persona \u2013 lugar donde vive)<\/li>\n<li data-section-id=\"l7lhy6\" data-start=\"1323\" data-end=\"1362\">\ud83d\udde3\ufe0f <strong data-start=\"1329\" data-end=\"1360\">Lenguaje oral y vocabulario<\/strong><\/li>\n<li data-section-id=\"1ob24h9\" data-start=\"1363\" data-end=\"1409\">\ud83c\udf0d <strong data-start=\"1368\" data-end=\"1407\">Conocimiento del entorno y h\u00e1bitats<\/strong><\/li>\n<li data-section-id=\"n003ii\" data-start=\"1410\" data-end=\"1454\">\ud83d\udc76 <strong data-start=\"1415\" data-end=\"1452\">Aprendizaje manipulativo y activo<\/strong><\/li>\n<li data-section-id=\"1d04u89\" data-start=\"1455\" data-end=\"1500\">\ud83c\udfb2 <strong data-start=\"1460\" data-end=\"1500\">Juego educativo en casa o en el aula<\/strong><\/li>\n<\/ul>\n<p data-start=\"1502\" data-end=\"1611\">Adem\u00e1s, favorece la autonom\u00eda del alumnado y permite adaptarlo f\u00e1cilmente a diferentes ritmos de aprendizaje.<\/p>\n<h2 data-section-id=\"1nrscwj\" data-start=\"1618\" data-end=\"1656\">\ud83d\udc69\u200d\ud83c\udfeb \u00bfPara qui\u00e9n est\u00e1 recomendado?<\/h2>\n<ul data-start=\"1658\" data-end=\"1816\">\n<li data-section-id=\"j3jcmr\" data-start=\"1658\" data-end=\"1700\">Ni\u00f1os y ni\u00f1as a partir de <strong data-start=\"1686\" data-end=\"1698\">2-3 a\u00f1os<\/strong><\/li>\n<li data-section-id=\"12i4wzg\" data-start=\"1701\" data-end=\"1749\">Educaci\u00f3n infantil (aula o refuerzo en casa)<\/li>\n<li data-section-id=\"icj1lv\" data-start=\"1750\" data-end=\"1816\">Familias y docentes que buscan recursos educativos imprimibles<\/li>\n<\/ul>\n<h2 data-section-id=\"ahztgj\" data-start=\"1823\" data-end=\"1848\">\ud83c\udf10 Idiomas disponibles<\/h2>\n<ul data-start=\"1850\" data-end=\"1914\">\n<li data-section-id=\"oabxrc\" data-start=\"1850\" data-end=\"1864\">Castellano<\/li>\n<li data-section-id=\"1p1frkx\" data-start=\"1865\" data-end=\"1914\">Catal\u00e1n<\/li>\n<\/ul>\n<h2 data-section-id=\"1l4kf9i\" data-start=\"1921\" data-end=\"1948\">\ud83d\udca1 Ideas para utilizarlo<\/h2>\n<ul data-start=\"1950\" data-end=\"2130\">\n<li data-section-id=\"1fylq1l\" data-start=\"1950\" data-end=\"1989\">Juego de clasificaci\u00f3n por rincones<\/li>\n<li data-section-id=\"jnl3gq\" data-start=\"1990\" data-end=\"2017\">Actividades de asamblea<\/li>\n<li data-section-id=\"11z4fkm\" data-start=\"2018\" data-end=\"2054\">Refuerzo de vocabulario tem\u00e1tico<\/li>\n<li data-section-id=\"it8ln8\" data-start=\"2055\" data-end=\"2079\">Juego libre o guiado<\/li>\n<li data-section-id=\"1jkz439\" data-start=\"2080\" data-end=\"2130\">Trabajo por proyectos sobre animales o la casa<\/li>\n<\/ul>\n<h2 data-section-id=\"t7i0j5\" data-start=\"2137\" data-end=\"2150\">\ud83d\udce5 Formato<\/h2>\n<ul data-start=\"2152\" data-end=\"2257\">\n<li data-section-id=\"1yk6imu\" data-start=\"2152\" data-end=\"2184\">Material digital descargable<\/li>\n<li data-section-id=\"1hpr25n\" data-start=\"2185\" data-end=\"2222\">Listo para imprimir y plastificar<\/li>\n<li data-section-id=\"i17yiy\" data-start=\"2223\" data-end=\"2257\">Uso ilimitado tras la descarga<\/li>\n<\/ul>\n<h3 data-start=\"1671\" data-end=\"1734\"><strong data-start=\"1671\" data-end=\"1734\">\u00bfPor qu\u00e9 trabajar los h\u00e1bitats de los animales en infantil?<\/strong><\/h3>\n<p data-start=\"1736\" data-end=\"1999\">Aprender los h\u00e1bitats de los animales para ni\u00f1os es fundamental para desarrollar el conocimiento del entorno desde edades tempranas. A trav\u00e9s de este tipo de actividades, los ni\u00f1os comprenden mejor el mundo que les rodea y ampl\u00edan su vocabulario de forma natural.<\/p>\n<p data-start=\"2001\" data-end=\"2176\">Este material educativo permite trabajar de manera manipulativa d\u00f3nde viven los animales, facilitando un aprendizaje significativo y adaptado a la etapa de educaci\u00f3n infantil.<\/p>\n","protected":false},"excerpt":{"rendered":"<p data-start=\"379\" data-end=\"722\"><strong data-start=\"379\" data-end=\"490\">\u00bfBuscas un recurso educativo manipulativo para trabajar los h\u00e1bitats y las viviendas en educaci\u00f3n infantil?<\/strong><br data-start=\"490\" data-end=\"493\" \/>\u201c\u00bfT\u00fa d\u00f3nde vives?\u201d es un material did\u00e1ctico ideal para que ni\u00f1os y ni\u00f1as a partir de 2-3 a\u00f1os aprendan de forma visual, divertida y significativa d\u00f3nde viven diferentes animales y personas.<\/p>\n<p><script async src=\"https:\/\/pagead2.googlesyndication.com\/pagead\/js\/adsbygoogle.js\"><\/script><br \/>\n<!-- Horizontal-Adaptable --><br \/>\n<ins class=\"adsbygoogle\" style=\"display: block;\" data-ad-client=\"ca-pub-1103545772104863\" data-ad-slot=\"5194289265\" data-ad-format=\"auto\" data-full-width-responsive=\"true\"><\/ins><br \/>\n<script>\n     (adsbygoogle = window.adsbygoogle || []).push({});\n<\/script><\/p>\n","protected":false},"featured_media":381377,"comment_status":"open","ping_status":"closed","template":"","meta":{"site-sidebar-layout":"default","site-content-layout":"default","ast-site-content-layout":"default","site-content-style":"default","site-sidebar-style":"default","ast-global-header-display":"","ast-banner-title-visibility":"","ast-main-header-display":"","ast-hfb-above-header-display":"","ast-hfb-below-header-display":"","ast-hfb-mobile-header-display":"","site-post-title":"","ast-breadcrumbs-content":"","ast-featured-img":"","footer-sml-layout":"","ast-disable-related-posts":"","theme-transparent-header-meta":"default","adv-header-id-meta":"","stick-header-meta":"","header-above-stick-meta":"","header-main-stick-meta":"","header-below-stick-meta":"","astra-migrate-meta-layouts":"set","ast-page-background-enabled":"default","ast-page-background-meta":{"desktop":{"background-color":"","background-image":"","background-repeat":"repeat","background-position":"center center","background-size":"auto","background-attachment":"scroll","background-type":"","background-media":"","overlay-type":"","overlay-color":"","overlay-opacity":"","overlay-gradient":""},"tablet":{"background-color":"","background-image":"","background-repeat":"repeat","background-position":"center center","background-size":"auto","background-attachment":"scroll","background-type":"","background-media":"","overlay-type":"","overlay-color":"","overlay-opacity":"","overlay-gradient":""},"mobile":{"background-color":"","background-image":"","background-repeat":"repeat","background-position":"center center","background-size":"auto","background-attachment":"scroll","background-type":"","background-media":"","overlay-type":"","overlay-color":"","overlay-opacity":"","overlay-gradient":""}},"ast-content-background-meta":{"desktop":{"background-color":"var(--ast-global-color-5)","background-image":"","background-repeat":"repeat","background-position":"center center","background-size":"auto","background-attachment":"scroll","background-type":"","background-media":"","overlay-type":"","overlay-color":"","overlay-opacity":"","overlay-gradient":""},"tablet":{"background-color":"var(--ast-global-color-5)","background-image":"","background-repeat":"repeat","background-position":"center center","background-size":"auto","background-attachment":"scroll","background-type":"","background-media":"","overlay-type":"","overlay-color":"","overlay-opacity":"","overlay-gradient":""},"mobile":{"background-color":"var(--ast-global-color-5)","background-image":"","background-repeat":"repeat","background-position":"center center","background-size":"auto","background-attachment":"scroll","background-type":"","background-media":"","overlay-type":"","overlay-color":"","overlay-opacity":"","overlay-gradient":""}}},"product_brand":[],"product_cat":[15],"product_tag":[484,251],"class_list":{"0":"post-1450","1":"product","2":"type-product","3":"status-publish","4":"has-post-thumbnail","6":"product_cat-educacion-infantil","7":"product_tag-dondeviven","8":"product_tag-infantil","9":"desktop-align-left","10":"tablet-align-left","11":"mobile-align-left","13":"first","14":"instock","15":"downloadable","16":"virtual","17":"taxable","18":"purchasable","19":"product-type-simple"},"yoast_head":"<!-- This site is optimized with the Yoast SEO plugin v26.8 - https:\/\/yoast.com\/product\/yoast-seo-wordpress\/ -->\n<title>H\u00e1bitats de los animales para ni\u00f1os | Material educativo<\/title>\n<meta name=\"description\" content=\"Aprende los h\u00e1bitats de los animales para ni\u00f1os con este material educativo manipulativo. Recurso imprimible ideal para infantil.\" \/>\n<meta name=\"robots\" content=\"index, follow, max-snippet:-1, max-image-preview:large, max-video-preview:-1\" \/>\n<link rel=\"canonical\" href=\"https:\/\/lacasitaeducativa.shop\/index.php\/producto\/material-educativo-habitats-infantil\/\" \/>\n<meta property=\"og:locale\" content=\"es_ES\" \/>\n<meta property=\"og:type\" content=\"article\" \/>\n<meta property=\"og:title\" content=\"H\u00e1bitats de los animales para ni\u00f1os | Material educativo\" \/>\n<meta property=\"og:description\" content=\"Aprende los h\u00e1bitats de los animales para ni\u00f1os con este material educativo manipulativo. Recurso imprimible ideal para infantil.\" \/>\n<meta property=\"og:url\" content=\"https:\/\/lacasitaeducativa.shop\/index.php\/producto\/material-educativo-habitats-infantil\/\" \/>\n<meta property=\"og:site_name\" content=\"La Casita Educativa\" \/>\n<meta property=\"article:modified_time\" content=\"2026-04-18T19:20:47+00:00\" \/>\n<meta property=\"og:image\" content=\"https:\/\/lacasitaeducativa.shop\/wp-content\/uploads\/2020\/09\/Quien-vive-ahi.jpg\" \/>\n\t<meta property=\"og:image:width\" content=\"1080\" \/>\n\t<meta property=\"og:image:height\" content=\"1080\" \/>\n\t<meta property=\"og:image:type\" content=\"image\/jpeg\" \/>\n<meta name=\"twitter:card\" content=\"summary_large_image\" \/>\n<meta name=\"twitter:label1\" content=\"Tiempo de lectura\" \/>\n\t<meta name=\"twitter:data1\" content=\"2 minutos\" \/>\n<script type=\"application\/ld+json\" class=\"yoast-schema-graph\">{\"@context\":\"https:\/\/schema.org\",\"@graph\":[{\"@type\":\"WebPage\",\"@id\":\"https:\/\/lacasitaeducativa.shop\/index.php\/producto\/material-educativo-habitats-infantil\/\",\"url\":\"https:\/\/lacasitaeducativa.shop\/index.php\/producto\/material-educativo-habitats-infantil\/\",\"name\":\"H\u00e1bitats de los animales para ni\u00f1os | Material educativo\",\"isPartOf\":{\"@id\":\"https:\/\/lacasitaeducativa.shop\/#website\"},\"primaryImageOfPage\":{\"@id\":\"https:\/\/lacasitaeducativa.shop\/index.php\/producto\/material-educativo-habitats-infantil\/#primaryimage\"},\"image\":{\"@id\":\"https:\/\/lacasitaeducativa.shop\/index.php\/producto\/material-educativo-habitats-infantil\/#primaryimage\"},\"thumbnailUrl\":\"https:\/\/lacasitaeducativa.shop\/wp-content\/uploads\/2020\/09\/Quien-vive-ahi.jpg\",\"datePublished\":\"2020-09-15T12:03:20+00:00\",\"dateModified\":\"2026-04-18T19:20:47+00:00\",\"description\":\"Aprende los h\u00e1bitats de los animales para ni\u00f1os con este material educativo manipulativo. Recurso imprimible ideal para infantil.\",\"breadcrumb\":{\"@id\":\"https:\/\/lacasitaeducativa.shop\/index.php\/producto\/material-educativo-habitats-infantil\/#breadcrumb\"},\"inLanguage\":\"es\",\"potentialAction\":[{\"@type\":\"ReadAction\",\"target\":[\"https:\/\/lacasitaeducativa.shop\/index.php\/producto\/material-educativo-habitats-infantil\/\"]}]},{\"@type\":\"ImageObject\",\"inLanguage\":\"es\",\"@id\":\"https:\/\/lacasitaeducativa.shop\/index.php\/producto\/material-educativo-habitats-infantil\/#primaryimage\",\"url\":\"https:\/\/lacasitaeducativa.shop\/wp-content\/uploads\/2020\/09\/Quien-vive-ahi.jpg\",\"contentUrl\":\"https:\/\/lacasitaeducativa.shop\/wp-content\/uploads\/2020\/09\/Quien-vive-ahi.jpg\",\"width\":1080,\"height\":1080,\"caption\":\"Quien vive ahi\"},{\"@type\":\"BreadcrumbList\",\"@id\":\"https:\/\/lacasitaeducativa.shop\/index.php\/producto\/material-educativo-habitats-infantil\/#breadcrumb\",\"itemListElement\":[{\"@type\":\"ListItem\",\"position\":1,\"name\":\"Portada\",\"item\":\"https:\/\/lacasitaeducativa.shop\/\"},{\"@type\":\"ListItem\",\"position\":2,\"name\":\"Recursos\",\"item\":\"https:\/\/lacasitaeducativa.shop\/index.php\/tienda\/\"},{\"@type\":\"ListItem\",\"position\":3,\"name\":\"H\u00e1bitats de los animales para ni\u00f1os\"}]},{\"@type\":\"WebSite\",\"@id\":\"https:\/\/lacasitaeducativa.shop\/#website\",\"url\":\"https:\/\/lacasitaeducativa.shop\/\",\"name\":\"La Casita Educativa\",\"description\":\"En esta casita encontrar\u00e9is todo tipo de recursos educativos infantiles, desde manualidades hasta actividades, juegos, cuentos, idiomas, adivinanzas y otros.\",\"publisher\":{\"@id\":\"https:\/\/lacasitaeducativa.shop\/#organization\"},\"potentialAction\":[{\"@type\":\"SearchAction\",\"target\":{\"@type\":\"EntryPoint\",\"urlTemplate\":\"https:\/\/lacasitaeducativa.shop\/?s={search_term_string}\"},\"query-input\":{\"@type\":\"PropertyValueSpecification\",\"valueRequired\":true,\"valueName\":\"search_term_string\"}}],\"inLanguage\":\"es\"},{\"@type\":\"Organization\",\"@id\":\"https:\/\/lacasitaeducativa.shop\/#organization\",\"name\":\"La Casita Educativa - LACASITAEDUCATIVA.SHOP\",\"url\":\"https:\/\/lacasitaeducativa.shop\/\",\"logo\":{\"@type\":\"ImageObject\",\"inLanguage\":\"es\",\"@id\":\"https:\/\/lacasitaeducativa.shop\/#\/schema\/logo\/image\/\",\"url\":\"https:\/\/lacasitaeducativa.shop\/wp-content\/uploads\/2020\/08\/Logos-la-casita-educativa-2-1.png\",\"contentUrl\":\"https:\/\/lacasitaeducativa.shop\/wp-content\/uploads\/2020\/08\/Logos-la-casita-educativa-2-1.png\",\"width\":500,\"height\":500,\"caption\":\"La Casita Educativa - LACASITAEDUCATIVA.SHOP\"},\"image\":{\"@id\":\"https:\/\/lacasitaeducativa.shop\/#\/schema\/logo\/image\/\"}}]}<\/script>\n<!-- \/ Yoast SEO plugin. -->","yoast_head_json":{"title":"H\u00e1bitats de los animales para ni\u00f1os | Material educativo","description":"Aprende los h\u00e1bitats de los animales para ni\u00f1os con este material educativo manipulativo. Recurso imprimible ideal para infantil.","robots":{"index":"index","follow":"follow","max-snippet":"max-snippet:-1","max-image-preview":"max-image-preview:large","max-video-preview":"max-video-preview:-1"},"canonical":"https:\/\/lacasitaeducativa.shop\/index.php\/producto\/material-educativo-habitats-infantil\/","og_locale":"es_ES","og_type":"article","og_title":"H\u00e1bitats de los animales para ni\u00f1os | Material educativo","og_description":"Aprende los h\u00e1bitats de los animales para ni\u00f1os con este material educativo manipulativo. Recurso imprimible ideal para infantil.","og_url":"https:\/\/lacasitaeducativa.shop\/index.php\/producto\/material-educativo-habitats-infantil\/","og_site_name":"La Casita Educativa","article_modified_time":"2026-04-18T19:20:47+00:00","og_image":[{"width":1080,"height":1080,"url":"https:\/\/lacasitaeducativa.shop\/wp-content\/uploads\/2020\/09\/Quien-vive-ahi.jpg","type":"image\/jpeg"}],"twitter_card":"summary_large_image","twitter_misc":{"Tiempo de lectura":"2 minutos"},"schema":{"@context":"https:\/\/schema.org","@graph":[{"@type":"WebPage","@id":"https:\/\/lacasitaeducativa.shop\/index.php\/producto\/material-educativo-habitats-infantil\/","url":"https:\/\/lacasitaeducativa.shop\/index.php\/producto\/material-educativo-habitats-infantil\/","name":"H\u00e1bitats de los animales para ni\u00f1os | Material educativo","isPartOf":{"@id":"https:\/\/lacasitaeducativa.shop\/#website"},"primaryImageOfPage":{"@id":"https:\/\/lacasitaeducativa.shop\/index.php\/producto\/material-educativo-habitats-infantil\/#primaryimage"},"image":{"@id":"https:\/\/lacasitaeducativa.shop\/index.php\/producto\/material-educativo-habitats-infantil\/#primaryimage"},"thumbnailUrl":"https:\/\/lacasitaeducativa.shop\/wp-content\/uploads\/2020\/09\/Quien-vive-ahi.jpg","datePublished":"2020-09-15T12:03:20+00:00","dateModified":"2026-04-18T19:20:47+00:00","description":"Aprende los h\u00e1bitats de los animales para ni\u00f1os con este material educativo manipulativo. Recurso imprimible ideal para infantil.","breadcrumb":{"@id":"https:\/\/lacasitaeducativa.shop\/index.php\/producto\/material-educativo-habitats-infantil\/#breadcrumb"},"inLanguage":"es","potentialAction":[{"@type":"ReadAction","target":["https:\/\/lacasitaeducativa.shop\/index.php\/producto\/material-educativo-habitats-infantil\/"]}]},{"@type":"ImageObject","inLanguage":"es","@id":"https:\/\/lacasitaeducativa.shop\/index.php\/producto\/material-educativo-habitats-infantil\/#primaryimage","url":"https:\/\/lacasitaeducativa.shop\/wp-content\/uploads\/2020\/09\/Quien-vive-ahi.jpg","contentUrl":"https:\/\/lacasitaeducativa.shop\/wp-content\/uploads\/2020\/09\/Quien-vive-ahi.jpg","width":1080,"height":1080,"caption":"Quien vive ahi"},{"@type":"BreadcrumbList","@id":"https:\/\/lacasitaeducativa.shop\/index.php\/producto\/material-educativo-habitats-infantil\/#breadcrumb","itemListElement":[{"@type":"ListItem","position":1,"name":"Portada","item":"https:\/\/lacasitaeducativa.shop\/"},{"@type":"ListItem","position":2,"name":"Recursos","item":"https:\/\/lacasitaeducativa.shop\/index.php\/tienda\/"},{"@type":"ListItem","position":3,"name":"H\u00e1bitats de los animales para ni\u00f1os"}]},{"@type":"WebSite","@id":"https:\/\/lacasitaeducativa.shop\/#website","url":"https:\/\/lacasitaeducativa.shop\/","name":"La Casita Educativa","description":"En esta casita encontrar\u00e9is todo tipo de recursos educativos infantiles, desde manualidades hasta actividades, juegos, cuentos, idiomas, adivinanzas y otros.","publisher":{"@id":"https:\/\/lacasitaeducativa.shop\/#organization"},"potentialAction":[{"@type":"SearchAction","target":{"@type":"EntryPoint","urlTemplate":"https:\/\/lacasitaeducativa.shop\/?s={search_term_string}"},"query-input":{"@type":"PropertyValueSpecification","valueRequired":true,"valueName":"search_term_string"}}],"inLanguage":"es"},{"@type":"Organization","@id":"https:\/\/lacasitaeducativa.shop\/#organization","name":"La Casita Educativa - LACASITAEDUCATIVA.SHOP","url":"https:\/\/lacasitaeducativa.shop\/","logo":{"@type":"ImageObject","inLanguage":"es","@id":"https:\/\/lacasitaeducativa.shop\/#\/schema\/logo\/image\/","url":"https:\/\/lacasitaeducativa.shop\/wp-content\/uploads\/2020\/08\/Logos-la-casita-educativa-2-1.png","contentUrl":"https:\/\/lacasitaeducativa.shop\/wp-content\/uploads\/2020\/08\/Logos-la-casita-educativa-2-1.png","width":500,"height":500,"caption":"La Casita Educativa - LACASITAEDUCATIVA.SHOP"},"image":{"@id":"https:\/\/lacasitaeducativa.shop\/#\/schema\/logo\/image\/"}}]}},"_links":{"self":[{"href":"https:\/\/lacasitaeducativa.shop\/index.php\/wp-json\/wp\/v2\/product\/1450","targetHints":{"allow":["GET"]}}],"collection":[{"href":"https:\/\/lacasitaeducativa.shop\/index.php\/wp-json\/wp\/v2\/product"}],"about":[{"href":"https:\/\/lacasitaeducativa.shop\/index.php\/wp-json\/wp\/v2\/types\/product"}],"replies":[{"embeddable":true,"href":"https:\/\/lacasitaeducativa.shop\/index.php\/wp-json\/wp\/v2\/comments?post=1450"}],"wp:featuredmedia":[{"embeddable":true,"href":"https:\/\/lacasitaeducativa.shop\/index.php\/wp-json\/wp\/v2\/media\/381377"}],"wp:attachment":[{"href":"https:\/\/lacasitaeducativa.shop\/index.php\/wp-json\/wp\/v2\/media?parent=1450"}],"wp:term":[{"taxonomy":"product_brand","embeddable":true,"href":"https:\/\/lacasitaeducativa.shop\/index.php\/wp-json\/wp\/v2\/product_brand?post=1450"},{"taxonomy":"product_cat","embeddable":true,"href":"https:\/\/lacasitaeducativa.shop\/index.php\/wp-json\/wp\/v2\/product_cat?post=1450"},{"taxonomy":"product_tag","embeddable":true,"href":"https:\/\/lacasitaeducativa.shop\/index.php\/wp-json\/wp\/v2\/product_tag?post=1450"}],"curies":[{"name":"wp","href":"https:\/\/api.w.org\/{rel}","templated":true}]}}