{"id":17510,"date":"2021-01-02T11:43:18","date_gmt":"2021-01-02T11:43:18","guid":{"rendered":"https:\/\/lacasitaeducativa.shop\/?post_type=product&#038;p=17510"},"modified":"2025-04-30T19:40:52","modified_gmt":"2025-04-30T19:40:52","slug":"fonema-r-rr","status":"publish","type":"product","link":"https:\/\/lacasitaeducativa.shop\/index.php\/producto\/fonema-r-rr\/","title":{"rendered":"Fonema \/R\/ y \/RR\/"},"content":{"rendered":"<p><strong>CONTENIDO<\/strong><\/p>\n<p class=\"\" data-start=\"433\" data-end=\"453\">El material incluye:<\/p>\n<ul data-start=\"455\" data-end=\"627\">\n<li class=\"\" data-start=\"455\" data-end=\"541\">\n<p class=\"\" data-start=\"457\" data-end=\"541\">\ud83d\udc37 <strong data-start=\"460\" data-end=\"472\">2 huchas<\/strong> ilustradas: una para el fonema <strong data-start=\"504\" data-end=\"509\">R<\/strong> y otra para el fonema <strong data-start=\"532\" data-end=\"538\">RR<\/strong>.<\/p>\n<\/li>\n<li class=\"\" data-start=\"542\" data-end=\"627\">\n<p class=\"\" data-start=\"544\" data-end=\"627\">\ud83e\ude99 27 <strong data-start=\"547\" data-end=\"569\">Monedas ilustradas<\/strong> con im\u00e1genes de palabras que contienen uno u otro fonema.<\/p>\n<\/li>\n<\/ul>\n<p><strong>FUNCIONAMIENTO<\/strong><\/p>\n<p class=\"\" data-start=\"629\" data-end=\"863\">\ud83e\udde0 <strong data-start=\"632\" data-end=\"651\">\u00bfC\u00f3mo se juega?<\/strong><br data-start=\"651\" data-end=\"654\" \/>Los ni\u00f1os deber\u00e1n observar la imagen de cada moneda, identificar el fonema correspondiente y depositarla en la hucha adecuada. \u00a1Una forma amena y efectiva de reforzar la conciencia fonol\u00f3gica y el vocabulario!<\/p>\n<p class=\"\" data-start=\"865\" data-end=\"879\">\ud83c\udfaf Ideal para:<\/p>\n<ul data-start=\"880\" data-end=\"969\">\n<li class=\"\" data-start=\"880\" data-end=\"900\">\n<p class=\"\" data-start=\"882\" data-end=\"900\">Centros educativos<\/p>\n<\/li>\n<li class=\"\" data-start=\"901\" data-end=\"912\">\n<p class=\"\" data-start=\"903\" data-end=\"912\">Logopedas<\/p>\n<\/li>\n<li class=\"\" data-start=\"913\" data-end=\"936\">\n<p class=\"\" data-start=\"915\" data-end=\"936\">Aula de refuerzo o PT<\/p>\n<\/li>\n<li class=\"\" data-start=\"937\" data-end=\"969\">\n<p class=\"\" data-start=\"939\" data-end=\"969\">Uso en casa como apoyo escolar<\/p>\n<\/li>\n<\/ul>\n<p class=\"\" data-start=\"971\" data-end=\"1036\">\ud83d\udda8\ufe0f Material listo para imprimir, recortar, plastificar y \u00a1jugar!<\/p>\n<p>\u00bfTe parece \u00fatil? Cu\u00e9ntame en comentarios y si puedes d\u00e9jame una peque\u00f1a valoraci\u00f3n. \u00a1Te lo agradecer\u00e9 infiniiito! \ud83d\ude42<\/p>\n<p><strong>IDIOMA<\/strong><\/p>\n<p>Castellano<\/p>\n<p><strong>EDAD RECOMENDADA<\/strong><\/p>\n<p>Este material se recomienda a partir de 6 a\u00f1os.<\/p>\n","protected":false},"excerpt":{"rendered":"<p>Recursos did\u00e1ctico dise\u00f1ado para trabajar la discriminaci\u00f3n fonol\u00f3gica de los fonemas <strong data-start=\"258\" data-end=\"263\">R<\/strong> y <strong data-start=\"266\" data-end=\"272\">RR<\/strong> de forma manipulativa y visual, ideal para el primer ciclo de primaria o para alumnado con dificultades en la pronunciaci\u00f3n o identificaci\u00f3n de estos sonidos.<\/p>\n<p><script async src=\"https:\/\/pagead2.googlesyndication.com\/pagead\/js\/adsbygoogle.js\"><\/script><br \/>\n<!-- Horizontal-Adaptable --><br \/>\n<ins class=\"adsbygoogle\" style=\"display: block;\" data-ad-client=\"ca-pub-1103545772104863\" data-ad-slot=\"5194289265\" data-ad-format=\"auto\" data-full-width-responsive=\"true\"><\/ins><br \/>\n<script>\n     (adsbygoogle = window.adsbygoogle || []).push({});\n<\/script><\/p>\n<p>&nbsp;<\/p>\n<p>&nbsp;<\/p>\n","protected":false},"featured_media":441465,"comment_status":"open","ping_status":"closed","template":"","meta":{"site-sidebar-layout":"default","site-content-layout":"default","ast-site-content-layout":"default","site-content-style":"default","site-sidebar-style":"default","ast-global-header-display":"","ast-banner-title-visibility":"","ast-main-header-display":"","ast-hfb-above-header-display":"","ast-hfb-below-header-display":"","ast-hfb-mobile-header-display":"","site-post-title":"","ast-breadcrumbs-content":"","ast-featured-img":"","footer-sml-layout":"","ast-disable-related-posts":"","theme-transparent-header-meta":"default","adv-header-id-meta":"","stick-header-meta":"","header-above-stick-meta":"","header-main-stick-meta":"","header-below-stick-meta":"","astra-migrate-meta-layouts":"set","ast-page-background-enabled":"default","ast-page-background-meta":{"desktop":{"background-color":"","background-image":"","background-repeat":"repeat","background-position":"center center","background-size":"auto","background-attachment":"scroll","background-type":"","background-media":"","overlay-type":"","overlay-color":"","overlay-opacity":"","overlay-gradient":""},"tablet":{"background-color":"","background-image":"","background-repeat":"repeat","background-position":"center center","background-size":"auto","background-attachment":"scroll","background-type":"","background-media":"","overlay-type":"","overlay-color":"","overlay-opacity":"","overlay-gradient":""},"mobile":{"background-color":"","background-image":"","background-repeat":"repeat","background-position":"center center","background-size":"auto","background-attachment":"scroll","background-type":"","background-media":"","overlay-type":"","overlay-color":"","overlay-opacity":"","overlay-gradient":""}},"ast-content-background-meta":{"desktop":{"background-color":"var(--ast-global-color-5)","background-image":"","background-repeat":"repeat","background-position":"center center","background-size":"auto","background-attachment":"scroll","background-type":"","background-media":"","overlay-type":"","overlay-color":"","overlay-opacity":"","overlay-gradient":""},"tablet":{"background-color":"var(--ast-global-color-5)","background-image":"","background-repeat":"repeat","background-position":"center center","background-size":"auto","background-attachment":"scroll","background-type":"","background-media":"","overlay-type":"","overlay-color":"","overlay-opacity":"","overlay-gradient":""},"mobile":{"background-color":"var(--ast-global-color-5)","background-image":"","background-repeat":"repeat","background-position":"center center","background-size":"auto","background-attachment":"scroll","background-type":"","background-media":"","overlay-type":"","overlay-color":"","overlay-opacity":"","overlay-gradient":""}}},"product_brand":[],"product_cat":[496],"product_tag":[711,108,492,493,494,495],"class_list":{"0":"post-17510","1":"product","2":"type-product","3":"status-publish","4":"has-post-thumbnail","6":"product_cat-fonemas","7":"product_tag-discriminacionvisual","8":"product_tag-educacion-primaria","9":"product_tag-fonema-r","10":"product_tag-fonema-rr","11":"product_tag-logopedia","12":"product_tag-pronunciacion","13":"desktop-align-left","14":"tablet-align-left","15":"mobile-align-left","17":"first","18":"instock","19":"downloadable","20":"virtual","21":"taxable","22":"purchasable","23":"product-type-simple"},"yoast_head":"<!-- This site is optimized with the Yoast SEO plugin v26.8 - https:\/\/yoast.com\/product\/yoast-seo-wordpress\/ -->\n<title>Fonema \/R\/ y \/RR\/ Fonema \/R\/ y \/RR\/ - La Casita Educativa<\/title>\n<meta name=\"description\" content=\"Recursos did\u00e1ctico dise\u00f1ado para trabajar la discriminaci\u00f3n fonol\u00f3gica de los fonemas R y RR de forma manipulativa y visual.\" \/>\n<meta name=\"robots\" content=\"index, follow, max-snippet:-1, max-image-preview:large, max-video-preview:-1\" \/>\n<link rel=\"canonical\" href=\"https:\/\/lacasitaeducativa.shop\/index.php\/producto\/fonema-r-rr\/\" \/>\n<meta property=\"og:locale\" content=\"es_ES\" \/>\n<meta property=\"og:type\" content=\"article\" \/>\n<meta property=\"og:title\" content=\"Fonema \/R\/ y \/RR\/ Fonema \/R\/ y \/RR\/ - La Casita Educativa\" \/>\n<meta property=\"og:description\" content=\"Recursos did\u00e1ctico dise\u00f1ado para trabajar la discriminaci\u00f3n fonol\u00f3gica de los fonemas R y RR de forma manipulativa y visual.\" \/>\n<meta property=\"og:url\" content=\"https:\/\/lacasitaeducativa.shop\/index.php\/producto\/fonema-r-rr\/\" \/>\n<meta property=\"og:site_name\" content=\"La Casita Educativa\" \/>\n<meta property=\"article:modified_time\" content=\"2025-04-30T19:40:52+00:00\" \/>\n<meta property=\"og:image\" content=\"https:\/\/lacasitaeducativa.shop\/wp-content\/uploads\/2021\/01\/Fonemas-R-y-RR-4.jpg\" \/>\n\t<meta property=\"og:image:width\" content=\"1080\" \/>\n\t<meta property=\"og:image:height\" content=\"1080\" \/>\n\t<meta property=\"og:image:type\" content=\"image\/jpeg\" \/>\n<meta name=\"twitter:card\" content=\"summary_large_image\" \/>\n<meta name=\"twitter:label1\" content=\"Tiempo de lectura\" \/>\n\t<meta name=\"twitter:data1\" content=\"1 minuto\" \/>\n<script type=\"application\/ld+json\" class=\"yoast-schema-graph\">{\"@context\":\"https:\/\/schema.org\",\"@graph\":[{\"@type\":\"WebPage\",\"@id\":\"https:\/\/lacasitaeducativa.shop\/index.php\/producto\/fonema-r-rr\/\",\"url\":\"https:\/\/lacasitaeducativa.shop\/index.php\/producto\/fonema-r-rr\/\",\"name\":\"Fonema \/R\/ y \/RR\/ Fonema \/R\/ y \/RR\/ - La Casita Educativa\",\"isPartOf\":{\"@id\":\"https:\/\/lacasitaeducativa.shop\/#website\"},\"primaryImageOfPage\":{\"@id\":\"https:\/\/lacasitaeducativa.shop\/index.php\/producto\/fonema-r-rr\/#primaryimage\"},\"image\":{\"@id\":\"https:\/\/lacasitaeducativa.shop\/index.php\/producto\/fonema-r-rr\/#primaryimage\"},\"thumbnailUrl\":\"https:\/\/lacasitaeducativa.shop\/wp-content\/uploads\/2021\/01\/Fonemas-R-y-RR-4.jpg\",\"datePublished\":\"2021-01-02T11:43:18+00:00\",\"dateModified\":\"2025-04-30T19:40:52+00:00\",\"description\":\"Recursos did\u00e1ctico dise\u00f1ado para trabajar la discriminaci\u00f3n fonol\u00f3gica de los fonemas R y RR de forma manipulativa y visual.\",\"breadcrumb\":{\"@id\":\"https:\/\/lacasitaeducativa.shop\/index.php\/producto\/fonema-r-rr\/#breadcrumb\"},\"inLanguage\":\"es\",\"potentialAction\":[{\"@type\":\"ReadAction\",\"target\":[\"https:\/\/lacasitaeducativa.shop\/index.php\/producto\/fonema-r-rr\/\"]}]},{\"@type\":\"ImageObject\",\"inLanguage\":\"es\",\"@id\":\"https:\/\/lacasitaeducativa.shop\/index.php\/producto\/fonema-r-rr\/#primaryimage\",\"url\":\"https:\/\/lacasitaeducativa.shop\/wp-content\/uploads\/2021\/01\/Fonemas-R-y-RR-4.jpg\",\"contentUrl\":\"https:\/\/lacasitaeducativa.shop\/wp-content\/uploads\/2021\/01\/Fonemas-R-y-RR-4.jpg\",\"width\":1080,\"height\":1080,\"caption\":\"Fonemas R y RR\"},{\"@type\":\"BreadcrumbList\",\"@id\":\"https:\/\/lacasitaeducativa.shop\/index.php\/producto\/fonema-r-rr\/#breadcrumb\",\"itemListElement\":[{\"@type\":\"ListItem\",\"position\":1,\"name\":\"Portada\",\"item\":\"https:\/\/lacasitaeducativa.shop\/\"},{\"@type\":\"ListItem\",\"position\":2,\"name\":\"Recursos\",\"item\":\"https:\/\/lacasitaeducativa.shop\/index.php\/tienda\/\"},{\"@type\":\"ListItem\",\"position\":3,\"name\":\"Fonema \/R\/ y \/RR\/\"}]},{\"@type\":\"WebSite\",\"@id\":\"https:\/\/lacasitaeducativa.shop\/#website\",\"url\":\"https:\/\/lacasitaeducativa.shop\/\",\"name\":\"La Casita Educativa\",\"description\":\"En esta casita encontrar\u00e9is todo tipo de recursos educativos infantiles, desde manualidades hasta actividades, juegos, cuentos, idiomas, adivinanzas y otros.\",\"publisher\":{\"@id\":\"https:\/\/lacasitaeducativa.shop\/#organization\"},\"potentialAction\":[{\"@type\":\"SearchAction\",\"target\":{\"@type\":\"EntryPoint\",\"urlTemplate\":\"https:\/\/lacasitaeducativa.shop\/?s={search_term_string}\"},\"query-input\":{\"@type\":\"PropertyValueSpecification\",\"valueRequired\":true,\"valueName\":\"search_term_string\"}}],\"inLanguage\":\"es\"},{\"@type\":\"Organization\",\"@id\":\"https:\/\/lacasitaeducativa.shop\/#organization\",\"name\":\"La Casita Educativa - LACASITAEDUCATIVA.SHOP\",\"url\":\"https:\/\/lacasitaeducativa.shop\/\",\"logo\":{\"@type\":\"ImageObject\",\"inLanguage\":\"es\",\"@id\":\"https:\/\/lacasitaeducativa.shop\/#\/schema\/logo\/image\/\",\"url\":\"https:\/\/lacasitaeducativa.shop\/wp-content\/uploads\/2020\/08\/Logos-la-casita-educativa-2-1.png\",\"contentUrl\":\"https:\/\/lacasitaeducativa.shop\/wp-content\/uploads\/2020\/08\/Logos-la-casita-educativa-2-1.png\",\"width\":500,\"height\":500,\"caption\":\"La Casita Educativa - LACASITAEDUCATIVA.SHOP\"},\"image\":{\"@id\":\"https:\/\/lacasitaeducativa.shop\/#\/schema\/logo\/image\/\"}}]}<\/script>\n<!-- \/ Yoast SEO plugin. -->","yoast_head_json":{"title":"Fonema \/R\/ y \/RR\/ Fonema \/R\/ y \/RR\/ - La Casita Educativa","description":"Recursos did\u00e1ctico dise\u00f1ado para trabajar la discriminaci\u00f3n fonol\u00f3gica de los fonemas R y RR de forma manipulativa y visual.","robots":{"index":"index","follow":"follow","max-snippet":"max-snippet:-1","max-image-preview":"max-image-preview:large","max-video-preview":"max-video-preview:-1"},"canonical":"https:\/\/lacasitaeducativa.shop\/index.php\/producto\/fonema-r-rr\/","og_locale":"es_ES","og_type":"article","og_title":"Fonema \/R\/ y \/RR\/ Fonema \/R\/ y \/RR\/ - La Casita Educativa","og_description":"Recursos did\u00e1ctico dise\u00f1ado para trabajar la discriminaci\u00f3n fonol\u00f3gica de los fonemas R y RR de forma manipulativa y visual.","og_url":"https:\/\/lacasitaeducativa.shop\/index.php\/producto\/fonema-r-rr\/","og_site_name":"La Casita Educativa","article_modified_time":"2025-04-30T19:40:52+00:00","og_image":[{"width":1080,"height":1080,"url":"https:\/\/lacasitaeducativa.shop\/wp-content\/uploads\/2021\/01\/Fonemas-R-y-RR-4.jpg","type":"image\/jpeg"}],"twitter_card":"summary_large_image","twitter_misc":{"Tiempo de lectura":"1 minuto"},"schema":{"@context":"https:\/\/schema.org","@graph":[{"@type":"WebPage","@id":"https:\/\/lacasitaeducativa.shop\/index.php\/producto\/fonema-r-rr\/","url":"https:\/\/lacasitaeducativa.shop\/index.php\/producto\/fonema-r-rr\/","name":"Fonema \/R\/ y \/RR\/ Fonema \/R\/ y \/RR\/ - La Casita Educativa","isPartOf":{"@id":"https:\/\/lacasitaeducativa.shop\/#website"},"primaryImageOfPage":{"@id":"https:\/\/lacasitaeducativa.shop\/index.php\/producto\/fonema-r-rr\/#primaryimage"},"image":{"@id":"https:\/\/lacasitaeducativa.shop\/index.php\/producto\/fonema-r-rr\/#primaryimage"},"thumbnailUrl":"https:\/\/lacasitaeducativa.shop\/wp-content\/uploads\/2021\/01\/Fonemas-R-y-RR-4.jpg","datePublished":"2021-01-02T11:43:18+00:00","dateModified":"2025-04-30T19:40:52+00:00","description":"Recursos did\u00e1ctico dise\u00f1ado para trabajar la discriminaci\u00f3n fonol\u00f3gica de los fonemas R y RR de forma manipulativa y visual.","breadcrumb":{"@id":"https:\/\/lacasitaeducativa.shop\/index.php\/producto\/fonema-r-rr\/#breadcrumb"},"inLanguage":"es","potentialAction":[{"@type":"ReadAction","target":["https:\/\/lacasitaeducativa.shop\/index.php\/producto\/fonema-r-rr\/"]}]},{"@type":"ImageObject","inLanguage":"es","@id":"https:\/\/lacasitaeducativa.shop\/index.php\/producto\/fonema-r-rr\/#primaryimage","url":"https:\/\/lacasitaeducativa.shop\/wp-content\/uploads\/2021\/01\/Fonemas-R-y-RR-4.jpg","contentUrl":"https:\/\/lacasitaeducativa.shop\/wp-content\/uploads\/2021\/01\/Fonemas-R-y-RR-4.jpg","width":1080,"height":1080,"caption":"Fonemas R y RR"},{"@type":"BreadcrumbList","@id":"https:\/\/lacasitaeducativa.shop\/index.php\/producto\/fonema-r-rr\/#breadcrumb","itemListElement":[{"@type":"ListItem","position":1,"name":"Portada","item":"https:\/\/lacasitaeducativa.shop\/"},{"@type":"ListItem","position":2,"name":"Recursos","item":"https:\/\/lacasitaeducativa.shop\/index.php\/tienda\/"},{"@type":"ListItem","position":3,"name":"Fonema \/R\/ y \/RR\/"}]},{"@type":"WebSite","@id":"https:\/\/lacasitaeducativa.shop\/#website","url":"https:\/\/lacasitaeducativa.shop\/","name":"La Casita Educativa","description":"En esta casita encontrar\u00e9is todo tipo de recursos educativos infantiles, desde manualidades hasta actividades, juegos, cuentos, idiomas, adivinanzas y otros.","publisher":{"@id":"https:\/\/lacasitaeducativa.shop\/#organization"},"potentialAction":[{"@type":"SearchAction","target":{"@type":"EntryPoint","urlTemplate":"https:\/\/lacasitaeducativa.shop\/?s={search_term_string}"},"query-input":{"@type":"PropertyValueSpecification","valueRequired":true,"valueName":"search_term_string"}}],"inLanguage":"es"},{"@type":"Organization","@id":"https:\/\/lacasitaeducativa.shop\/#organization","name":"La Casita Educativa - LACASITAEDUCATIVA.SHOP","url":"https:\/\/lacasitaeducativa.shop\/","logo":{"@type":"ImageObject","inLanguage":"es","@id":"https:\/\/lacasitaeducativa.shop\/#\/schema\/logo\/image\/","url":"https:\/\/lacasitaeducativa.shop\/wp-content\/uploads\/2020\/08\/Logos-la-casita-educativa-2-1.png","contentUrl":"https:\/\/lacasitaeducativa.shop\/wp-content\/uploads\/2020\/08\/Logos-la-casita-educativa-2-1.png","width":500,"height":500,"caption":"La Casita Educativa - LACASITAEDUCATIVA.SHOP"},"image":{"@id":"https:\/\/lacasitaeducativa.shop\/#\/schema\/logo\/image\/"}}]}},"_links":{"self":[{"href":"https:\/\/lacasitaeducativa.shop\/index.php\/wp-json\/wp\/v2\/product\/17510","targetHints":{"allow":["GET"]}}],"collection":[{"href":"https:\/\/lacasitaeducativa.shop\/index.php\/wp-json\/wp\/v2\/product"}],"about":[{"href":"https:\/\/lacasitaeducativa.shop\/index.php\/wp-json\/wp\/v2\/types\/product"}],"replies":[{"embeddable":true,"href":"https:\/\/lacasitaeducativa.shop\/index.php\/wp-json\/wp\/v2\/comments?post=17510"}],"wp:featuredmedia":[{"embeddable":true,"href":"https:\/\/lacasitaeducativa.shop\/index.php\/wp-json\/wp\/v2\/media\/441465"}],"wp:attachment":[{"href":"https:\/\/lacasitaeducativa.shop\/index.php\/wp-json\/wp\/v2\/media?parent=17510"}],"wp:term":[{"taxonomy":"product_brand","embeddable":true,"href":"https:\/\/lacasitaeducativa.shop\/index.php\/wp-json\/wp\/v2\/product_brand?post=17510"},{"taxonomy":"product_cat","embeddable":true,"href":"https:\/\/lacasitaeducativa.shop\/index.php\/wp-json\/wp\/v2\/product_cat?post=17510"},{"taxonomy":"product_tag","embeddable":true,"href":"https:\/\/lacasitaeducativa.shop\/index.php\/wp-json\/wp\/v2\/product_tag?post=17510"}],"curies":[{"name":"wp","href":"https:\/\/api.w.org\/{rel}","templated":true}]}}