{"id":188987,"date":"2022-12-02T11:09:11","date_gmt":"2022-12-02T11:09:11","guid":{"rendered":"https:\/\/lacasitaeducativa.shop\/?post_type=product&#038;p=188987"},"modified":"2025-12-06T09:38:01","modified_gmt":"2025-12-06T09:38:01","slug":"trazos-navidenos-copia","status":"publish","type":"product","link":"https:\/\/lacasitaeducativa.shop\/index.php\/producto\/trazos-navidenos-copia\/","title":{"rendered":"Trazos navide\u00f1os"},"content":{"rendered":"<p><strong>CONTENIDO<\/strong><\/p>\n<p>El recurso contiene:<\/p>\n<ol>\n<li>Dados con diferentes trazos.<\/li>\n<li>Tres bolas de navidad para recortar y decorar.<\/li>\n<li>Un \u00e1rbol para recortar y decorar.<\/li>\n<\/ol>\n<h3 data-start=\"1250\" data-end=\"1280\">\ud83d\udca1 Beneficios educativos<\/h3>\n<ul data-start=\"1281\" data-end=\"1543\">\n<li data-start=\"1281\" data-end=\"1346\">\n<p data-start=\"1283\" data-end=\"1346\">Mejora la <strong data-start=\"1293\" data-end=\"1318\">coordinaci\u00f3n ojo-mano<\/strong> y la <strong data-start=\"1324\" data-end=\"1343\">motricidad fina<\/strong>.<\/p>\n<\/li>\n<li data-start=\"1347\" data-end=\"1402\">\n<p data-start=\"1349\" data-end=\"1402\">Ayuda en la preparaci\u00f3n para la <strong data-start=\"1381\" data-end=\"1399\">lectoescritura<\/strong>.<\/p>\n<\/li>\n<li data-start=\"1403\" data-end=\"1472\">\n<p data-start=\"1405\" data-end=\"1472\">Potencia la <strong data-start=\"1417\" data-end=\"1469\">concentraci\u00f3n, la paciencia y la pr\u00e1ctica diaria<\/strong>.<\/p>\n<\/li>\n<li data-start=\"1473\" data-end=\"1543\">\n<p data-start=\"1475\" data-end=\"1543\">Aporta un contexto festivo que <strong data-start=\"1506\" data-end=\"1540\">hace que aprender sea un juego<\/strong>.<\/p>\n<\/li>\n<\/ul>\n<h3 data-start=\"1545\" data-end=\"1568\">\ud83c\udf84 Perfecto para\u2026<\/h3>\n<ul data-start=\"1569\" data-end=\"1780\">\n<li data-start=\"1569\" data-end=\"1608\">\n<p data-start=\"1571\" data-end=\"1608\">Rinc\u00f3n navide\u00f1o en clase o en casa.<\/p>\n<\/li>\n<li data-start=\"1609\" data-end=\"1650\">\n<p data-start=\"1611\" data-end=\"1650\">Actividades previas a las vacaciones.<\/p>\n<\/li>\n<li data-start=\"1651\" data-end=\"1728\">\n<p data-start=\"1653\" data-end=\"1728\">Complementar proyectos de Navidad con escritura, gr\u00e1ficos y manualidades.<\/p>\n<\/li>\n<li data-start=\"1729\" data-end=\"1780\">\n<p data-start=\"1731\" data-end=\"1780\">Regalar como actividad educativa para familias.<\/p>\n<\/li>\n<\/ul>\n<p><strong>IDIOMA<\/strong><\/p>\n<p>&#8212;&#8212;&#8212;&#8212;&#8212;&#8212;<\/p>\n<p><strong>EDAD RECOMENDADA<\/strong><\/p>\n<p>La actividad puede empezar a realizarse a partir de los 2 a\u00f1os.<\/p>\n<p>\u00bfQu\u00e9 te parece la actividad? Si puedes d\u00e9jame una valoraci\u00f3n o breve comentario para poder seguir mejorando. \ud83d\ude42<\/p>\n","protected":false},"excerpt":{"rendered":"<p>\u201cTrazos Navide\u00f1os\u201d es un material imprimible dise\u00f1ado para que los ni\u00f1os y ni\u00f1as practiquen <strong data-start=\"420\" data-end=\"462\">trazos, preescritura y motricidad fina<\/strong> con una tem\u00e1tica festiva. Un recurso ideal para combinar aprendizaje, creatividad y esp\u00edritu navide\u00f1o.<\/p>\n<p>Puede empezar a realizarse esta actividad a partir de 2 a\u00f1itos.<\/p>\n<p><script async src=\"https:\/\/pagead2.googlesyndication.com\/pagead\/js\/adsbygoogle.js\"><\/script><br \/>\n<!-- Horizontal-Adaptable --><br \/>\n<ins class=\"adsbygoogle\" style=\"display: block;\" data-ad-client=\"ca-pub-1103545772104863\" data-ad-slot=\"5194289265\" data-ad-format=\"auto\" data-full-width-responsive=\"true\"><\/ins><br \/>\n<script>\n     (adsbygoogle = window.adsbygoogle || []).push({});\n<\/script><\/p>\n","protected":false},"featured_media":491615,"comment_status":"open","ping_status":"closed","template":"","meta":{"site-sidebar-layout":"default","site-content-layout":"default","ast-site-content-layout":"default","site-content-style":"default","site-sidebar-style":"default","ast-global-header-display":"","ast-banner-title-visibility":"","ast-main-header-display":"","ast-hfb-above-header-display":"","ast-hfb-below-header-display":"","ast-hfb-mobile-header-display":"","site-post-title":"","ast-breadcrumbs-content":"","ast-featured-img":"","footer-sml-layout":"","ast-disable-related-posts":"","theme-transparent-header-meta":"default","adv-header-id-meta":"","stick-header-meta":"","header-above-stick-meta":"","header-main-stick-meta":"","header-below-stick-meta":"","astra-migrate-meta-layouts":"set","ast-page-background-enabled":"default","ast-page-background-meta":{"desktop":{"background-color":"","background-image":"","background-repeat":"repeat","background-position":"center center","background-size":"auto","background-attachment":"scroll","background-type":"","background-media":"","overlay-type":"","overlay-color":"","overlay-opacity":"","overlay-gradient":""},"tablet":{"background-color":"","background-image":"","background-repeat":"repeat","background-position":"center center","background-size":"auto","background-attachment":"scroll","background-type":"","background-media":"","overlay-type":"","overlay-color":"","overlay-opacity":"","overlay-gradient":""},"mobile":{"background-color":"","background-image":"","background-repeat":"repeat","background-position":"center center","background-size":"auto","background-attachment":"scroll","background-type":"","background-media":"","overlay-type":"","overlay-color":"","overlay-opacity":"","overlay-gradient":""}},"ast-content-background-meta":{"desktop":{"background-color":"var(--ast-global-color-5)","background-image":"","background-repeat":"repeat","background-position":"center center","background-size":"auto","background-attachment":"scroll","background-type":"","background-media":"","overlay-type":"","overlay-color":"","overlay-opacity":"","overlay-gradient":""},"tablet":{"background-color":"var(--ast-global-color-5)","background-image":"","background-repeat":"repeat","background-position":"center center","background-size":"auto","background-attachment":"scroll","background-type":"","background-media":"","overlay-type":"","overlay-color":"","overlay-opacity":"","overlay-gradient":""},"mobile":{"background-color":"var(--ast-global-color-5)","background-image":"","background-repeat":"repeat","background-position":"center center","background-size":"auto","background-attachment":"scroll","background-type":"","background-media":"","overlay-type":"","overlay-color":"","overlay-opacity":"","overlay-gradient":""}}},"product_brand":[],"product_cat":[153],"product_tag":[405,156,154,242],"class_list":{"0":"post-188987","1":"product","2":"type-product","3":"status-publish","4":"has-post-thumbnail","6":"product_cat-navidad","7":"product_tag-boladenavidad","8":"product_tag-colores","9":"product_tag-navidad","10":"product_tag-trazos","11":"desktop-align-left","12":"tablet-align-left","13":"mobile-align-left","15":"first","16":"instock","17":"downloadable","18":"virtual","19":"taxable","20":"purchasable","21":"product-type-simple"},"yoast_head":"<!-- This site is optimized with the Yoast SEO plugin v26.8 - https:\/\/yoast.com\/product\/yoast-seo-wordpress\/ -->\n<title>Trazos navide\u00f1os - La Casita Educativa<\/title>\n<meta name=\"description\" content=\"Actividad sencilla y entretenida para realizar con ni\u00f1os en Navidad. Es ideal para trabajar la trazabilidad y la motricidad fina de manera divertida.\" \/>\n<meta name=\"robots\" content=\"index, follow, max-snippet:-1, max-image-preview:large, max-video-preview:-1\" \/>\n<link rel=\"canonical\" href=\"https:\/\/lacasitaeducativa.shop\/index.php\/producto\/trazos-navidenos-copia\/\" \/>\n<meta property=\"og:locale\" content=\"es_ES\" \/>\n<meta property=\"og:type\" content=\"article\" \/>\n<meta property=\"og:title\" content=\"Trazos navide\u00f1os - La Casita Educativa\" \/>\n<meta property=\"og:description\" content=\"Actividad sencilla y entretenida para realizar con ni\u00f1os en Navidad. Es ideal para trabajar la trazabilidad y la motricidad fina de manera divertida.\" \/>\n<meta property=\"og:url\" content=\"https:\/\/lacasitaeducativa.shop\/index.php\/producto\/trazos-navidenos-copia\/\" \/>\n<meta property=\"og:site_name\" content=\"La Casita Educativa\" \/>\n<meta property=\"article:modified_time\" content=\"2025-12-06T09:38:01+00:00\" \/>\n<meta property=\"og:image\" content=\"https:\/\/lacasitaeducativa.shop\/wp-content\/uploads\/2022\/12\/trazos-navidad.jpg\" \/>\n\t<meta property=\"og:image:width\" content=\"1080\" \/>\n\t<meta property=\"og:image:height\" content=\"1080\" \/>\n\t<meta property=\"og:image:type\" content=\"image\/jpeg\" \/>\n<meta name=\"twitter:card\" content=\"summary_large_image\" \/>\n<meta name=\"twitter:label1\" content=\"Tiempo de lectura\" \/>\n\t<meta name=\"twitter:data1\" content=\"1 minuto\" \/>\n<script type=\"application\/ld+json\" class=\"yoast-schema-graph\">{\"@context\":\"https:\/\/schema.org\",\"@graph\":[{\"@type\":\"WebPage\",\"@id\":\"https:\/\/lacasitaeducativa.shop\/index.php\/producto\/trazos-navidenos-copia\/\",\"url\":\"https:\/\/lacasitaeducativa.shop\/index.php\/producto\/trazos-navidenos-copia\/\",\"name\":\"Trazos navide\u00f1os - La Casita Educativa\",\"isPartOf\":{\"@id\":\"https:\/\/lacasitaeducativa.shop\/#website\"},\"primaryImageOfPage\":{\"@id\":\"https:\/\/lacasitaeducativa.shop\/index.php\/producto\/trazos-navidenos-copia\/#primaryimage\"},\"image\":{\"@id\":\"https:\/\/lacasitaeducativa.shop\/index.php\/producto\/trazos-navidenos-copia\/#primaryimage\"},\"thumbnailUrl\":\"https:\/\/lacasitaeducativa.shop\/wp-content\/uploads\/2022\/12\/trazos-navidad.jpg\",\"datePublished\":\"2022-12-02T11:09:11+00:00\",\"dateModified\":\"2025-12-06T09:38:01+00:00\",\"description\":\"Actividad sencilla y entretenida para realizar con ni\u00f1os en Navidad. Es ideal para trabajar la trazabilidad y la motricidad fina de manera divertida.\",\"breadcrumb\":{\"@id\":\"https:\/\/lacasitaeducativa.shop\/index.php\/producto\/trazos-navidenos-copia\/#breadcrumb\"},\"inLanguage\":\"es\",\"potentialAction\":[{\"@type\":\"ReadAction\",\"target\":[\"https:\/\/lacasitaeducativa.shop\/index.php\/producto\/trazos-navidenos-copia\/\"]}]},{\"@type\":\"ImageObject\",\"inLanguage\":\"es\",\"@id\":\"https:\/\/lacasitaeducativa.shop\/index.php\/producto\/trazos-navidenos-copia\/#primaryimage\",\"url\":\"https:\/\/lacasitaeducativa.shop\/wp-content\/uploads\/2022\/12\/trazos-navidad.jpg\",\"contentUrl\":\"https:\/\/lacasitaeducativa.shop\/wp-content\/uploads\/2022\/12\/trazos-navidad.jpg\",\"width\":1080,\"height\":1080,\"caption\":\"Trazabilidad en navidad\"},{\"@type\":\"BreadcrumbList\",\"@id\":\"https:\/\/lacasitaeducativa.shop\/index.php\/producto\/trazos-navidenos-copia\/#breadcrumb\",\"itemListElement\":[{\"@type\":\"ListItem\",\"position\":1,\"name\":\"Portada\",\"item\":\"https:\/\/lacasitaeducativa.shop\/\"},{\"@type\":\"ListItem\",\"position\":2,\"name\":\"Recursos\",\"item\":\"https:\/\/lacasitaeducativa.shop\/index.php\/tienda\/\"},{\"@type\":\"ListItem\",\"position\":3,\"name\":\"Trazos navide\u00f1os\"}]},{\"@type\":\"WebSite\",\"@id\":\"https:\/\/lacasitaeducativa.shop\/#website\",\"url\":\"https:\/\/lacasitaeducativa.shop\/\",\"name\":\"La Casita Educativa\",\"description\":\"En esta casita encontrar\u00e9is todo tipo de recursos educativos infantiles, desde manualidades hasta actividades, juegos, cuentos, idiomas, adivinanzas y otros.\",\"publisher\":{\"@id\":\"https:\/\/lacasitaeducativa.shop\/#organization\"},\"potentialAction\":[{\"@type\":\"SearchAction\",\"target\":{\"@type\":\"EntryPoint\",\"urlTemplate\":\"https:\/\/lacasitaeducativa.shop\/?s={search_term_string}\"},\"query-input\":{\"@type\":\"PropertyValueSpecification\",\"valueRequired\":true,\"valueName\":\"search_term_string\"}}],\"inLanguage\":\"es\"},{\"@type\":\"Organization\",\"@id\":\"https:\/\/lacasitaeducativa.shop\/#organization\",\"name\":\"La Casita Educativa - LACASITAEDUCATIVA.SHOP\",\"url\":\"https:\/\/lacasitaeducativa.shop\/\",\"logo\":{\"@type\":\"ImageObject\",\"inLanguage\":\"es\",\"@id\":\"https:\/\/lacasitaeducativa.shop\/#\/schema\/logo\/image\/\",\"url\":\"https:\/\/lacasitaeducativa.shop\/wp-content\/uploads\/2020\/08\/Logos-la-casita-educativa-2-1.png\",\"contentUrl\":\"https:\/\/lacasitaeducativa.shop\/wp-content\/uploads\/2020\/08\/Logos-la-casita-educativa-2-1.png\",\"width\":500,\"height\":500,\"caption\":\"La Casita Educativa - LACASITAEDUCATIVA.SHOP\"},\"image\":{\"@id\":\"https:\/\/lacasitaeducativa.shop\/#\/schema\/logo\/image\/\"}}]}<\/script>\n<!-- \/ Yoast SEO plugin. -->","yoast_head_json":{"title":"Trazos navide\u00f1os - La Casita Educativa","description":"Actividad sencilla y entretenida para realizar con ni\u00f1os en Navidad. Es ideal para trabajar la trazabilidad y la motricidad fina de manera divertida.","robots":{"index":"index","follow":"follow","max-snippet":"max-snippet:-1","max-image-preview":"max-image-preview:large","max-video-preview":"max-video-preview:-1"},"canonical":"https:\/\/lacasitaeducativa.shop\/index.php\/producto\/trazos-navidenos-copia\/","og_locale":"es_ES","og_type":"article","og_title":"Trazos navide\u00f1os - La Casita Educativa","og_description":"Actividad sencilla y entretenida para realizar con ni\u00f1os en Navidad. Es ideal para trabajar la trazabilidad y la motricidad fina de manera divertida.","og_url":"https:\/\/lacasitaeducativa.shop\/index.php\/producto\/trazos-navidenos-copia\/","og_site_name":"La Casita Educativa","article_modified_time":"2025-12-06T09:38:01+00:00","og_image":[{"width":1080,"height":1080,"url":"https:\/\/lacasitaeducativa.shop\/wp-content\/uploads\/2022\/12\/trazos-navidad.jpg","type":"image\/jpeg"}],"twitter_card":"summary_large_image","twitter_misc":{"Tiempo de lectura":"1 minuto"},"schema":{"@context":"https:\/\/schema.org","@graph":[{"@type":"WebPage","@id":"https:\/\/lacasitaeducativa.shop\/index.php\/producto\/trazos-navidenos-copia\/","url":"https:\/\/lacasitaeducativa.shop\/index.php\/producto\/trazos-navidenos-copia\/","name":"Trazos navide\u00f1os - La Casita Educativa","isPartOf":{"@id":"https:\/\/lacasitaeducativa.shop\/#website"},"primaryImageOfPage":{"@id":"https:\/\/lacasitaeducativa.shop\/index.php\/producto\/trazos-navidenos-copia\/#primaryimage"},"image":{"@id":"https:\/\/lacasitaeducativa.shop\/index.php\/producto\/trazos-navidenos-copia\/#primaryimage"},"thumbnailUrl":"https:\/\/lacasitaeducativa.shop\/wp-content\/uploads\/2022\/12\/trazos-navidad.jpg","datePublished":"2022-12-02T11:09:11+00:00","dateModified":"2025-12-06T09:38:01+00:00","description":"Actividad sencilla y entretenida para realizar con ni\u00f1os en Navidad. Es ideal para trabajar la trazabilidad y la motricidad fina de manera divertida.","breadcrumb":{"@id":"https:\/\/lacasitaeducativa.shop\/index.php\/producto\/trazos-navidenos-copia\/#breadcrumb"},"inLanguage":"es","potentialAction":[{"@type":"ReadAction","target":["https:\/\/lacasitaeducativa.shop\/index.php\/producto\/trazos-navidenos-copia\/"]}]},{"@type":"ImageObject","inLanguage":"es","@id":"https:\/\/lacasitaeducativa.shop\/index.php\/producto\/trazos-navidenos-copia\/#primaryimage","url":"https:\/\/lacasitaeducativa.shop\/wp-content\/uploads\/2022\/12\/trazos-navidad.jpg","contentUrl":"https:\/\/lacasitaeducativa.shop\/wp-content\/uploads\/2022\/12\/trazos-navidad.jpg","width":1080,"height":1080,"caption":"Trazabilidad en navidad"},{"@type":"BreadcrumbList","@id":"https:\/\/lacasitaeducativa.shop\/index.php\/producto\/trazos-navidenos-copia\/#breadcrumb","itemListElement":[{"@type":"ListItem","position":1,"name":"Portada","item":"https:\/\/lacasitaeducativa.shop\/"},{"@type":"ListItem","position":2,"name":"Recursos","item":"https:\/\/lacasitaeducativa.shop\/index.php\/tienda\/"},{"@type":"ListItem","position":3,"name":"Trazos navide\u00f1os"}]},{"@type":"WebSite","@id":"https:\/\/lacasitaeducativa.shop\/#website","url":"https:\/\/lacasitaeducativa.shop\/","name":"La Casita Educativa","description":"En esta casita encontrar\u00e9is todo tipo de recursos educativos infantiles, desde manualidades hasta actividades, juegos, cuentos, idiomas, adivinanzas y otros.","publisher":{"@id":"https:\/\/lacasitaeducativa.shop\/#organization"},"potentialAction":[{"@type":"SearchAction","target":{"@type":"EntryPoint","urlTemplate":"https:\/\/lacasitaeducativa.shop\/?s={search_term_string}"},"query-input":{"@type":"PropertyValueSpecification","valueRequired":true,"valueName":"search_term_string"}}],"inLanguage":"es"},{"@type":"Organization","@id":"https:\/\/lacasitaeducativa.shop\/#organization","name":"La Casita Educativa - LACASITAEDUCATIVA.SHOP","url":"https:\/\/lacasitaeducativa.shop\/","logo":{"@type":"ImageObject","inLanguage":"es","@id":"https:\/\/lacasitaeducativa.shop\/#\/schema\/logo\/image\/","url":"https:\/\/lacasitaeducativa.shop\/wp-content\/uploads\/2020\/08\/Logos-la-casita-educativa-2-1.png","contentUrl":"https:\/\/lacasitaeducativa.shop\/wp-content\/uploads\/2020\/08\/Logos-la-casita-educativa-2-1.png","width":500,"height":500,"caption":"La Casita Educativa - LACASITAEDUCATIVA.SHOP"},"image":{"@id":"https:\/\/lacasitaeducativa.shop\/#\/schema\/logo\/image\/"}}]}},"_links":{"self":[{"href":"https:\/\/lacasitaeducativa.shop\/index.php\/wp-json\/wp\/v2\/product\/188987","targetHints":{"allow":["GET"]}}],"collection":[{"href":"https:\/\/lacasitaeducativa.shop\/index.php\/wp-json\/wp\/v2\/product"}],"about":[{"href":"https:\/\/lacasitaeducativa.shop\/index.php\/wp-json\/wp\/v2\/types\/product"}],"replies":[{"embeddable":true,"href":"https:\/\/lacasitaeducativa.shop\/index.php\/wp-json\/wp\/v2\/comments?post=188987"}],"wp:featuredmedia":[{"embeddable":true,"href":"https:\/\/lacasitaeducativa.shop\/index.php\/wp-json\/wp\/v2\/media\/491615"}],"wp:attachment":[{"href":"https:\/\/lacasitaeducativa.shop\/index.php\/wp-json\/wp\/v2\/media?parent=188987"}],"wp:term":[{"taxonomy":"product_brand","embeddable":true,"href":"https:\/\/lacasitaeducativa.shop\/index.php\/wp-json\/wp\/v2\/product_brand?post=188987"},{"taxonomy":"product_cat","embeddable":true,"href":"https:\/\/lacasitaeducativa.shop\/index.php\/wp-json\/wp\/v2\/product_cat?post=188987"},{"taxonomy":"product_tag","embeddable":true,"href":"https:\/\/lacasitaeducativa.shop\/index.php\/wp-json\/wp\/v2\/product_tag?post=188987"}],"curies":[{"name":"wp","href":"https:\/\/api.w.org\/{rel}","templated":true}]}}