{"id":19441,"date":"2021-01-09T12:47:50","date_gmt":"2021-01-09T12:47:50","guid":{"rendered":"https:\/\/lacasitaeducativa.shop\/?post_type=product&#038;p=19441"},"modified":"2025-02-11T13:48:32","modified_gmt":"2025-02-11T13:48:32","slug":"que-tiempo-hace-hoy-vocabulario-en-ingles","status":"publish","type":"product","link":"https:\/\/lacasitaeducativa.shop\/index.php\/producto\/que-tiempo-hace-hoy-vocabulario-en-ingles\/","title":{"rendered":"\u00bfQu\u00e9 tiempo hace hoy? Vocabulario en ingl\u00e9s"},"content":{"rendered":"<p>Tarjetas meteorol\u00f3gicas muy atractivas para aprender vocabulario en ingl\u00e9s.<\/p>\n<p>El material contiene 12 tarjetas\u00a0con diferentes fen\u00f3menos\u00a0meteorol\u00f3gicos. C\u00f3mo pod\u00e9is ver en el video tenemos ilustraciones de un arco\u00edris, un rel\u00e1mpago, un tornado, lluvia, entre muchos otros.<\/p>\n<p>Los ni\u00f1os tendr\u00e1n que mirar cada tarjeta, tratar de reconocer la imagen y los nombres de los diferentes fen\u00f3menos meteorol\u00f3gicos y colocar una pinza en la respuesta correcta o bien, tambi\u00e9n puede marcarse con rotulador.<\/p>\n<p>\u00bfQu\u00e9 os parece el material?<\/p>\n<p>Tambi\u00e9n tenemos otros materiales para aprender vocabulario b\u00e1sico de ingl\u00e9s. Los podr\u00e1s encontrar en el siguiente enlace: <a href=\"https:\/\/lacasitaeducativa.shop\/?s=ingl%C3%A9s&amp;post_type=product\" target=\"_blank\" rel=\"noopener noreferrer\">Recursos para aprender ingl\u00e9s<\/a><\/p>\n","protected":false},"excerpt":{"rendered":"<p>Tarjetas meteorol\u00f3gicas muy atractivas para aprender vocabulario en ingl\u00e9s.El material contiene 12 tarjetas\u00a0con diferentes fen\u00f3menos\u00a0meteorol\u00f3gicos.<\/p>\n<p><script async src=\"https:\/\/pagead2.googlesyndication.com\/pagead\/js\/adsbygoogle.js\"><\/script><br \/>\n<!-- Horizontal-Adaptable --><br \/>\n<ins class=\"adsbygoogle\" style=\"display: block;\" data-ad-client=\"ca-pub-1103545772104863\" data-ad-slot=\"5194289265\" data-ad-format=\"auto\" data-full-width-responsive=\"true\"><\/ins><br \/>\n<script>\n     (adsbygoogle = window.adsbygoogle || []).push({});\n<\/script><\/p>\n","protected":false},"featured_media":19468,"comment_status":"open","ping_status":"closed","template":"","meta":{"site-sidebar-layout":"default","site-content-layout":"default","ast-site-content-layout":"default","site-content-style":"default","site-sidebar-style":"default","ast-global-header-display":"","ast-banner-title-visibility":"","ast-main-header-display":"","ast-hfb-above-header-display":"","ast-hfb-below-header-display":"","ast-hfb-mobile-header-display":"","site-post-title":"","ast-breadcrumbs-content":"","ast-featured-img":"","footer-sml-layout":"","ast-disable-related-posts":"","theme-transparent-header-meta":"default","adv-header-id-meta":"","stick-header-meta":"","header-above-stick-meta":"","header-main-stick-meta":"","header-below-stick-meta":"","astra-migrate-meta-layouts":"set","ast-page-background-enabled":"default","ast-page-background-meta":{"desktop":{"background-color":"","background-image":"","background-repeat":"repeat","background-position":"center center","background-size":"auto","background-attachment":"scroll","background-type":"","background-media":"","overlay-type":"","overlay-color":"","overlay-opacity":"","overlay-gradient":""},"tablet":{"background-color":"","background-image":"","background-repeat":"repeat","background-position":"center center","background-size":"auto","background-attachment":"scroll","background-type":"","background-media":"","overlay-type":"","overlay-color":"","overlay-opacity":"","overlay-gradient":""},"mobile":{"background-color":"","background-image":"","background-repeat":"repeat","background-position":"center center","background-size":"auto","background-attachment":"scroll","background-type":"","background-media":"","overlay-type":"","overlay-color":"","overlay-opacity":"","overlay-gradient":""}},"ast-content-background-meta":{"desktop":{"background-color":"var(--ast-global-color-5)","background-image":"","background-repeat":"repeat","background-position":"center center","background-size":"auto","background-attachment":"scroll","background-type":"","background-media":"","overlay-type":"","overlay-color":"","overlay-opacity":"","overlay-gradient":""},"tablet":{"background-color":"var(--ast-global-color-5)","background-image":"","background-repeat":"repeat","background-position":"center center","background-size":"auto","background-attachment":"scroll","background-type":"","background-media":"","overlay-type":"","overlay-color":"","overlay-opacity":"","overlay-gradient":""},"mobile":{"background-color":"var(--ast-global-color-5)","background-image":"","background-repeat":"repeat","background-position":"center center","background-size":"auto","background-attachment":"scroll","background-type":"","background-media":"","overlay-type":"","overlay-color":"","overlay-opacity":"","overlay-gradient":""}}},"product_brand":[],"product_cat":[79],"product_tag":[120,170,198,199],"class_list":{"0":"post-19441","1":"product","2":"type-product","3":"status-publish","4":"has-post-thumbnail","6":"product_cat-ingles","7":"product_tag-ingles","8":"product_tag-tiempo","9":"product_tag-tiempometereologico","10":"product_tag-vocabulario","11":"desktop-align-left","12":"tablet-align-left","13":"mobile-align-left","15":"first","16":"instock","17":"downloadable","18":"virtual","19":"taxable","20":"purchasable","21":"product-type-simple"},"yoast_head":"<!-- This site is optimized with the Yoast SEO plugin v26.8 - https:\/\/yoast.com\/product\/yoast-seo-wordpress\/ -->\n<title>El tiempo metere\u00f3logico- Vocabulario en ingl\u00e9s - La Casita Educativa<\/title>\n<meta name=\"description\" content=\"Tarjetas meteorol\u00f3gicas muy atractivas para aprender vocabulario en ingl\u00e9s. Contiene 12 tarjetas\u00a0con diferentes fen\u00f3menos\u00a0meteorol\u00f3gicos.\" \/>\n<meta name=\"robots\" content=\"index, follow, max-snippet:-1, max-image-preview:large, max-video-preview:-1\" \/>\n<link rel=\"canonical\" href=\"https:\/\/lacasitaeducativa.shop\/index.php\/producto\/que-tiempo-hace-hoy-vocabulario-en-ingles\/\" \/>\n<meta property=\"og:locale\" content=\"es_ES\" \/>\n<meta property=\"og:type\" content=\"article\" \/>\n<meta property=\"og:title\" content=\"El tiempo metere\u00f3logico- Vocabulario en ingl\u00e9s - La Casita Educativa\" \/>\n<meta property=\"og:description\" content=\"Tarjetas meteorol\u00f3gicas muy atractivas para aprender vocabulario en ingl\u00e9s. Contiene 12 tarjetas\u00a0con diferentes fen\u00f3menos\u00a0meteorol\u00f3gicos.\" \/>\n<meta property=\"og:url\" content=\"https:\/\/lacasitaeducativa.shop\/index.php\/producto\/que-tiempo-hace-hoy-vocabulario-en-ingles\/\" \/>\n<meta property=\"og:site_name\" content=\"La Casita Educativa\" \/>\n<meta property=\"article:modified_time\" content=\"2025-02-11T13:48:32+00:00\" \/>\n<meta property=\"og:image\" content=\"https:\/\/lacasitaeducativa.shop\/wp-content\/uploads\/2021\/01\/WEATHER.jpg\" \/>\n\t<meta property=\"og:image:width\" content=\"1080\" \/>\n\t<meta property=\"og:image:height\" content=\"1080\" \/>\n\t<meta property=\"og:image:type\" content=\"image\/jpeg\" \/>\n<meta name=\"twitter:card\" content=\"summary_large_image\" \/>\n<meta name=\"twitter:label1\" content=\"Tiempo de lectura\" \/>\n\t<meta name=\"twitter:data1\" content=\"1 minuto\" \/>\n<script type=\"application\/ld+json\" class=\"yoast-schema-graph\">{\"@context\":\"https:\/\/schema.org\",\"@graph\":[{\"@type\":\"WebPage\",\"@id\":\"https:\/\/lacasitaeducativa.shop\/index.php\/producto\/que-tiempo-hace-hoy-vocabulario-en-ingles\/\",\"url\":\"https:\/\/lacasitaeducativa.shop\/index.php\/producto\/que-tiempo-hace-hoy-vocabulario-en-ingles\/\",\"name\":\"El tiempo metere\u00f3logico- Vocabulario en ingl\u00e9s - La Casita Educativa\",\"isPartOf\":{\"@id\":\"https:\/\/lacasitaeducativa.shop\/#website\"},\"primaryImageOfPage\":{\"@id\":\"https:\/\/lacasitaeducativa.shop\/index.php\/producto\/que-tiempo-hace-hoy-vocabulario-en-ingles\/#primaryimage\"},\"image\":{\"@id\":\"https:\/\/lacasitaeducativa.shop\/index.php\/producto\/que-tiempo-hace-hoy-vocabulario-en-ingles\/#primaryimage\"},\"thumbnailUrl\":\"https:\/\/lacasitaeducativa.shop\/wp-content\/uploads\/2021\/01\/WEATHER.jpg\",\"datePublished\":\"2021-01-09T12:47:50+00:00\",\"dateModified\":\"2025-02-11T13:48:32+00:00\",\"description\":\"Tarjetas meteorol\u00f3gicas muy atractivas para aprender vocabulario en ingl\u00e9s. Contiene 12 tarjetas\u00a0con diferentes fen\u00f3menos\u00a0meteorol\u00f3gicos.\",\"breadcrumb\":{\"@id\":\"https:\/\/lacasitaeducativa.shop\/index.php\/producto\/que-tiempo-hace-hoy-vocabulario-en-ingles\/#breadcrumb\"},\"inLanguage\":\"es\",\"potentialAction\":[{\"@type\":\"ReadAction\",\"target\":[\"https:\/\/lacasitaeducativa.shop\/index.php\/producto\/que-tiempo-hace-hoy-vocabulario-en-ingles\/\"]}]},{\"@type\":\"ImageObject\",\"inLanguage\":\"es\",\"@id\":\"https:\/\/lacasitaeducativa.shop\/index.php\/producto\/que-tiempo-hace-hoy-vocabulario-en-ingles\/#primaryimage\",\"url\":\"https:\/\/lacasitaeducativa.shop\/wp-content\/uploads\/2021\/01\/WEATHER.jpg\",\"contentUrl\":\"https:\/\/lacasitaeducativa.shop\/wp-content\/uploads\/2021\/01\/WEATHER.jpg\",\"width\":1080,\"height\":1080,\"caption\":\"FENOMENOS METEROLOGICOS\"},{\"@type\":\"BreadcrumbList\",\"@id\":\"https:\/\/lacasitaeducativa.shop\/index.php\/producto\/que-tiempo-hace-hoy-vocabulario-en-ingles\/#breadcrumb\",\"itemListElement\":[{\"@type\":\"ListItem\",\"position\":1,\"name\":\"Portada\",\"item\":\"https:\/\/lacasitaeducativa.shop\/\"},{\"@type\":\"ListItem\",\"position\":2,\"name\":\"Recursos\",\"item\":\"https:\/\/lacasitaeducativa.shop\/index.php\/tienda\/\"},{\"@type\":\"ListItem\",\"position\":3,\"name\":\"\u00bfQu\u00e9 tiempo hace hoy? Vocabulario en ingl\u00e9s\"}]},{\"@type\":\"WebSite\",\"@id\":\"https:\/\/lacasitaeducativa.shop\/#website\",\"url\":\"https:\/\/lacasitaeducativa.shop\/\",\"name\":\"La Casita Educativa\",\"description\":\"En esta casita encontrar\u00e9is todo tipo de recursos educativos infantiles, desde manualidades hasta actividades, juegos, cuentos, idiomas, adivinanzas y otros.\",\"publisher\":{\"@id\":\"https:\/\/lacasitaeducativa.shop\/#organization\"},\"potentialAction\":[{\"@type\":\"SearchAction\",\"target\":{\"@type\":\"EntryPoint\",\"urlTemplate\":\"https:\/\/lacasitaeducativa.shop\/?s={search_term_string}\"},\"query-input\":{\"@type\":\"PropertyValueSpecification\",\"valueRequired\":true,\"valueName\":\"search_term_string\"}}],\"inLanguage\":\"es\"},{\"@type\":\"Organization\",\"@id\":\"https:\/\/lacasitaeducativa.shop\/#organization\",\"name\":\"La Casita Educativa - LACASITAEDUCATIVA.SHOP\",\"url\":\"https:\/\/lacasitaeducativa.shop\/\",\"logo\":{\"@type\":\"ImageObject\",\"inLanguage\":\"es\",\"@id\":\"https:\/\/lacasitaeducativa.shop\/#\/schema\/logo\/image\/\",\"url\":\"https:\/\/lacasitaeducativa.shop\/wp-content\/uploads\/2020\/08\/Logos-la-casita-educativa-2-1.png\",\"contentUrl\":\"https:\/\/lacasitaeducativa.shop\/wp-content\/uploads\/2020\/08\/Logos-la-casita-educativa-2-1.png\",\"width\":500,\"height\":500,\"caption\":\"La Casita Educativa - LACASITAEDUCATIVA.SHOP\"},\"image\":{\"@id\":\"https:\/\/lacasitaeducativa.shop\/#\/schema\/logo\/image\/\"}}]}<\/script>\n<!-- \/ Yoast SEO plugin. -->","yoast_head_json":{"title":"El tiempo metere\u00f3logico- Vocabulario en ingl\u00e9s - La Casita Educativa","description":"Tarjetas meteorol\u00f3gicas muy atractivas para aprender vocabulario en ingl\u00e9s. Contiene 12 tarjetas\u00a0con diferentes fen\u00f3menos\u00a0meteorol\u00f3gicos.","robots":{"index":"index","follow":"follow","max-snippet":"max-snippet:-1","max-image-preview":"max-image-preview:large","max-video-preview":"max-video-preview:-1"},"canonical":"https:\/\/lacasitaeducativa.shop\/index.php\/producto\/que-tiempo-hace-hoy-vocabulario-en-ingles\/","og_locale":"es_ES","og_type":"article","og_title":"El tiempo metere\u00f3logico- Vocabulario en ingl\u00e9s - La Casita Educativa","og_description":"Tarjetas meteorol\u00f3gicas muy atractivas para aprender vocabulario en ingl\u00e9s. Contiene 12 tarjetas\u00a0con diferentes fen\u00f3menos\u00a0meteorol\u00f3gicos.","og_url":"https:\/\/lacasitaeducativa.shop\/index.php\/producto\/que-tiempo-hace-hoy-vocabulario-en-ingles\/","og_site_name":"La Casita Educativa","article_modified_time":"2025-02-11T13:48:32+00:00","og_image":[{"width":1080,"height":1080,"url":"https:\/\/lacasitaeducativa.shop\/wp-content\/uploads\/2021\/01\/WEATHER.jpg","type":"image\/jpeg"}],"twitter_card":"summary_large_image","twitter_misc":{"Tiempo de lectura":"1 minuto"},"schema":{"@context":"https:\/\/schema.org","@graph":[{"@type":"WebPage","@id":"https:\/\/lacasitaeducativa.shop\/index.php\/producto\/que-tiempo-hace-hoy-vocabulario-en-ingles\/","url":"https:\/\/lacasitaeducativa.shop\/index.php\/producto\/que-tiempo-hace-hoy-vocabulario-en-ingles\/","name":"El tiempo metere\u00f3logico- Vocabulario en ingl\u00e9s - La Casita Educativa","isPartOf":{"@id":"https:\/\/lacasitaeducativa.shop\/#website"},"primaryImageOfPage":{"@id":"https:\/\/lacasitaeducativa.shop\/index.php\/producto\/que-tiempo-hace-hoy-vocabulario-en-ingles\/#primaryimage"},"image":{"@id":"https:\/\/lacasitaeducativa.shop\/index.php\/producto\/que-tiempo-hace-hoy-vocabulario-en-ingles\/#primaryimage"},"thumbnailUrl":"https:\/\/lacasitaeducativa.shop\/wp-content\/uploads\/2021\/01\/WEATHER.jpg","datePublished":"2021-01-09T12:47:50+00:00","dateModified":"2025-02-11T13:48:32+00:00","description":"Tarjetas meteorol\u00f3gicas muy atractivas para aprender vocabulario en ingl\u00e9s. Contiene 12 tarjetas\u00a0con diferentes fen\u00f3menos\u00a0meteorol\u00f3gicos.","breadcrumb":{"@id":"https:\/\/lacasitaeducativa.shop\/index.php\/producto\/que-tiempo-hace-hoy-vocabulario-en-ingles\/#breadcrumb"},"inLanguage":"es","potentialAction":[{"@type":"ReadAction","target":["https:\/\/lacasitaeducativa.shop\/index.php\/producto\/que-tiempo-hace-hoy-vocabulario-en-ingles\/"]}]},{"@type":"ImageObject","inLanguage":"es","@id":"https:\/\/lacasitaeducativa.shop\/index.php\/producto\/que-tiempo-hace-hoy-vocabulario-en-ingles\/#primaryimage","url":"https:\/\/lacasitaeducativa.shop\/wp-content\/uploads\/2021\/01\/WEATHER.jpg","contentUrl":"https:\/\/lacasitaeducativa.shop\/wp-content\/uploads\/2021\/01\/WEATHER.jpg","width":1080,"height":1080,"caption":"FENOMENOS METEROLOGICOS"},{"@type":"BreadcrumbList","@id":"https:\/\/lacasitaeducativa.shop\/index.php\/producto\/que-tiempo-hace-hoy-vocabulario-en-ingles\/#breadcrumb","itemListElement":[{"@type":"ListItem","position":1,"name":"Portada","item":"https:\/\/lacasitaeducativa.shop\/"},{"@type":"ListItem","position":2,"name":"Recursos","item":"https:\/\/lacasitaeducativa.shop\/index.php\/tienda\/"},{"@type":"ListItem","position":3,"name":"\u00bfQu\u00e9 tiempo hace hoy? Vocabulario en ingl\u00e9s"}]},{"@type":"WebSite","@id":"https:\/\/lacasitaeducativa.shop\/#website","url":"https:\/\/lacasitaeducativa.shop\/","name":"La Casita Educativa","description":"En esta casita encontrar\u00e9is todo tipo de recursos educativos infantiles, desde manualidades hasta actividades, juegos, cuentos, idiomas, adivinanzas y otros.","publisher":{"@id":"https:\/\/lacasitaeducativa.shop\/#organization"},"potentialAction":[{"@type":"SearchAction","target":{"@type":"EntryPoint","urlTemplate":"https:\/\/lacasitaeducativa.shop\/?s={search_term_string}"},"query-input":{"@type":"PropertyValueSpecification","valueRequired":true,"valueName":"search_term_string"}}],"inLanguage":"es"},{"@type":"Organization","@id":"https:\/\/lacasitaeducativa.shop\/#organization","name":"La Casita Educativa - LACASITAEDUCATIVA.SHOP","url":"https:\/\/lacasitaeducativa.shop\/","logo":{"@type":"ImageObject","inLanguage":"es","@id":"https:\/\/lacasitaeducativa.shop\/#\/schema\/logo\/image\/","url":"https:\/\/lacasitaeducativa.shop\/wp-content\/uploads\/2020\/08\/Logos-la-casita-educativa-2-1.png","contentUrl":"https:\/\/lacasitaeducativa.shop\/wp-content\/uploads\/2020\/08\/Logos-la-casita-educativa-2-1.png","width":500,"height":500,"caption":"La Casita Educativa - LACASITAEDUCATIVA.SHOP"},"image":{"@id":"https:\/\/lacasitaeducativa.shop\/#\/schema\/logo\/image\/"}}]}},"_links":{"self":[{"href":"https:\/\/lacasitaeducativa.shop\/index.php\/wp-json\/wp\/v2\/product\/19441","targetHints":{"allow":["GET"]}}],"collection":[{"href":"https:\/\/lacasitaeducativa.shop\/index.php\/wp-json\/wp\/v2\/product"}],"about":[{"href":"https:\/\/lacasitaeducativa.shop\/index.php\/wp-json\/wp\/v2\/types\/product"}],"replies":[{"embeddable":true,"href":"https:\/\/lacasitaeducativa.shop\/index.php\/wp-json\/wp\/v2\/comments?post=19441"}],"wp:featuredmedia":[{"embeddable":true,"href":"https:\/\/lacasitaeducativa.shop\/index.php\/wp-json\/wp\/v2\/media\/19468"}],"wp:attachment":[{"href":"https:\/\/lacasitaeducativa.shop\/index.php\/wp-json\/wp\/v2\/media?parent=19441"}],"wp:term":[{"taxonomy":"product_brand","embeddable":true,"href":"https:\/\/lacasitaeducativa.shop\/index.php\/wp-json\/wp\/v2\/product_brand?post=19441"},{"taxonomy":"product_cat","embeddable":true,"href":"https:\/\/lacasitaeducativa.shop\/index.php\/wp-json\/wp\/v2\/product_cat?post=19441"},{"taxonomy":"product_tag","embeddable":true,"href":"https:\/\/lacasitaeducativa.shop\/index.php\/wp-json\/wp\/v2\/product_tag?post=19441"}],"curies":[{"name":"wp","href":"https:\/\/api.w.org\/{rel}","templated":true}]}}