{"id":266258,"date":"2023-08-01T18:06:30","date_gmt":"2023-08-01T18:06:30","guid":{"rendered":"https:\/\/lacasitaeducativa.shop\/?post_type=product&#038;p=266258"},"modified":"2026-04-04T14:40:12","modified_gmt":"2026-04-04T14:40:12","slug":"depresores-y-cuentos-clasicos","status":"publish","type":"product","link":"https:\/\/lacasitaeducativa.shop\/index.php\/producto\/depresores-y-cuentos-clasicos\/","title":{"rendered":"Actividad cuentos cl\u00e1sicos infantil"},"content":{"rendered":"<h2 data-section-id=\"16nyiwl\" data-start=\"1395\" data-end=\"1460\">\ud83c\udfaf \u00bfPara qu\u00e9 sirve este juego con depresores cuentos cl\u00e1sicos?<\/h2>\n<p data-start=\"1462\" data-end=\"1606\">El juego de <strong data-start=\"1474\" data-end=\"1505\">depresores cuentos cl\u00e1sicos<\/strong> consiste en reproducir las figuras de las tarjetas utilizando depresores de colores, fomentando as\u00ed:<\/p>\n<ul data-start=\"1608\" data-end=\"1720\">\n<li data-section-id=\"1opg7ao\" data-start=\"1608\" data-end=\"1640\">La coordinaci\u00f3n \u00f3culo-manual<\/li>\n<li data-section-id=\"prg6q7\" data-start=\"1641\" data-end=\"1672\">La atenci\u00f3n y concentraci\u00f3n<\/li>\n<li data-section-id=\"1uiz0fr\" data-start=\"1673\" data-end=\"1697\">La percepci\u00f3n visual<\/li>\n<li data-section-id=\"17iyzcz\" data-start=\"1698\" data-end=\"1720\">La motricidad fina<\/li>\n<\/ul>\n<p data-start=\"1722\" data-end=\"1798\">Es un recurso perfecto para trabajar en rincones o actividades individuales.<\/p>\n<h2 data-section-id=\"4i9s1y\" data-start=\"1805\" data-end=\"1834\">\u2702\ufe0f Qu\u00e9 incluye el material<\/h2>\n<p data-start=\"1836\" data-end=\"1858\">Este material incluye:<\/p>\n<ul data-start=\"1860\" data-end=\"2100\">\n<li data-section-id=\"1wde7ac\" data-start=\"1860\" data-end=\"1903\">20 tarjetas con modelos para reproducir<\/li>\n<li data-section-id=\"17gq8vc\" data-start=\"1904\" data-end=\"2044\">Ilustraciones de cuentos cl\u00e1sicos (Caperucita Roja, Los 3 cerditos, La sirenita, Hansel y Gretel\u2026)<\/li>\n<li data-section-id=\"67w3\" data-start=\"2045\" data-end=\"2100\">Actividades manipulativas con depresores de colores<\/li>\n<\/ul>\n<h2 data-section-id=\"xu2g7l\" data-start=\"2107\" data-end=\"2164\">\ud83d\udca1 Beneficios del material manipulativo con depresores<\/h2>\n<ul data-start=\"2166\" data-end=\"2332\">\n<li data-section-id=\"1m0dq4s\" data-start=\"2166\" data-end=\"2200\">Aprendizaje a trav\u00e9s del juego<\/li>\n<li data-section-id=\"1qaplrj\" data-start=\"2201\" data-end=\"2232\">Material visual y atractivo<\/li>\n<li data-section-id=\"g4ygf9\" data-start=\"2233\" data-end=\"2258\">Favorece la autonom\u00eda<\/li>\n<li data-section-id=\"1dyy3wx\" data-start=\"2259\" data-end=\"2292\">Ideal para educaci\u00f3n infantil<\/li>\n<li data-section-id=\"2et7o2\" data-start=\"2293\" data-end=\"2332\">Actividad sencilla y muy motivadora<\/li>\n<\/ul>\n<p data-start=\"2334\" data-end=\"2497\">Este tipo de actividad resulta muy entretenida para los ni\u00f1os, que aprenden mientras juegan y desarrollan habilidades clave<\/p>\n<h2 data-section-id=\"z4l8yd\" data-start=\"2504\" data-end=\"2539\">\ud83d\udc69\u200d\ud83c\udfeb C\u00f3mo utilizar este recurso<\/h2>\n<p data-start=\"2541\" data-end=\"2556\">Solo necesitas:<\/p>\n<ul data-start=\"2558\" data-end=\"2623\">\n<li data-section-id=\"1aaq2m4\" data-start=\"2558\" data-end=\"2583\">Depresores de colores<\/li>\n<li data-section-id=\"10zjsok\" data-start=\"2584\" data-end=\"2623\">Imprimir y plastificar las tarjetas<\/li>\n<\/ul>\n<p data-start=\"2625\" data-end=\"2742\">El objetivo es que el ni\u00f1o reproduzca exactamente el modelo de la tarjeta, trabajando as\u00ed la atenci\u00f3n y la precisi\u00f3n.<\/p>\n<h2 data-section-id=\"19pmt8v\" data-start=\"2749\" data-end=\"2771\">\ud83c\udfaf Edad recomendada<\/h2>\n<p data-start=\"2773\" data-end=\"2941\">El material de <strong data-start=\"2788\" data-end=\"2819\">depresores cuentos cl\u00e1sicos<\/strong> est\u00e1 recomendado a partir de 2 a\u00f1os y medio, siendo ideal para educaci\u00f3n infantil<\/p>\n<h2 data-section-id=\"nxag1r\" data-start=\"2948\" data-end=\"3001\">\ud83d\udcda Recurso educativo inspirado en cuentos cl\u00e1sicos<\/h2>\n<p data-start=\"3003\" data-end=\"3148\">Este recurso combina el aprendizaje manipulativo con personajes de cuentos tradicionales, lo que aumenta la motivaci\u00f3n y el inter\u00e9s del alumnado.<\/p>\n<p>&nbsp;<\/p>\n","protected":false},"excerpt":{"rendered":"<p data-start=\"1063\" data-end=\"1255\">Este material de <strong data-start=\"1080\" data-end=\"1111\">depresores cuentos cl\u00e1sicos<\/strong> es un recurso educativo manipulativo ideal para desarrollar la motricidad fina, la atenci\u00f3n y las habilidades cognitivas en educaci\u00f3n infantil.<\/p>\n<p data-start=\"1257\" data-end=\"1388\">A trav\u00e9s de ilustraciones de cuentos cl\u00e1sicos, los ni\u00f1os y ni\u00f1as podr\u00e1n jugar mientras aprenden de forma divertida y significativa.<\/p>\n<p><script async src=\"https:\/\/pagead2.googlesyndication.com\/pagead\/js\/adsbygoogle.js\"><\/script><br \/>\n<!-- Horizontal-Adaptable --><br \/>\n<ins class=\"adsbygoogle\" style=\"display: block;\" data-ad-client=\"ca-pub-1103545772104863\" data-ad-slot=\"5194289265\" data-ad-format=\"auto\" data-full-width-responsive=\"true\"><\/ins><br \/>\n<script>\n     (adsbygoogle = window.adsbygoogle || []).push({});\n<\/script><\/p>\n","protected":false},"featured_media":266307,"comment_status":"open","ping_status":"closed","template":"","meta":{"site-sidebar-layout":"default","site-content-layout":"default","ast-site-content-layout":"default","site-content-style":"default","site-sidebar-style":"default","ast-global-header-display":"","ast-banner-title-visibility":"","ast-main-header-display":"","ast-hfb-above-header-display":"","ast-hfb-below-header-display":"","ast-hfb-mobile-header-display":"","site-post-title":"","ast-breadcrumbs-content":"","ast-featured-img":"","footer-sml-layout":"","ast-disable-related-posts":"","theme-transparent-header-meta":"default","adv-header-id-meta":"","stick-header-meta":"","header-above-stick-meta":"","header-main-stick-meta":"","header-below-stick-meta":"","astra-migrate-meta-layouts":"set","ast-page-background-enabled":"default","ast-page-background-meta":{"desktop":{"background-color":"","background-image":"","background-repeat":"repeat","background-position":"center center","background-size":"auto","background-attachment":"scroll","background-type":"","background-media":"","overlay-type":"","overlay-color":"","overlay-opacity":"","overlay-gradient":""},"tablet":{"background-color":"","background-image":"","background-repeat":"repeat","background-position":"center center","background-size":"auto","background-attachment":"scroll","background-type":"","background-media":"","overlay-type":"","overlay-color":"","overlay-opacity":"","overlay-gradient":""},"mobile":{"background-color":"","background-image":"","background-repeat":"repeat","background-position":"center center","background-size":"auto","background-attachment":"scroll","background-type":"","background-media":"","overlay-type":"","overlay-color":"","overlay-opacity":"","overlay-gradient":""}},"ast-content-background-meta":{"desktop":{"background-color":"var(--ast-global-color-5)","background-image":"","background-repeat":"repeat","background-position":"center center","background-size":"auto","background-attachment":"scroll","background-type":"","background-media":"","overlay-type":"","overlay-color":"","overlay-opacity":"","overlay-gradient":""},"tablet":{"background-color":"var(--ast-global-color-5)","background-image":"","background-repeat":"repeat","background-position":"center center","background-size":"auto","background-attachment":"scroll","background-type":"","background-media":"","overlay-type":"","overlay-color":"","overlay-opacity":"","overlay-gradient":""},"mobile":{"background-color":"var(--ast-global-color-5)","background-image":"","background-repeat":"repeat","background-position":"center center","background-size":"auto","background-attachment":"scroll","background-type":"","background-media":"","overlay-type":"","overlay-color":"","overlay-opacity":"","overlay-gradient":""}}},"product_brand":[],"product_cat":[15,84],"product_tag":[883,554,169,882,138,884,886,885],"class_list":{"0":"post-266258","1":"product","2":"type-product","3":"status-publish","4":"has-post-thumbnail","6":"product_cat-educacion-infantil","7":"product_cat-juegos-educativos","8":"product_tag-actividadcuentosclasicosinfantil","9":"product_tag-cuentos-clasicos","10":"product_tag-depresores","11":"product_tag-depresorescuentosclasicos","12":"product_tag-juego","13":"product_tag-juegocondepresoresinfantil","14":"product_tag-materialanipulativoinfantil","15":"product_tag-motricidadfinainfantil","16":"desktop-align-left","17":"tablet-align-left","18":"mobile-align-left","20":"first","21":"instock","22":"downloadable","23":"virtual","24":"taxable","25":"purchasable","26":"product-type-simple"},"yoast_head":"<!-- This site is optimized with the Yoast SEO plugin v26.8 - https:\/\/yoast.com\/product\/yoast-seo-wordpress\/ -->\n<title>Depresores cuentos cl\u00e1sicos Actividad cuentos cl\u00e1sicos infantil - La Casita Educativa<\/title>\n<meta name=\"description\" content=\"Juego con depresores y cuentos cl\u00e1sicos para infantil. Material manipulativo para desarrollar la motricidad fina, atenci\u00f3n y habilidades cognitivas.\" \/>\n<meta name=\"robots\" content=\"index, follow, max-snippet:-1, max-image-preview:large, max-video-preview:-1\" \/>\n<link rel=\"canonical\" href=\"https:\/\/lacasitaeducativa.shop\/index.php\/producto\/depresores-y-cuentos-clasicos\/\" \/>\n<meta property=\"og:locale\" content=\"es_ES\" \/>\n<meta property=\"og:type\" content=\"article\" \/>\n<meta property=\"og:title\" content=\"Depresores cuentos cl\u00e1sicos Actividad cuentos cl\u00e1sicos infantil - La Casita Educativa\" \/>\n<meta property=\"og:description\" content=\"Juego con depresores y cuentos cl\u00e1sicos para infantil. Material manipulativo para desarrollar la motricidad fina, atenci\u00f3n y habilidades cognitivas.\" \/>\n<meta property=\"og:url\" content=\"https:\/\/lacasitaeducativa.shop\/index.php\/producto\/depresores-y-cuentos-clasicos\/\" \/>\n<meta property=\"og:site_name\" content=\"La Casita Educativa\" \/>\n<meta property=\"article:modified_time\" content=\"2026-04-04T14:40:12+00:00\" \/>\n<meta property=\"og:image\" content=\"https:\/\/lacasitaeducativa.shop\/wp-content\/uploads\/2023\/07\/1-3.jpg\" \/>\n\t<meta property=\"og:image:width\" content=\"1080\" \/>\n\t<meta property=\"og:image:height\" content=\"1080\" \/>\n\t<meta property=\"og:image:type\" content=\"image\/jpeg\" \/>\n<meta name=\"twitter:card\" content=\"summary_large_image\" \/>\n<meta name=\"twitter:label1\" content=\"Tiempo de lectura\" \/>\n\t<meta name=\"twitter:data1\" content=\"2 minutos\" \/>\n<script type=\"application\/ld+json\" class=\"yoast-schema-graph\">{\"@context\":\"https:\/\/schema.org\",\"@graph\":[{\"@type\":\"WebPage\",\"@id\":\"https:\/\/lacasitaeducativa.shop\/index.php\/producto\/depresores-y-cuentos-clasicos\/\",\"url\":\"https:\/\/lacasitaeducativa.shop\/index.php\/producto\/depresores-y-cuentos-clasicos\/\",\"name\":\"Depresores cuentos cl\u00e1sicos Actividad cuentos cl\u00e1sicos infantil - La Casita Educativa\",\"isPartOf\":{\"@id\":\"https:\/\/lacasitaeducativa.shop\/#website\"},\"primaryImageOfPage\":{\"@id\":\"https:\/\/lacasitaeducativa.shop\/index.php\/producto\/depresores-y-cuentos-clasicos\/#primaryimage\"},\"image\":{\"@id\":\"https:\/\/lacasitaeducativa.shop\/index.php\/producto\/depresores-y-cuentos-clasicos\/#primaryimage\"},\"thumbnailUrl\":\"https:\/\/lacasitaeducativa.shop\/wp-content\/uploads\/2023\/07\/1-3.jpg\",\"datePublished\":\"2023-08-01T18:06:30+00:00\",\"dateModified\":\"2026-04-04T14:40:12+00:00\",\"description\":\"Juego con depresores y cuentos cl\u00e1sicos para infantil. Material manipulativo para desarrollar la motricidad fina, atenci\u00f3n y habilidades cognitivas.\",\"breadcrumb\":{\"@id\":\"https:\/\/lacasitaeducativa.shop\/index.php\/producto\/depresores-y-cuentos-clasicos\/#breadcrumb\"},\"inLanguage\":\"es\",\"potentialAction\":[{\"@type\":\"ReadAction\",\"target\":[\"https:\/\/lacasitaeducativa.shop\/index.php\/producto\/depresores-y-cuentos-clasicos\/\"]}]},{\"@type\":\"ImageObject\",\"inLanguage\":\"es\",\"@id\":\"https:\/\/lacasitaeducativa.shop\/index.php\/producto\/depresores-y-cuentos-clasicos\/#primaryimage\",\"url\":\"https:\/\/lacasitaeducativa.shop\/wp-content\/uploads\/2023\/07\/1-3.jpg\",\"contentUrl\":\"https:\/\/lacasitaeducativa.shop\/wp-content\/uploads\/2023\/07\/1-3.jpg\",\"width\":1080,\"height\":1080,\"caption\":\"Depresores cuentos cl\u00e1sicos\"},{\"@type\":\"BreadcrumbList\",\"@id\":\"https:\/\/lacasitaeducativa.shop\/index.php\/producto\/depresores-y-cuentos-clasicos\/#breadcrumb\",\"itemListElement\":[{\"@type\":\"ListItem\",\"position\":1,\"name\":\"Portada\",\"item\":\"https:\/\/lacasitaeducativa.shop\/\"},{\"@type\":\"ListItem\",\"position\":2,\"name\":\"Recursos\",\"item\":\"https:\/\/lacasitaeducativa.shop\/index.php\/tienda\/\"},{\"@type\":\"ListItem\",\"position\":3,\"name\":\"Actividad cuentos cl\u00e1sicos infantil\"}]},{\"@type\":\"WebSite\",\"@id\":\"https:\/\/lacasitaeducativa.shop\/#website\",\"url\":\"https:\/\/lacasitaeducativa.shop\/\",\"name\":\"La Casita Educativa\",\"description\":\"En esta casita encontrar\u00e9is todo tipo de recursos educativos infantiles, desde manualidades hasta actividades, juegos, cuentos, idiomas, adivinanzas y otros.\",\"publisher\":{\"@id\":\"https:\/\/lacasitaeducativa.shop\/#organization\"},\"potentialAction\":[{\"@type\":\"SearchAction\",\"target\":{\"@type\":\"EntryPoint\",\"urlTemplate\":\"https:\/\/lacasitaeducativa.shop\/?s={search_term_string}\"},\"query-input\":{\"@type\":\"PropertyValueSpecification\",\"valueRequired\":true,\"valueName\":\"search_term_string\"}}],\"inLanguage\":\"es\"},{\"@type\":\"Organization\",\"@id\":\"https:\/\/lacasitaeducativa.shop\/#organization\",\"name\":\"La Casita Educativa - LACASITAEDUCATIVA.SHOP\",\"url\":\"https:\/\/lacasitaeducativa.shop\/\",\"logo\":{\"@type\":\"ImageObject\",\"inLanguage\":\"es\",\"@id\":\"https:\/\/lacasitaeducativa.shop\/#\/schema\/logo\/image\/\",\"url\":\"https:\/\/lacasitaeducativa.shop\/wp-content\/uploads\/2020\/08\/Logos-la-casita-educativa-2-1.png\",\"contentUrl\":\"https:\/\/lacasitaeducativa.shop\/wp-content\/uploads\/2020\/08\/Logos-la-casita-educativa-2-1.png\",\"width\":500,\"height\":500,\"caption\":\"La Casita Educativa - LACASITAEDUCATIVA.SHOP\"},\"image\":{\"@id\":\"https:\/\/lacasitaeducativa.shop\/#\/schema\/logo\/image\/\"}}]}<\/script>\n<!-- \/ Yoast SEO plugin. -->","yoast_head_json":{"title":"Depresores cuentos cl\u00e1sicos Actividad cuentos cl\u00e1sicos infantil - La Casita Educativa","description":"Juego con depresores y cuentos cl\u00e1sicos para infantil. Material manipulativo para desarrollar la motricidad fina, atenci\u00f3n y habilidades cognitivas.","robots":{"index":"index","follow":"follow","max-snippet":"max-snippet:-1","max-image-preview":"max-image-preview:large","max-video-preview":"max-video-preview:-1"},"canonical":"https:\/\/lacasitaeducativa.shop\/index.php\/producto\/depresores-y-cuentos-clasicos\/","og_locale":"es_ES","og_type":"article","og_title":"Depresores cuentos cl\u00e1sicos Actividad cuentos cl\u00e1sicos infantil - La Casita Educativa","og_description":"Juego con depresores y cuentos cl\u00e1sicos para infantil. Material manipulativo para desarrollar la motricidad fina, atenci\u00f3n y habilidades cognitivas.","og_url":"https:\/\/lacasitaeducativa.shop\/index.php\/producto\/depresores-y-cuentos-clasicos\/","og_site_name":"La Casita Educativa","article_modified_time":"2026-04-04T14:40:12+00:00","og_image":[{"width":1080,"height":1080,"url":"https:\/\/lacasitaeducativa.shop\/wp-content\/uploads\/2023\/07\/1-3.jpg","type":"image\/jpeg"}],"twitter_card":"summary_large_image","twitter_misc":{"Tiempo de lectura":"2 minutos"},"schema":{"@context":"https:\/\/schema.org","@graph":[{"@type":"WebPage","@id":"https:\/\/lacasitaeducativa.shop\/index.php\/producto\/depresores-y-cuentos-clasicos\/","url":"https:\/\/lacasitaeducativa.shop\/index.php\/producto\/depresores-y-cuentos-clasicos\/","name":"Depresores cuentos cl\u00e1sicos Actividad cuentos cl\u00e1sicos infantil - La Casita Educativa","isPartOf":{"@id":"https:\/\/lacasitaeducativa.shop\/#website"},"primaryImageOfPage":{"@id":"https:\/\/lacasitaeducativa.shop\/index.php\/producto\/depresores-y-cuentos-clasicos\/#primaryimage"},"image":{"@id":"https:\/\/lacasitaeducativa.shop\/index.php\/producto\/depresores-y-cuentos-clasicos\/#primaryimage"},"thumbnailUrl":"https:\/\/lacasitaeducativa.shop\/wp-content\/uploads\/2023\/07\/1-3.jpg","datePublished":"2023-08-01T18:06:30+00:00","dateModified":"2026-04-04T14:40:12+00:00","description":"Juego con depresores y cuentos cl\u00e1sicos para infantil. Material manipulativo para desarrollar la motricidad fina, atenci\u00f3n y habilidades cognitivas.","breadcrumb":{"@id":"https:\/\/lacasitaeducativa.shop\/index.php\/producto\/depresores-y-cuentos-clasicos\/#breadcrumb"},"inLanguage":"es","potentialAction":[{"@type":"ReadAction","target":["https:\/\/lacasitaeducativa.shop\/index.php\/producto\/depresores-y-cuentos-clasicos\/"]}]},{"@type":"ImageObject","inLanguage":"es","@id":"https:\/\/lacasitaeducativa.shop\/index.php\/producto\/depresores-y-cuentos-clasicos\/#primaryimage","url":"https:\/\/lacasitaeducativa.shop\/wp-content\/uploads\/2023\/07\/1-3.jpg","contentUrl":"https:\/\/lacasitaeducativa.shop\/wp-content\/uploads\/2023\/07\/1-3.jpg","width":1080,"height":1080,"caption":"Depresores cuentos cl\u00e1sicos"},{"@type":"BreadcrumbList","@id":"https:\/\/lacasitaeducativa.shop\/index.php\/producto\/depresores-y-cuentos-clasicos\/#breadcrumb","itemListElement":[{"@type":"ListItem","position":1,"name":"Portada","item":"https:\/\/lacasitaeducativa.shop\/"},{"@type":"ListItem","position":2,"name":"Recursos","item":"https:\/\/lacasitaeducativa.shop\/index.php\/tienda\/"},{"@type":"ListItem","position":3,"name":"Actividad cuentos cl\u00e1sicos infantil"}]},{"@type":"WebSite","@id":"https:\/\/lacasitaeducativa.shop\/#website","url":"https:\/\/lacasitaeducativa.shop\/","name":"La Casita Educativa","description":"En esta casita encontrar\u00e9is todo tipo de recursos educativos infantiles, desde manualidades hasta actividades, juegos, cuentos, idiomas, adivinanzas y otros.","publisher":{"@id":"https:\/\/lacasitaeducativa.shop\/#organization"},"potentialAction":[{"@type":"SearchAction","target":{"@type":"EntryPoint","urlTemplate":"https:\/\/lacasitaeducativa.shop\/?s={search_term_string}"},"query-input":{"@type":"PropertyValueSpecification","valueRequired":true,"valueName":"search_term_string"}}],"inLanguage":"es"},{"@type":"Organization","@id":"https:\/\/lacasitaeducativa.shop\/#organization","name":"La Casita Educativa - LACASITAEDUCATIVA.SHOP","url":"https:\/\/lacasitaeducativa.shop\/","logo":{"@type":"ImageObject","inLanguage":"es","@id":"https:\/\/lacasitaeducativa.shop\/#\/schema\/logo\/image\/","url":"https:\/\/lacasitaeducativa.shop\/wp-content\/uploads\/2020\/08\/Logos-la-casita-educativa-2-1.png","contentUrl":"https:\/\/lacasitaeducativa.shop\/wp-content\/uploads\/2020\/08\/Logos-la-casita-educativa-2-1.png","width":500,"height":500,"caption":"La Casita Educativa - LACASITAEDUCATIVA.SHOP"},"image":{"@id":"https:\/\/lacasitaeducativa.shop\/#\/schema\/logo\/image\/"}}]}},"_links":{"self":[{"href":"https:\/\/lacasitaeducativa.shop\/index.php\/wp-json\/wp\/v2\/product\/266258","targetHints":{"allow":["GET"]}}],"collection":[{"href":"https:\/\/lacasitaeducativa.shop\/index.php\/wp-json\/wp\/v2\/product"}],"about":[{"href":"https:\/\/lacasitaeducativa.shop\/index.php\/wp-json\/wp\/v2\/types\/product"}],"replies":[{"embeddable":true,"href":"https:\/\/lacasitaeducativa.shop\/index.php\/wp-json\/wp\/v2\/comments?post=266258"}],"wp:featuredmedia":[{"embeddable":true,"href":"https:\/\/lacasitaeducativa.shop\/index.php\/wp-json\/wp\/v2\/media\/266307"}],"wp:attachment":[{"href":"https:\/\/lacasitaeducativa.shop\/index.php\/wp-json\/wp\/v2\/media?parent=266258"}],"wp:term":[{"taxonomy":"product_brand","embeddable":true,"href":"https:\/\/lacasitaeducativa.shop\/index.php\/wp-json\/wp\/v2\/product_brand?post=266258"},{"taxonomy":"product_cat","embeddable":true,"href":"https:\/\/lacasitaeducativa.shop\/index.php\/wp-json\/wp\/v2\/product_cat?post=266258"},{"taxonomy":"product_tag","embeddable":true,"href":"https:\/\/lacasitaeducativa.shop\/index.php\/wp-json\/wp\/v2\/product_tag?post=266258"}],"curies":[{"name":"wp","href":"https:\/\/api.w.org\/{rel}","templated":true}]}}