{"id":324710,"date":"2024-01-04T20:17:23","date_gmt":"2024-01-04T20:17:23","guid":{"rendered":"https:\/\/lacasitaeducativa.shop\/?post_type=product&#038;p=324710"},"modified":"2026-04-24T09:35:11","modified_gmt":"2026-04-24T09:35:11","slug":"sujeto-y-predicado","status":"publish","type":"product","link":"https:\/\/lacasitaeducativa.shop\/index.php\/producto\/sujeto-y-predicado\/","title":{"rendered":"Sujeto y predicado"},"content":{"rendered":"<p data-section-id=\"13kjshr\" data-start=\"777\" data-end=\"809\">Comprender qu\u00e9 es el sujeto y el predicado es fundamental para desarrollar la competencia ling\u00fc\u00edstica, ya que permite a los ni\u00f1os analizar, construir y entender correctamente las oraciones . Con este material, el aprendizaje deja de ser abstracto para convertirse en una experiencia pr\u00e1ctica y significativa.<\/p>\n<h2 data-section-id=\"13kjshr\" data-start=\"777\" data-end=\"809\">\ud83e\udde0 \u00bfQu\u00e9 incluye este recurso?<\/h2>\n<p>El recurso contiene:<\/p>\n<ul>\n<li>2 \u00c1rboles (uno con cerezas y otro sin)<\/li>\n<li>2 nidos<\/li>\n<li>44 hojas que contienen 22 frases diferentes. (Incluyen numeraci\u00f3n para agrupar las frases).<\/li>\n<li>12 Tarjetas de mariquita con diferentes frases.<\/li>\n<\/ul>\n<h2 data-section-id=\"sztqwy\" data-start=\"1089\" data-end=\"1116\">\ud83c\udfaf Beneficios educativos<\/h2>\n<p data-start=\"1118\" data-end=\"1417\">\u2714\ufe0f Mejora la comprensi\u00f3n de la estructura de las oraciones<br data-start=\"1176\" data-end=\"1179\" \/>\u2714\ufe0f Facilita el an\u00e1lisis sint\u00e1ctico desde edades tempranas<br data-start=\"1236\" data-end=\"1239\" \/>\u2714\ufe0f Desarrolla la expresi\u00f3n oral y escrita<br data-start=\"1280\" data-end=\"1283\" \/>\u2714\ufe0f Favorece el aprendizaje significativo a trav\u00e9s de la manipulaci\u00f3n<br data-start=\"1351\" data-end=\"1354\" \/>\u2714\ufe0f Aumenta la motivaci\u00f3n con actividades din\u00e1micas y visuales<\/p>\n<p data-start=\"1419\" data-end=\"1609\">Los materiales manipulativos permiten que el alumnado <strong data-start=\"1473\" data-end=\"1512\">toque, mueva y reorganice elementos<\/strong>, haciendo que el aprendizaje sea m\u00e1s accesible y efectivo .<\/p>\n<h2 data-section-id=\"11hs0c9\" data-start=\"1616\" data-end=\"1654\">\ud83d\udc69\u200d\ud83c\udfeb \u00bfPara qui\u00e9n es este material?<\/h2>\n<ul data-start=\"1656\" data-end=\"1837\">\n<li data-section-id=\"1hrvjwo\" data-start=\"1656\" data-end=\"1698\">Alumnos de <strong data-start=\"1669\" data-end=\"1696\">2\u00ba, 3\u00ba y 4\u00ba de primaria<\/strong><\/li>\n<li data-section-id=\"e63xe3\" data-start=\"1699\" data-end=\"1751\">Docentes de lengua que buscan recursos pr\u00e1cticos<\/li>\n<li data-section-id=\"g9rwig\" data-start=\"1752\" data-end=\"1806\">Familias que quieren reforzar la gram\u00e1tica en casa<\/li>\n<li data-section-id=\"14r1c3x\" data-start=\"1807\" data-end=\"1837\">Apoyo educativo y refuerzo<\/li>\n<\/ul>\n<h2 data-section-id=\"124ysp1\" data-start=\"2126\" data-end=\"2160\">\ud83d\udca1 Por qu\u00e9 elegir este material<\/h2>\n<p data-start=\"2162\" data-end=\"2358\">A diferencia de las fichas tradicionales, este recurso permite que los ni\u00f1os <strong data-start=\"2239\" data-end=\"2293\">comprendan realmente c\u00f3mo se construye una oraci\u00f3n<\/strong>, identificando cada parte de forma activa y no solo memor\u00edstica.<\/p>\n<p><strong>IDIOMA<\/strong><\/p>\n<p>Castellano y catal\u00e1n<\/p>\n<p>&nbsp;<\/p>\n","protected":false},"excerpt":{"rendered":"<p data-start=\"251\" data-end=\"423\">Trabaja la estructura de la oraci\u00f3n de forma clara, visual y divertida con este recurso de <strong data-start=\"342\" data-end=\"364\">sujeto y predicado<\/strong> dise\u00f1ado especialmente para alumnos de educaci\u00f3n primaria.<\/p>\n<p><script async src=\"https:\/\/pagead2.googlesyndication.com\/pagead\/js\/adsbygoogle.js\"><\/script><br \/>\n<!-- Horizontal-Adaptable --><br \/>\n<ins class=\"adsbygoogle\" style=\"display: block;\" data-ad-client=\"ca-pub-1103545772104863\" data-ad-slot=\"5194289265\" data-ad-format=\"auto\" data-full-width-responsive=\"true\"><\/ins><br \/>\n<script>\n     (adsbygoogle = window.adsbygoogle || []).push({});\n<\/script><\/p>\n","protected":false},"featured_media":324956,"comment_status":"open","ping_status":"closed","template":"","meta":{"site-sidebar-layout":"default","site-content-layout":"","ast-site-content-layout":"default","site-content-style":"default","site-sidebar-style":"default","ast-global-header-display":"","ast-banner-title-visibility":"","ast-main-header-display":"","ast-hfb-above-header-display":"","ast-hfb-below-header-display":"","ast-hfb-mobile-header-display":"","site-post-title":"","ast-breadcrumbs-content":"","ast-featured-img":"","footer-sml-layout":"","ast-disable-related-posts":"","theme-transparent-header-meta":"default","adv-header-id-meta":"","stick-header-meta":"","header-above-stick-meta":"","header-main-stick-meta":"","header-below-stick-meta":"","astra-migrate-meta-layouts":"set","ast-page-background-enabled":"default","ast-page-background-meta":{"desktop":{"background-color":"","background-image":"","background-repeat":"repeat","background-position":"center center","background-size":"auto","background-attachment":"scroll","background-type":"","background-media":"","overlay-type":"","overlay-color":"","overlay-opacity":"","overlay-gradient":""},"tablet":{"background-color":"","background-image":"","background-repeat":"repeat","background-position":"center center","background-size":"auto","background-attachment":"scroll","background-type":"","background-media":"","overlay-type":"","overlay-color":"","overlay-opacity":"","overlay-gradient":""},"mobile":{"background-color":"","background-image":"","background-repeat":"repeat","background-position":"center center","background-size":"auto","background-attachment":"scroll","background-type":"","background-media":"","overlay-type":"","overlay-color":"","overlay-opacity":"","overlay-gradient":""}},"ast-content-background-meta":{"desktop":{"background-color":"var(--ast-global-color-5)","background-image":"","background-repeat":"repeat","background-position":"center center","background-size":"auto","background-attachment":"scroll","background-type":"","background-media":"","overlay-type":"","overlay-color":"","overlay-opacity":"","overlay-gradient":""},"tablet":{"background-color":"var(--ast-global-color-5)","background-image":"","background-repeat":"repeat","background-position":"center center","background-size":"auto","background-attachment":"scroll","background-type":"","background-media":"","overlay-type":"","overlay-color":"","overlay-opacity":"","overlay-gradient":""},"mobile":{"background-color":"var(--ast-global-color-5)","background-image":"","background-repeat":"repeat","background-position":"center center","background-size":"auto","background-attachment":"scroll","background-type":"","background-media":"","overlay-type":"","overlay-color":"","overlay-opacity":"","overlay-gradient":""}}},"product_brand":[],"product_cat":[17],"product_tag":[932,933,931],"class_list":{"0":"post-324710","1":"product","2":"type-product","3":"status-publish","4":"has-post-thumbnail","6":"product_cat-educacion-primaria","7":"product_tag-actividadessujetoypredicado","8":"product_tag-recursoslenguaprimaria","9":"product_tag-sujetoypredicado","10":"desktop-align-left","11":"tablet-align-left","12":"mobile-align-left","14":"first","15":"instock","16":"downloadable","17":"virtual","18":"taxable","19":"purchasable","20":"product-type-simple"},"yoast_head":"<!-- This site is optimized with the Yoast SEO plugin v26.8 - https:\/\/yoast.com\/product\/yoast-seo-wordpress\/ -->\n<title>Sujeto y predicado - La Casita Educativa<\/title>\n<meta name=\"description\" content=\"Material manipulativo de sujeto y predicado para primaria. Actividades y fichas para aprender las partes de la oraci\u00f3n de forma visual.\" \/>\n<meta name=\"robots\" content=\"index, follow, max-snippet:-1, max-image-preview:large, max-video-preview:-1\" \/>\n<link rel=\"canonical\" href=\"https:\/\/lacasitaeducativa.shop\/index.php\/producto\/sujeto-y-predicado\/\" \/>\n<meta property=\"og:locale\" content=\"es_ES\" \/>\n<meta property=\"og:type\" content=\"article\" \/>\n<meta property=\"og:title\" content=\"Sujeto y predicado - La Casita Educativa\" \/>\n<meta property=\"og:description\" content=\"Material manipulativo de sujeto y predicado para primaria. Actividades y fichas para aprender las partes de la oraci\u00f3n de forma visual.\" \/>\n<meta property=\"og:url\" content=\"https:\/\/lacasitaeducativa.shop\/index.php\/producto\/sujeto-y-predicado\/\" \/>\n<meta property=\"og:site_name\" content=\"La Casita Educativa\" \/>\n<meta property=\"article:modified_time\" content=\"2026-04-24T09:35:11+00:00\" \/>\n<meta property=\"og:image\" content=\"https:\/\/lacasitaeducativa.shop\/wp-content\/uploads\/2023\/12\/1-4.jpg\" \/>\n\t<meta property=\"og:image:width\" content=\"1080\" \/>\n\t<meta property=\"og:image:height\" content=\"1080\" \/>\n\t<meta property=\"og:image:type\" content=\"image\/jpeg\" \/>\n<meta name=\"twitter:card\" content=\"summary_large_image\" \/>\n<meta name=\"twitter:label1\" content=\"Tiempo de lectura\" \/>\n\t<meta name=\"twitter:data1\" content=\"2 minutos\" \/>\n<script type=\"application\/ld+json\" class=\"yoast-schema-graph\">{\"@context\":\"https:\/\/schema.org\",\"@graph\":[{\"@type\":\"WebPage\",\"@id\":\"https:\/\/lacasitaeducativa.shop\/index.php\/producto\/sujeto-y-predicado\/\",\"url\":\"https:\/\/lacasitaeducativa.shop\/index.php\/producto\/sujeto-y-predicado\/\",\"name\":\"Sujeto y predicado - La Casita Educativa\",\"isPartOf\":{\"@id\":\"https:\/\/lacasitaeducativa.shop\/#website\"},\"primaryImageOfPage\":{\"@id\":\"https:\/\/lacasitaeducativa.shop\/index.php\/producto\/sujeto-y-predicado\/#primaryimage\"},\"image\":{\"@id\":\"https:\/\/lacasitaeducativa.shop\/index.php\/producto\/sujeto-y-predicado\/#primaryimage\"},\"thumbnailUrl\":\"https:\/\/lacasitaeducativa.shop\/wp-content\/uploads\/2023\/12\/1-4.jpg\",\"datePublished\":\"2024-01-04T20:17:23+00:00\",\"dateModified\":\"2026-04-24T09:35:11+00:00\",\"description\":\"Material manipulativo de sujeto y predicado para primaria. Actividades y fichas para aprender las partes de la oraci\u00f3n de forma visual.\",\"breadcrumb\":{\"@id\":\"https:\/\/lacasitaeducativa.shop\/index.php\/producto\/sujeto-y-predicado\/#breadcrumb\"},\"inLanguage\":\"es\",\"potentialAction\":[{\"@type\":\"ReadAction\",\"target\":[\"https:\/\/lacasitaeducativa.shop\/index.php\/producto\/sujeto-y-predicado\/\"]}]},{\"@type\":\"ImageObject\",\"inLanguage\":\"es\",\"@id\":\"https:\/\/lacasitaeducativa.shop\/index.php\/producto\/sujeto-y-predicado\/#primaryimage\",\"url\":\"https:\/\/lacasitaeducativa.shop\/wp-content\/uploads\/2023\/12\/1-4.jpg\",\"contentUrl\":\"https:\/\/lacasitaeducativa.shop\/wp-content\/uploads\/2023\/12\/1-4.jpg\",\"width\":1080,\"height\":1080,\"caption\":\"Sujeto y predicado\"},{\"@type\":\"BreadcrumbList\",\"@id\":\"https:\/\/lacasitaeducativa.shop\/index.php\/producto\/sujeto-y-predicado\/#breadcrumb\",\"itemListElement\":[{\"@type\":\"ListItem\",\"position\":1,\"name\":\"Portada\",\"item\":\"https:\/\/lacasitaeducativa.shop\/\"},{\"@type\":\"ListItem\",\"position\":2,\"name\":\"Recursos\",\"item\":\"https:\/\/lacasitaeducativa.shop\/index.php\/tienda\/\"},{\"@type\":\"ListItem\",\"position\":3,\"name\":\"Sujeto y predicado\"}]},{\"@type\":\"WebSite\",\"@id\":\"https:\/\/lacasitaeducativa.shop\/#website\",\"url\":\"https:\/\/lacasitaeducativa.shop\/\",\"name\":\"La Casita Educativa\",\"description\":\"En esta casita encontrar\u00e9is todo tipo de recursos educativos infantiles, desde manualidades hasta actividades, juegos, cuentos, idiomas, adivinanzas y otros.\",\"publisher\":{\"@id\":\"https:\/\/lacasitaeducativa.shop\/#organization\"},\"potentialAction\":[{\"@type\":\"SearchAction\",\"target\":{\"@type\":\"EntryPoint\",\"urlTemplate\":\"https:\/\/lacasitaeducativa.shop\/?s={search_term_string}\"},\"query-input\":{\"@type\":\"PropertyValueSpecification\",\"valueRequired\":true,\"valueName\":\"search_term_string\"}}],\"inLanguage\":\"es\"},{\"@type\":\"Organization\",\"@id\":\"https:\/\/lacasitaeducativa.shop\/#organization\",\"name\":\"La Casita Educativa - LACASITAEDUCATIVA.SHOP\",\"url\":\"https:\/\/lacasitaeducativa.shop\/\",\"logo\":{\"@type\":\"ImageObject\",\"inLanguage\":\"es\",\"@id\":\"https:\/\/lacasitaeducativa.shop\/#\/schema\/logo\/image\/\",\"url\":\"https:\/\/lacasitaeducativa.shop\/wp-content\/uploads\/2020\/08\/Logos-la-casita-educativa-2-1.png\",\"contentUrl\":\"https:\/\/lacasitaeducativa.shop\/wp-content\/uploads\/2020\/08\/Logos-la-casita-educativa-2-1.png\",\"width\":500,\"height\":500,\"caption\":\"La Casita Educativa - LACASITAEDUCATIVA.SHOP\"},\"image\":{\"@id\":\"https:\/\/lacasitaeducativa.shop\/#\/schema\/logo\/image\/\"}}]}<\/script>\n<!-- \/ Yoast SEO plugin. -->","yoast_head_json":{"title":"Sujeto y predicado - La Casita Educativa","description":"Material manipulativo de sujeto y predicado para primaria. Actividades y fichas para aprender las partes de la oraci\u00f3n de forma visual.","robots":{"index":"index","follow":"follow","max-snippet":"max-snippet:-1","max-image-preview":"max-image-preview:large","max-video-preview":"max-video-preview:-1"},"canonical":"https:\/\/lacasitaeducativa.shop\/index.php\/producto\/sujeto-y-predicado\/","og_locale":"es_ES","og_type":"article","og_title":"Sujeto y predicado - La Casita Educativa","og_description":"Material manipulativo de sujeto y predicado para primaria. Actividades y fichas para aprender las partes de la oraci\u00f3n de forma visual.","og_url":"https:\/\/lacasitaeducativa.shop\/index.php\/producto\/sujeto-y-predicado\/","og_site_name":"La Casita Educativa","article_modified_time":"2026-04-24T09:35:11+00:00","og_image":[{"width":1080,"height":1080,"url":"https:\/\/lacasitaeducativa.shop\/wp-content\/uploads\/2023\/12\/1-4.jpg","type":"image\/jpeg"}],"twitter_card":"summary_large_image","twitter_misc":{"Tiempo de lectura":"2 minutos"},"schema":{"@context":"https:\/\/schema.org","@graph":[{"@type":"WebPage","@id":"https:\/\/lacasitaeducativa.shop\/index.php\/producto\/sujeto-y-predicado\/","url":"https:\/\/lacasitaeducativa.shop\/index.php\/producto\/sujeto-y-predicado\/","name":"Sujeto y predicado - La Casita Educativa","isPartOf":{"@id":"https:\/\/lacasitaeducativa.shop\/#website"},"primaryImageOfPage":{"@id":"https:\/\/lacasitaeducativa.shop\/index.php\/producto\/sujeto-y-predicado\/#primaryimage"},"image":{"@id":"https:\/\/lacasitaeducativa.shop\/index.php\/producto\/sujeto-y-predicado\/#primaryimage"},"thumbnailUrl":"https:\/\/lacasitaeducativa.shop\/wp-content\/uploads\/2023\/12\/1-4.jpg","datePublished":"2024-01-04T20:17:23+00:00","dateModified":"2026-04-24T09:35:11+00:00","description":"Material manipulativo de sujeto y predicado para primaria. Actividades y fichas para aprender las partes de la oraci\u00f3n de forma visual.","breadcrumb":{"@id":"https:\/\/lacasitaeducativa.shop\/index.php\/producto\/sujeto-y-predicado\/#breadcrumb"},"inLanguage":"es","potentialAction":[{"@type":"ReadAction","target":["https:\/\/lacasitaeducativa.shop\/index.php\/producto\/sujeto-y-predicado\/"]}]},{"@type":"ImageObject","inLanguage":"es","@id":"https:\/\/lacasitaeducativa.shop\/index.php\/producto\/sujeto-y-predicado\/#primaryimage","url":"https:\/\/lacasitaeducativa.shop\/wp-content\/uploads\/2023\/12\/1-4.jpg","contentUrl":"https:\/\/lacasitaeducativa.shop\/wp-content\/uploads\/2023\/12\/1-4.jpg","width":1080,"height":1080,"caption":"Sujeto y predicado"},{"@type":"BreadcrumbList","@id":"https:\/\/lacasitaeducativa.shop\/index.php\/producto\/sujeto-y-predicado\/#breadcrumb","itemListElement":[{"@type":"ListItem","position":1,"name":"Portada","item":"https:\/\/lacasitaeducativa.shop\/"},{"@type":"ListItem","position":2,"name":"Recursos","item":"https:\/\/lacasitaeducativa.shop\/index.php\/tienda\/"},{"@type":"ListItem","position":3,"name":"Sujeto y predicado"}]},{"@type":"WebSite","@id":"https:\/\/lacasitaeducativa.shop\/#website","url":"https:\/\/lacasitaeducativa.shop\/","name":"La Casita Educativa","description":"En esta casita encontrar\u00e9is todo tipo de recursos educativos infantiles, desde manualidades hasta actividades, juegos, cuentos, idiomas, adivinanzas y otros.","publisher":{"@id":"https:\/\/lacasitaeducativa.shop\/#organization"},"potentialAction":[{"@type":"SearchAction","target":{"@type":"EntryPoint","urlTemplate":"https:\/\/lacasitaeducativa.shop\/?s={search_term_string}"},"query-input":{"@type":"PropertyValueSpecification","valueRequired":true,"valueName":"search_term_string"}}],"inLanguage":"es"},{"@type":"Organization","@id":"https:\/\/lacasitaeducativa.shop\/#organization","name":"La Casita Educativa - LACASITAEDUCATIVA.SHOP","url":"https:\/\/lacasitaeducativa.shop\/","logo":{"@type":"ImageObject","inLanguage":"es","@id":"https:\/\/lacasitaeducativa.shop\/#\/schema\/logo\/image\/","url":"https:\/\/lacasitaeducativa.shop\/wp-content\/uploads\/2020\/08\/Logos-la-casita-educativa-2-1.png","contentUrl":"https:\/\/lacasitaeducativa.shop\/wp-content\/uploads\/2020\/08\/Logos-la-casita-educativa-2-1.png","width":500,"height":500,"caption":"La Casita Educativa - LACASITAEDUCATIVA.SHOP"},"image":{"@id":"https:\/\/lacasitaeducativa.shop\/#\/schema\/logo\/image\/"}}]}},"_links":{"self":[{"href":"https:\/\/lacasitaeducativa.shop\/index.php\/wp-json\/wp\/v2\/product\/324710","targetHints":{"allow":["GET"]}}],"collection":[{"href":"https:\/\/lacasitaeducativa.shop\/index.php\/wp-json\/wp\/v2\/product"}],"about":[{"href":"https:\/\/lacasitaeducativa.shop\/index.php\/wp-json\/wp\/v2\/types\/product"}],"replies":[{"embeddable":true,"href":"https:\/\/lacasitaeducativa.shop\/index.php\/wp-json\/wp\/v2\/comments?post=324710"}],"wp:featuredmedia":[{"embeddable":true,"href":"https:\/\/lacasitaeducativa.shop\/index.php\/wp-json\/wp\/v2\/media\/324956"}],"wp:attachment":[{"href":"https:\/\/lacasitaeducativa.shop\/index.php\/wp-json\/wp\/v2\/media?parent=324710"}],"wp:term":[{"taxonomy":"product_brand","embeddable":true,"href":"https:\/\/lacasitaeducativa.shop\/index.php\/wp-json\/wp\/v2\/product_brand?post=324710"},{"taxonomy":"product_cat","embeddable":true,"href":"https:\/\/lacasitaeducativa.shop\/index.php\/wp-json\/wp\/v2\/product_cat?post=324710"},{"taxonomy":"product_tag","embeddable":true,"href":"https:\/\/lacasitaeducativa.shop\/index.php\/wp-json\/wp\/v2\/product_tag?post=324710"}],"curies":[{"name":"wp","href":"https:\/\/api.w.org\/{rel}","templated":true}]}}