{"id":5552,"date":"2020-10-08T17:19:03","date_gmt":"2020-10-08T17:19:03","guid":{"rendered":"https:\/\/lacasitaeducativa.shop\/?post_type=product&#038;p=5552"},"modified":"2025-10-15T13:44:05","modified_gmt":"2025-10-15T13:44:05","slug":"escape-room-halloween-en-castellano-catalan-e-ingles","status":"publish","type":"product","link":"https:\/\/lacasitaeducativa.shop\/index.php\/producto\/escape-room-halloween-en-castellano-catalan-e-ingles\/","title":{"rendered":"ESCAPE ROOM HALLOWEEN (En castellano, catal\u00e1n e ingl\u00e9s)"},"content":{"rendered":"<p>En primer lugar, os proponemos una actividad para halloween muy chula, recomendada entre los 4 y 7 a\u00f1os aproximadamente, dependiendo de las capacidades de cada ni\u00f1o.\u00a0 Adem\u00e1s la ten\u00e9is disponible en varios idiomas, castellano, catal\u00e1n e ingl\u00e9s.<\/p>\n<p>El <strong>objetivo<\/strong> de la actividad es que los peques vayan de casa en casa realizando las diferentes actividades expuestas en cada una de ellas y si lo hacen de manera correcta consiguen algunos caramelos que a\u00f1adir\u00e1n en su cestita de calabaza.<\/p>\n<p>Algunas de estas actividades son puzzles, sopa de letras, seriaciones, completar abecedario, entre otras.<\/p>\n<p>El escape room contiene:<br \/>\n\u2198<br \/>\n6 casas encantadas de halloween diferentes<br \/>\n1 Plantilla de seriaciones<br \/>\n2 Plantillas de puzzles<br \/>\n12 Ilustraciones<br \/>\n1 Plantilla de laberinto<br \/>\n1 Sopa de letras<br \/>\n1 Plantilla de abecedario<br \/>\n1 Cesto de calabaza<br \/>\n22 Caramelos<\/p>\n<p>Est\u00e1 siendo una de las actividades m\u00e1s vendidas en esta \u00e9poca, adem\u00e1s est\u00e1 teniendo unos resultados muy positivos, tanto los adultos como los peques se lo pasan en grande haciendo los ejercicios. Quieren jugar una y otra vez. \u00a1\u00a1es encanta!!<\/p>\n<p>\u00bfTe lo vas a perder?<\/p>\n<p>En segundo lugar, otra actividad muy chula para Halloween es la de <strong>\u00abLos calderos de oto\u00f1o\u00bb<\/strong>. Es una actividad muy llamativa para los ni\u00f1os con la que podr\u00e1n trabajar la observaci\u00f3n, la atenci\u00f3n, la memoria y el aprendizaje de vocabulario de cosas t\u00edpicas de la estaci\u00f3n de oto\u00f1o. La podr\u00e9is encontrar haciendo clic en el siguiente enlace: <a href=\"https:\/\/lacasitaeducativa.shop\/index.php\/producto\/calderos-de-otono-en-castellano-catalan-e-ingles\/\">https:\/\/lacasitaeducativa.shop\/index.php\/producto\/calderos-de-otono-en-castellano-catalan-e-ingles\/<\/a><\/p>\n<p>&nbsp;<\/p>\n<p>Finalmente, en el siguiente enlace tambi\u00e9n podr\u00e9is encontrar un mont\u00f3n de actividades infantiles para Halloween.<\/p>\n<p><a href=\"http:\/\/www.mundoderukkia.com\/2016\/10\/actividades-educativas-halloween.html\">http:\/\/www.mundoderukkia.com\/2016\/10\/actividades-educativas-halloween.html<\/a><\/p>\n<p>&nbsp;<\/p>\n","protected":false},"excerpt":{"rendered":"<p>Es un escape room con tem\u00e1tica de Halloween recomendado a ni\u00f1os entre los 4 y 7 a\u00f1os aproximadamente, dependiendo de las capacidades de cada ni\u00f1o.<\/p>\n<p>El objetivo es que los ni\u00f1os vayan de casa en casa realizando las diferentes actividades expuestas en cada una de ellas y si lo hacen de manera correcta consiguen algunos caramelos que a\u00f1adir\u00e1n en su cestita de calabaza.<\/p>\n<p><script async src=\"https:\/\/pagead2.googlesyndication.com\/pagead\/js\/adsbygoogle.js\"><\/script><br \/>\n<!-- Horizontal-Adaptable --><br \/>\n<ins class=\"adsbygoogle\" style=\"display: block;\" data-ad-client=\"ca-pub-1103545772104863\" data-ad-slot=\"5194289265\" data-ad-format=\"auto\" data-full-width-responsive=\"true\"><\/ins><br \/>\n<script>\n     (adsbygoogle = window.adsbygoogle || []).push({});\n<\/script><\/p>\n<p>&nbsp;<\/p>\n<p>&nbsp;<\/p>\n","protected":false},"featured_media":5558,"comment_status":"open","ping_status":"closed","template":"","meta":{"site-sidebar-layout":"default","site-content-layout":"default","ast-site-content-layout":"default","site-content-style":"default","site-sidebar-style":"default","ast-global-header-display":"","ast-banner-title-visibility":"","ast-main-header-display":"","ast-hfb-above-header-display":"","ast-hfb-below-header-display":"","ast-hfb-mobile-header-display":"","site-post-title":"","ast-breadcrumbs-content":"","ast-featured-img":"","footer-sml-layout":"","ast-disable-related-posts":"","theme-transparent-header-meta":"default","adv-header-id-meta":"","stick-header-meta":"","header-above-stick-meta":"","header-main-stick-meta":"","header-below-stick-meta":"","astra-migrate-meta-layouts":"set","ast-page-background-enabled":"default","ast-page-background-meta":{"desktop":{"background-color":"","background-image":"","background-repeat":"repeat","background-position":"center center","background-size":"auto","background-attachment":"scroll","background-type":"","background-media":"","overlay-type":"","overlay-color":"","overlay-opacity":"","overlay-gradient":""},"tablet":{"background-color":"","background-image":"","background-repeat":"repeat","background-position":"center center","background-size":"auto","background-attachment":"scroll","background-type":"","background-media":"","overlay-type":"","overlay-color":"","overlay-opacity":"","overlay-gradient":""},"mobile":{"background-color":"","background-image":"","background-repeat":"repeat","background-position":"center center","background-size":"auto","background-attachment":"scroll","background-type":"","background-media":"","overlay-type":"","overlay-color":"","overlay-opacity":"","overlay-gradient":""}},"ast-content-background-meta":{"desktop":{"background-color":"var(--ast-global-color-5)","background-image":"","background-repeat":"repeat","background-position":"center center","background-size":"auto","background-attachment":"scroll","background-type":"","background-media":"","overlay-type":"","overlay-color":"","overlay-opacity":"","overlay-gradient":""},"tablet":{"background-color":"var(--ast-global-color-5)","background-image":"","background-repeat":"repeat","background-position":"center center","background-size":"auto","background-attachment":"scroll","background-type":"","background-media":"","overlay-type":"","overlay-color":"","overlay-opacity":"","overlay-gradient":""},"mobile":{"background-color":"var(--ast-global-color-5)","background-image":"","background-repeat":"repeat","background-position":"center center","background-size":"auto","background-attachment":"scroll","background-type":"","background-media":"","overlay-type":"","overlay-color":"","overlay-opacity":"","overlay-gradient":""}}},"product_brand":[],"product_cat":[84,92],"product_tag":[101,102,99,100],"class_list":{"0":"post-5552","1":"product","2":"type-product","3":"status-publish","4":"has-post-thumbnail","6":"product_cat-juegos-educativos","7":"product_cat-aprender-a-contar-con-el-otono","8":"product_tag-actividadesinfantiles","9":"product_tag-escaperoom","10":"product_tag-halloween","11":"product_tag-otono","12":"desktop-align-left","13":"tablet-align-left","14":"mobile-align-left","16":"first","17":"instock","18":"downloadable","19":"virtual","20":"taxable","21":"purchasable","22":"product-type-simple"},"yoast_head":"<!-- This site is optimized with the Yoast SEO plugin v26.8 - https:\/\/yoast.com\/product\/yoast-seo-wordpress\/ -->\n<title>actividad para halloween - ESCAPE ROOM - La Casita Educativa<\/title>\n<meta name=\"description\" content=\"Escape room de halloween para ni\u00f1os en el que realizaran diferentes actividades.\" \/>\n<meta name=\"robots\" content=\"index, follow, max-snippet:-1, max-image-preview:large, max-video-preview:-1\" \/>\n<link rel=\"canonical\" href=\"https:\/\/lacasitaeducativa.shop\/index.php\/producto\/escape-room-halloween-en-castellano-catalan-e-ingles\/\" \/>\n<meta property=\"og:locale\" content=\"es_ES\" \/>\n<meta property=\"og:type\" content=\"article\" \/>\n<meta property=\"og:title\" content=\"actividad para halloween - ESCAPE ROOM - La Casita Educativa\" \/>\n<meta property=\"og:description\" content=\"Escape room de halloween para ni\u00f1os en el que realizaran diferentes actividades.\" \/>\n<meta property=\"og:url\" content=\"https:\/\/lacasitaeducativa.shop\/index.php\/producto\/escape-room-halloween-en-castellano-catalan-e-ingles\/\" \/>\n<meta property=\"og:site_name\" content=\"La Casita Educativa\" \/>\n<meta property=\"article:modified_time\" content=\"2025-10-15T13:44:05+00:00\" \/>\n<meta property=\"og:image\" content=\"https:\/\/lacasitaeducativa.shop\/wp-content\/uploads\/2020\/10\/2.png\" \/>\n\t<meta property=\"og:image:width\" content=\"1080\" \/>\n\t<meta property=\"og:image:height\" content=\"1080\" \/>\n\t<meta property=\"og:image:type\" content=\"image\/png\" \/>\n<meta name=\"twitter:card\" content=\"summary_large_image\" \/>\n<meta name=\"twitter:label1\" content=\"Tiempo de lectura\" \/>\n\t<meta name=\"twitter:data1\" content=\"2 minutos\" \/>\n<script type=\"application\/ld+json\" class=\"yoast-schema-graph\">{\"@context\":\"https:\/\/schema.org\",\"@graph\":[{\"@type\":\"WebPage\",\"@id\":\"https:\/\/lacasitaeducativa.shop\/index.php\/producto\/escape-room-halloween-en-castellano-catalan-e-ingles\/\",\"url\":\"https:\/\/lacasitaeducativa.shop\/index.php\/producto\/escape-room-halloween-en-castellano-catalan-e-ingles\/\",\"name\":\"actividad para halloween - ESCAPE ROOM - La Casita Educativa\",\"isPartOf\":{\"@id\":\"https:\/\/lacasitaeducativa.shop\/#website\"},\"primaryImageOfPage\":{\"@id\":\"https:\/\/lacasitaeducativa.shop\/index.php\/producto\/escape-room-halloween-en-castellano-catalan-e-ingles\/#primaryimage\"},\"image\":{\"@id\":\"https:\/\/lacasitaeducativa.shop\/index.php\/producto\/escape-room-halloween-en-castellano-catalan-e-ingles\/#primaryimage\"},\"thumbnailUrl\":\"https:\/\/lacasitaeducativa.shop\/wp-content\/uploads\/2020\/10\/2.png\",\"datePublished\":\"2020-10-08T17:19:03+00:00\",\"dateModified\":\"2025-10-15T13:44:05+00:00\",\"description\":\"Escape room de halloween para ni\u00f1os en el que realizaran diferentes actividades.\",\"breadcrumb\":{\"@id\":\"https:\/\/lacasitaeducativa.shop\/index.php\/producto\/escape-room-halloween-en-castellano-catalan-e-ingles\/#breadcrumb\"},\"inLanguage\":\"es\",\"potentialAction\":[{\"@type\":\"ReadAction\",\"target\":[\"https:\/\/lacasitaeducativa.shop\/index.php\/producto\/escape-room-halloween-en-castellano-catalan-e-ingles\/\"]}]},{\"@type\":\"ImageObject\",\"inLanguage\":\"es\",\"@id\":\"https:\/\/lacasitaeducativa.shop\/index.php\/producto\/escape-room-halloween-en-castellano-catalan-e-ingles\/#primaryimage\",\"url\":\"https:\/\/lacasitaeducativa.shop\/wp-content\/uploads\/2020\/10\/2.png\",\"contentUrl\":\"https:\/\/lacasitaeducativa.shop\/wp-content\/uploads\/2020\/10\/2.png\",\"width\":1080,\"height\":1080,\"caption\":\"ESCAPE ROOM HALLOWEEN\"},{\"@type\":\"BreadcrumbList\",\"@id\":\"https:\/\/lacasitaeducativa.shop\/index.php\/producto\/escape-room-halloween-en-castellano-catalan-e-ingles\/#breadcrumb\",\"itemListElement\":[{\"@type\":\"ListItem\",\"position\":1,\"name\":\"Portada\",\"item\":\"https:\/\/lacasitaeducativa.shop\/\"},{\"@type\":\"ListItem\",\"position\":2,\"name\":\"Recursos\",\"item\":\"https:\/\/lacasitaeducativa.shop\/index.php\/tienda\/\"},{\"@type\":\"ListItem\",\"position\":3,\"name\":\"ESCAPE ROOM HALLOWEEN (En castellano, catal\u00e1n e ingl\u00e9s)\"}]},{\"@type\":\"WebSite\",\"@id\":\"https:\/\/lacasitaeducativa.shop\/#website\",\"url\":\"https:\/\/lacasitaeducativa.shop\/\",\"name\":\"La Casita Educativa\",\"description\":\"En esta casita encontrar\u00e9is todo tipo de recursos educativos infantiles, desde manualidades hasta actividades, juegos, cuentos, idiomas, adivinanzas y otros.\",\"publisher\":{\"@id\":\"https:\/\/lacasitaeducativa.shop\/#organization\"},\"potentialAction\":[{\"@type\":\"SearchAction\",\"target\":{\"@type\":\"EntryPoint\",\"urlTemplate\":\"https:\/\/lacasitaeducativa.shop\/?s={search_term_string}\"},\"query-input\":{\"@type\":\"PropertyValueSpecification\",\"valueRequired\":true,\"valueName\":\"search_term_string\"}}],\"inLanguage\":\"es\"},{\"@type\":\"Organization\",\"@id\":\"https:\/\/lacasitaeducativa.shop\/#organization\",\"name\":\"La Casita Educativa - LACASITAEDUCATIVA.SHOP\",\"url\":\"https:\/\/lacasitaeducativa.shop\/\",\"logo\":{\"@type\":\"ImageObject\",\"inLanguage\":\"es\",\"@id\":\"https:\/\/lacasitaeducativa.shop\/#\/schema\/logo\/image\/\",\"url\":\"https:\/\/lacasitaeducativa.shop\/wp-content\/uploads\/2020\/08\/Logos-la-casita-educativa-2-1.png\",\"contentUrl\":\"https:\/\/lacasitaeducativa.shop\/wp-content\/uploads\/2020\/08\/Logos-la-casita-educativa-2-1.png\",\"width\":500,\"height\":500,\"caption\":\"La Casita Educativa - LACASITAEDUCATIVA.SHOP\"},\"image\":{\"@id\":\"https:\/\/lacasitaeducativa.shop\/#\/schema\/logo\/image\/\"}}]}<\/script>\n<!-- \/ Yoast SEO plugin. -->","yoast_head_json":{"title":"actividad para halloween - ESCAPE ROOM - La Casita Educativa","description":"Escape room de halloween para ni\u00f1os en el que realizaran diferentes actividades.","robots":{"index":"index","follow":"follow","max-snippet":"max-snippet:-1","max-image-preview":"max-image-preview:large","max-video-preview":"max-video-preview:-1"},"canonical":"https:\/\/lacasitaeducativa.shop\/index.php\/producto\/escape-room-halloween-en-castellano-catalan-e-ingles\/","og_locale":"es_ES","og_type":"article","og_title":"actividad para halloween - ESCAPE ROOM - La Casita Educativa","og_description":"Escape room de halloween para ni\u00f1os en el que realizaran diferentes actividades.","og_url":"https:\/\/lacasitaeducativa.shop\/index.php\/producto\/escape-room-halloween-en-castellano-catalan-e-ingles\/","og_site_name":"La Casita Educativa","article_modified_time":"2025-10-15T13:44:05+00:00","og_image":[{"width":1080,"height":1080,"url":"https:\/\/lacasitaeducativa.shop\/wp-content\/uploads\/2020\/10\/2.png","type":"image\/png"}],"twitter_card":"summary_large_image","twitter_misc":{"Tiempo de lectura":"2 minutos"},"schema":{"@context":"https:\/\/schema.org","@graph":[{"@type":"WebPage","@id":"https:\/\/lacasitaeducativa.shop\/index.php\/producto\/escape-room-halloween-en-castellano-catalan-e-ingles\/","url":"https:\/\/lacasitaeducativa.shop\/index.php\/producto\/escape-room-halloween-en-castellano-catalan-e-ingles\/","name":"actividad para halloween - ESCAPE ROOM - La Casita Educativa","isPartOf":{"@id":"https:\/\/lacasitaeducativa.shop\/#website"},"primaryImageOfPage":{"@id":"https:\/\/lacasitaeducativa.shop\/index.php\/producto\/escape-room-halloween-en-castellano-catalan-e-ingles\/#primaryimage"},"image":{"@id":"https:\/\/lacasitaeducativa.shop\/index.php\/producto\/escape-room-halloween-en-castellano-catalan-e-ingles\/#primaryimage"},"thumbnailUrl":"https:\/\/lacasitaeducativa.shop\/wp-content\/uploads\/2020\/10\/2.png","datePublished":"2020-10-08T17:19:03+00:00","dateModified":"2025-10-15T13:44:05+00:00","description":"Escape room de halloween para ni\u00f1os en el que realizaran diferentes actividades.","breadcrumb":{"@id":"https:\/\/lacasitaeducativa.shop\/index.php\/producto\/escape-room-halloween-en-castellano-catalan-e-ingles\/#breadcrumb"},"inLanguage":"es","potentialAction":[{"@type":"ReadAction","target":["https:\/\/lacasitaeducativa.shop\/index.php\/producto\/escape-room-halloween-en-castellano-catalan-e-ingles\/"]}]},{"@type":"ImageObject","inLanguage":"es","@id":"https:\/\/lacasitaeducativa.shop\/index.php\/producto\/escape-room-halloween-en-castellano-catalan-e-ingles\/#primaryimage","url":"https:\/\/lacasitaeducativa.shop\/wp-content\/uploads\/2020\/10\/2.png","contentUrl":"https:\/\/lacasitaeducativa.shop\/wp-content\/uploads\/2020\/10\/2.png","width":1080,"height":1080,"caption":"ESCAPE ROOM HALLOWEEN"},{"@type":"BreadcrumbList","@id":"https:\/\/lacasitaeducativa.shop\/index.php\/producto\/escape-room-halloween-en-castellano-catalan-e-ingles\/#breadcrumb","itemListElement":[{"@type":"ListItem","position":1,"name":"Portada","item":"https:\/\/lacasitaeducativa.shop\/"},{"@type":"ListItem","position":2,"name":"Recursos","item":"https:\/\/lacasitaeducativa.shop\/index.php\/tienda\/"},{"@type":"ListItem","position":3,"name":"ESCAPE ROOM HALLOWEEN (En castellano, catal\u00e1n e ingl\u00e9s)"}]},{"@type":"WebSite","@id":"https:\/\/lacasitaeducativa.shop\/#website","url":"https:\/\/lacasitaeducativa.shop\/","name":"La Casita Educativa","description":"En esta casita encontrar\u00e9is todo tipo de recursos educativos infantiles, desde manualidades hasta actividades, juegos, cuentos, idiomas, adivinanzas y otros.","publisher":{"@id":"https:\/\/lacasitaeducativa.shop\/#organization"},"potentialAction":[{"@type":"SearchAction","target":{"@type":"EntryPoint","urlTemplate":"https:\/\/lacasitaeducativa.shop\/?s={search_term_string}"},"query-input":{"@type":"PropertyValueSpecification","valueRequired":true,"valueName":"search_term_string"}}],"inLanguage":"es"},{"@type":"Organization","@id":"https:\/\/lacasitaeducativa.shop\/#organization","name":"La Casita Educativa - LACASITAEDUCATIVA.SHOP","url":"https:\/\/lacasitaeducativa.shop\/","logo":{"@type":"ImageObject","inLanguage":"es","@id":"https:\/\/lacasitaeducativa.shop\/#\/schema\/logo\/image\/","url":"https:\/\/lacasitaeducativa.shop\/wp-content\/uploads\/2020\/08\/Logos-la-casita-educativa-2-1.png","contentUrl":"https:\/\/lacasitaeducativa.shop\/wp-content\/uploads\/2020\/08\/Logos-la-casita-educativa-2-1.png","width":500,"height":500,"caption":"La Casita Educativa - LACASITAEDUCATIVA.SHOP"},"image":{"@id":"https:\/\/lacasitaeducativa.shop\/#\/schema\/logo\/image\/"}}]}},"_links":{"self":[{"href":"https:\/\/lacasitaeducativa.shop\/index.php\/wp-json\/wp\/v2\/product\/5552","targetHints":{"allow":["GET"]}}],"collection":[{"href":"https:\/\/lacasitaeducativa.shop\/index.php\/wp-json\/wp\/v2\/product"}],"about":[{"href":"https:\/\/lacasitaeducativa.shop\/index.php\/wp-json\/wp\/v2\/types\/product"}],"replies":[{"embeddable":true,"href":"https:\/\/lacasitaeducativa.shop\/index.php\/wp-json\/wp\/v2\/comments?post=5552"}],"wp:featuredmedia":[{"embeddable":true,"href":"https:\/\/lacasitaeducativa.shop\/index.php\/wp-json\/wp\/v2\/media\/5558"}],"wp:attachment":[{"href":"https:\/\/lacasitaeducativa.shop\/index.php\/wp-json\/wp\/v2\/media?parent=5552"}],"wp:term":[{"taxonomy":"product_brand","embeddable":true,"href":"https:\/\/lacasitaeducativa.shop\/index.php\/wp-json\/wp\/v2\/product_brand?post=5552"},{"taxonomy":"product_cat","embeddable":true,"href":"https:\/\/lacasitaeducativa.shop\/index.php\/wp-json\/wp\/v2\/product_cat?post=5552"},{"taxonomy":"product_tag","embeddable":true,"href":"https:\/\/lacasitaeducativa.shop\/index.php\/wp-json\/wp\/v2\/product_tag?post=5552"}],"curies":[{"name":"wp","href":"https:\/\/api.w.org\/{rel}","templated":true}]}}